{"text_format":"1","workbook":"xlsx","n_sheets":55,"sheets":["Index","General Disclosures","Stock exchange","Name of assurance Provider","Type of assurance obtained","Taxonomy","Details of business activities","Products services sold","Holding subsidiary or associate","Other stakeholder group","Business conduct issues","MGT and process disclosure","PRINCIPLE 1","Penalty or fine","Settlement","Compounding Fee","Imprisonment","Punishment","Appeal or revision case","Programmes for value chain","PRINCIPLE 2","Life cycle assessment","Action taken","Recycled or reused input","Details of other waste","Reclaimed","PRINCIPLE 3","Other retirement benefits","PRINCIPLE 4","Stakeholder group","PRINCIPLE 5","Other assessments","Details of other value chain","PRINCIPLE 6","Energy consumed from renewable","EnergyConsumed from NR","Details of other air emissions","Environment approval(clearance)","Environmental impact","Details of non compliance","Plant in area of water stress","Initiative to improve resource","PRINCIPLE 7","Action taken on issue","Public policy advocates","PRINCIPLE 8","Details of SIA","Project for rehabilitation","Action to mitigate negative SIA","CSR in aspirational districts","Details of the benefits from IP","Details of Corrective Action IP","Details of CSR Project","PRINCIPLE  9 ","TextBlock"],"not_rendered":{"charts":0,"images":1,"macros":1,"external_links":0,"defined_names":2,"comments":0,"pivot_tables":0},"unopened":[],"bounds":{"document_bytes":16777216,"sheet_cells":100000,"rows_first":2000,"rows_last":500,"rows_between":2000,"halvings":0,"cell_chars":16384,"cell_head_chars":4096},"cells_cut":0,"cells_raw":0,"read":"whole","date_system":"1900"}

{"sheet":"Index","index":0,"n_rows":97,"n_cols":10,"rows_kept":97,"cut":false,"hidden":false,"merged":[[10,5,10,8],[5,4,5,8],[6,5,6,8],[7,5,7,8],[8,5,8,8],[9,5,9,8],[20,3,20,9],[21,3,21,9],[22,3,22,9],[26,3,26,9],[31,4,31,8],[29,4,29,8],[30,4,30,8],[23,3,23,9],[13,3,13,9],[14,3,14,9],[17,3,17,9],[18,3,18,9],[19,3,19,9],[39,4,39,8],[40,4,40,8],[42,4,42,8],[43,4,43,8],[44,4,44,8],[41,4,41,8],[34,4,34,8],[35,4,35,8],[27,4,27,8],[36,4,36,8],[38,4,38,8],[37,4,37,8],[33,4,33,8],[32,4,32,8],[28,4,28,8],[58,4,58,8],[47,4,47,8],[48,4,48,8],[50,4,50,8],[45,4,45,8],[51,4,51,8],[52,4,52,8],[53,4,53,8],[54,4,54,8],[55,4,55,8],[56,4,56,8],[57,4,57,8],[46,4,46,8],[49,4,49,8],[70,4,70,8],[63,4,63,8],[59,4,59,8],[64,4,64,8],[66,4,66,8],[60,4,60,8],[61,4,61,8],[65,4,65,8],[62,4,62,8],[67,4,67,8],[68,4,68,8],[69,4,69,8],[84,3,84,9],[71,4,71,8],[72,4,72,8],[73,4,73,8],[74,4,74,8],[75,4,75,8],[76,4,76,8],[77,4,77,8],[78,4,78,8],[81,3,81,9],[82,3,82,9],[83,3,83,9],[93,3,93,9],[94,3,94,9],[95,3,95,9],[96,3,96,9],[85,3,85,9],[86,3,86,9],[87,3,87,9],[90,3,90,9],[91,3,91,9],[92,3,92,9]]}
[]
[]
[]
[]
[]
[null,null,null,null,"                                      XBRL Excel Utility"]
[null,null,null,null,"1.","Overview"]
[null,null,null,null,"2.","Before you begin"]
[null,null,null,null,"3.","Index"]
[null,null,null,null,"4.","Steps for Filing Business Responsibility & Sustainability Reporting"]
[null,null,null,null,"5.","Fill up the data in excel utility"]
[]
[]
[null,null,null,"1. Overview"]
[null,null,null,"The excel utility can be used for creating the XBRL/XML file for efiling of Business Responsibility & Sustainability Report"]
[]
[]
[null,null,null," 2.  Before you begin"]
[null,null,null,"1. The version of Microsoft Excel in your system should be Microsoft Office Excel 2007 and above."]
[null,null,null,"2. The system should have a file compression software to unzip excel utility file."]
[null,null,null,"3. Make sure that you have downloaded the latest Excel Utility."]
[null,null,null,"4. Make sure that you have downloaded the Chrome Browser to view report generated from Excel utility"]
[null,null,null,"5. Please enable the Macros (if disabled) as per instructions given in manual, so that all the functionalities of  Excel Utility works fine. Please first go through Enable Macro - Manual attached with zip file."]
[null,null,null,"6. Kindly use this file in local system instead of OneDrive/shared drive.\nBecause it may gives an error \"Run-time error '52' : Bad file name or number\" While clicking on textblock button if files saved on OneDrive/shared drive."]
[]
[]
[null,null,null,"3. Index "]
[null,null,null,1,"General Disclosures",null,null,null,null,"General Disclosures"]
[null,null,null,{"$f":"+D28+1","v":2},"Stock exchange",null,null,null,null,"Stock exchange"]
[null,null,null,{"$f":"+D29+1","v":3},"Name of assurance Provider",null,null,null,null,"Name of assurance Provider"]
[null,null,null,4,"Type of assurance obtained",null,null,null,null,"Type of assurance obtained"]
[null,null,null,5,"Details of business activities",null,null,null,null,"Details of business activities"]
[null,null,null,6,"Products Services sold",null,null,null,null,"Products Services sold"]
[null,null,null,7,"Holding,subsidiary or associate",null,null,null,null,"Holding,subsidiary or associate"]
[null,null,null,8,"Other stakeholder group",null,null,null,null,"Other stakeholder group"]
[null,null,null,9,"Business conduct issues",null,null,null,null,"Business conduct issues"]
[null,null,null,10,"MGT and process disclosure",null,null,null,null,"MGT and process disclosure"]
[null,null,null,11,"PRINCIPLE 1",null,null,null,null,"PRINCIPLE 1"]
[null,null,null,12,"Penalty or fine",null,null,null,null,"Penalty or fine"]
[null,null,null,13,"Settlement",null,null,null,null,"Settlement"]
[null,null,null,14,"Compounding fee",null,null,null,null,"Compounding fee"]
[null,null,null,15,"Imprisonment",null,null,null,null,"Imprisonment"]
[null,null,null,16,"Punishment",null,null,null,null,"Punishment"]
[null,null,null,17,"Appeal or revision case details",null,null,null,null,"Appeal or revision case details"]
[null,null,null,18,"Programmes for value chain",null,null,null,null,"Programmes for value chain"]
[null,null,null,19,"PRINCIPLE 2",null,null,null,null,"PRINCIPLE 2"]
[null,null,null,20,"Life cycle assessment",null,null,null,null,"Life cycle assessment"]
[null,null,null,21,"Action taken",null,null,null,null,"Action taken"]
[null,null,null,22,"Recycled or reused input",null,null,null,null,"Recycled or reused input"]
[null,null,null,23,"Details of other waste",null,null,null,null,"Details of other waste"]
[null,null,null,24,"Reclaimed",null,null,null,null,"Reclaimed"]
[null,null,null,25,"PRINCIPLE 3",null,null,null,null,"PRINCIPLE 3"]
[null,null,null,26,"Other retirement benefits",null,null,null,null,"Other retirement benefits"]
[null,null,null,27,"PRINCIPLE 4",null,null,null,null,"PRINCIPLE 4"]
[null,null,null,28,"Stakeholder group",null,null,null,null,"Stakeholder group"]
[null,null,null,29,"PRINCIPLE 5",null,null,null,null,"PRINCIPLE 5"]
[null,null,null,30,"Other assessments",null,null,null,null,"Other assessments"]
[null,null,null,31,"Details of other value chain",null,null,null,null,"Details of other value chain"]
[null,null,null,32,"PRINCIPLE 6",null,null,null,null,"PRINCIPLE 6"]
[null,null,null,33,"Details of other air emissions",null,null,null,null,"Details of other air emissions"]
[null,null,null,34,"Environment approval (clearance)",null,null,null,null,"Environment approval(clearance)"]
[null,null,null,35,"Environmental impact",null,null,null,null,"Environmental impact"]
[null,null,null,36,"Details of non compliance",null,null,null,null,"Details of non compliance"]
[null,null,null,37,"Energy consumed from renewable",null,null,null,null,"Energy consumed from renewable"]
[null,null,null,38,"Energy consumed from NR",null,null,null,null,"Energy consumed from NR"]
[null,null,null,39,"Plant in area of water stress",null,null,null,null,"Plant in area of water stress"]
[null,null,null,40,"Initiative to improve resource",null,null,null,null,"Initiative to improve resource"]
[null,null,null,41,"PRINCIPLE 7",null,null,null,null,"PRINCIPLE 7"]
[null,null,null,42,"Action taken on issue",null,null,null,null,"Action taken on issue"]
[null,null,null,43,"Public policy advocates",null,null,null,null,"Public policy advocates"]
[null,null,null,44,"PRINCIPLE 8",null,null,null,null,"PRINCIPLE 8"]
[null,null,null,45,"Details of SIA",null,null,null,null,"Details of SIA"]
[null,null,null,46,"Details of the benefits from IP",null,null,null,null,"Details of the benefits from IP"]
[null,null,null,47,"Details of CSR Project",null,null,null,null,"Details of CSR Project"]
[null,null,null,48,"Details of corrective action IP",null,null,null,null,"Details of corrective action IP"]
[null,null,null,49,"Project for rehabilitation",null,null,null,null,"project for rehabilitation"]
[null,null,null,50,"Action to mitigate negative SIA",null,null,null,null,"Action to mitigate negative SIA"]
[null,null,null,51,"CSR in aspirational districts",null,null,null,null,"CSR in aspirational districts"]
[null,null,null,52,"PRINCIPLE  9 ",null,null,null,null,"PRINCIPLE  9 "]
[]
[]
[null,null,null,"4. Steps for Filing Business Responsibility & Sustainability Reporting"]
[null,null,null,"I.  Fill up the data: Navigate to each field of every section in the sheet to provide applicable data in correct format.  (Formats will get reflected while filling data.)  \n   - Use paste special command to paste data from other sheet."]
[null,null,null,"II. Validating Sheets:  Click on the ''Validate\" button to ensure that the sheet has been properly filled and also data has been furnished in proper format. If there are some errors on the sheet, excel utility will prompt you about the same."]
[null,null,null,"III. Validate All Sheets:  Click on the ''Home\" button. And then click on \"Validate All Sheet\" button to ensure that all sheets has been properly filled and validated successfully. If there are some errors on the sheet, excel utility will prompt you about the same and stop validation at the same time. After correction, once again follow the same procedure to validate all sheets."]
[null,null,null,"Excel Utility will not allow you to generate XBRL/XML until you rectify all errors."]
[null,null,null,"IV. Generate XML :   Excel Utility will not allow you to generate XBRL/XML unless successful validation of all sheet is completed. Now click on 'Generate XML'' to generate XBRL/XML file. \n    - Save the XBRL/XML file in your desired folder in local system."]
[null,null,null,"V. Generate Report :   Excel Utility will allow you to generate Report. Now click on 'Generate Report'' to generate html report.   \n     - Save the HTML Report file in your desired folder in local system.     \n     - To view HTML Report open \"Chrome Web Browser\" . \n     - To print report in PDF Format, Click on print button and save as PDF."]
[]
[]
[null,null,null,"5. Fill up the data in excel utility"]
[null,null,null,"1. Cells with red fonts indicate mandatory fields."]
[null,null,null,"2. If mandatory field is left empty, then Utility will not allow you to proceed further for generating XML."]
[null,null,null,"3. You are not allowed to enter data in the Grey Cells."]
[null,null,null,"4. If fields are not applicable to your company then leave it blank. Do not insert Zero unless it is a mandatory field."]
[null,null,null,"5. Data provided must be in correct format, otherwise Utility will not allow you to proceed further for generating XML."]
[null,null,null,"6. Select data from \"Dropdown list\" wherever applicable."]

{"sheet":"General Disclosures","index":1,"n_rows":99,"n_cols":57,"rows_kept":99,"cut":false,"hidden":false,"merged":[[9,5,9,8],[10,5,10,8],[11,5,11,8],[23,4,23,8],[12,5,12,8],[13,5,13,8],[14,5,14,8],[15,5,15,8],[16,5,16,8],[21,5,21,8],[22,5,22,8],[17,5,17,6],[17,7,17,8],[18,5,18,6],[18,7,18,8],[19,5,19,6],[24,5,24,8],[25,5,25,8],[26,5,26,8],[49,4,50,4],[28,4,28,7],[29,4,29,7],[30,4,30,7],[60,4,61,4],[49,10,49,11],[32,4,32,7],[33,4,33,7],[40,4,40,5],[51,3,51,4],[55,3,55,4],[60,8,60,9],[49,6,49,7],[49,8,49,9],[49,5,50,5],[60,5,61,5],[60,6,60,7],[49,3,50,3],[88,4,89,4],[88,5,89,5],[88,6,89,6],[87,4,87,13],[88,13,89,13],[76,5,76,8],[76,9,76,12],[27,5,27,8],[88,7,88,9],[88,10,88,12],[19,7,19,8],[20,5,20,6],[20,7,20,8],[5,26,5,30],[76,13,76,16],[7,3,7,16],[39,4,39,5],[51,5,51,11],[60,3,61,3],[60,10,60,11],[76,4,77,4],[71,5,72,5],[71,4,72,4],[71,6,71,7],[62,3,62,4],[66,3,66,4]]}
[null,null,null,null,null,null,null,null,null,"Standalone basis","Consolidated basis",null,null,null,"Yes","No","NA",null,null,null,null,null,null,null,"All","DD","01","02","03","04","05","06","07","08","09",10,11,12,13,14,15,16,17,18,19,20,21,22,23,24,25,26,27,28,29,30,31]
[null,null,null,null,null,null,null,null,null,null,null,null,null,null,"Yes assessment","Yes assurance","No",null,null,null,null,null,null,null,"Partial","MM","01","02","03","04","05","06","07","08","09",10,11,12]
[null,null,null,null,null,null,null,null,null,null,null,null,null,null,null,null,null,null,null,null,null,null,null,null,null,"YYYY",2019,2020,2021,2022,2023,2024]
[]
[]
[null,null,null,null,null,null,null,null,null,null,null,null,null,null,null,null,null,null,null,null,null,null,null,null,null,null,"Taxonomy"]
[]
[null,null,null,"SECTION A: GENERAL DISCLOSURES",null,null,null,null,null,null,null,null,null,null,null,null,null,null,null,null,null,null,null,null,null,null,"Element Name","Label name","type","I/D","validations"]
[null,null,null,"I.","Details of the listed entity"]
[null,null,null,1,"Corporate Identity Number (CIN) of the Listed Entity",null,null,null,null,null,null,null,null,null,null,null,null,null,null,null,null,null,null,null,null,null,"CorporateIdentityNumber","Corporate Identity Number (CIN) of the Listed Entity",null,"instant","This is mandatory field"]
[null,null,null,2,"Name of the Listed Entity",null,null,null,null,null,null,null,null,null,null,null,null,null,null,null,null,null,null,null,null,null,"NameOfTheCompany","Name of the Listed Entity",null,null,"This is mandatory field"]
[null,null,null,3,"Date of Incorporation",null,null,null,null,null,null,null,null,null,null,null,null,null,null,null,null,null,null,null,null,null,"DateOfIncorporation","Year of incorporation",null,null,"This is mandatory field"]
[null,null,null,4,"Registered office address",null,null,null,null,null,null,null,null,null,null,null,null,null,null,null,null,null,null,null,null,null,"AddressOfRegisteredOfficeOfCompany","Registered office address",null,null,"This is mandatory field"]
[null,null,null,5,"Corporate address",null,null,null,null,null,null,null,null,null,null,null,null,null,null,null,null,null,null,null,null,null,"AddressOfCorporateOfficeOfCompany","Corporate address",null,null,"This is mandatory field"]
[null,null,null,6,"E-mail",null,null,null,null,null,null,null,null,null,null,null,null,null,null,null,null,null,null,null,null,null,"EMailOfTheCompany","E-mail",null,null,"This is mandatory field"]
[null,null,null,7,"Telephone",null,null,null,null,null,null,null,null,null,null,null,null,null,null,null,null,null,null,null,null,null,"TelephoneOfCompany","Telephone",null,null,"This is mandatory field"]
[null,null,null,8,"Website",null,null,null,null,null,null,null,null,null,null,null,null,null,null,null,null,null,null,null,null,null,"WebsiteOfCompany","Website",null,null,"This is mandatory field"]
[null,null,null,9,"Financial year for which reporting is being done","Start date",null,"End date"]
[null,null,null,null,"Current Financial Year",null,null,null,null,null,null,null,null,null,null,null,null,null,null,null,null,null,null,null,null,"DateOfEndOfFinancialYear","DateOfStartOfFinancialYear","Current Financial Year",null,null,"This is mandatory field"]
[null,null,null,null,"Previous Financial Year",null,null,null,null,null,null,null,null,null,null,null,null,null,null,null,null,null,null,null,null,"DateOfEndOfPreviousYear","DateOfStartOfPreviousYear","Previous Financial Year",null,null,"This is mandatory field"]
[null,null,null,null,"Prior to Previous Financial year",null,null,null,null,null,null,null,null,null,null,null,null,null,null,null,null,null,null,null,null,"DateOfEndOfPriorToPreviousYear","DateOfStartOfPriorToPreviousYear","Prior to Previous Financial year",null,null,"This is mandatory field"]
[null,null,null,10,"Name of the Stock Exchange(s) where shares are listed","Add details",null,null,null,null,null,null,null,null,null,null,null,null,null,null,null,null,null,null,null,null,"NameOfStockExchangeWhereTheCompanyIsListed","Name of the Stock Exchange(s) where shares are listed",null,null,"This is mandatory field"]
[null,null,null,11,"Paid-up Capital (In Rs)",null,null,null,null,null,null,null,null,null,null,null,null,null,null,null,null,null,null,null,null,null,"ValueOfSharesPaidUp","Paid-up Capital",null,null,"This is mandatory field"]
[null,null,null,12,"Name and contact details (telephone, email address) of the person who may be contacted in case of any queries on the BRSR report"]
[null,null,null,null,"Name",null,null,null,null,null,null,null,null,null,null,null,null,null,null,null,null,null,null,null,null,null,"NameOfContactPerson","Name",null,null,"This is mandatory field"]
[null,null,null,null,"Contact",null,null,null,null,null,null,null,null,null,null,null,null,null,null,null,null,null,null,null,null,null,"ContactNumberOfContactPerson","Contact",null,null,"This is mandatory field"]
[null,null,null,null,"E mail",null,null,null,null,null,null,null,null,null,null,null,null,null,null,null,null,null,null,null,null,null,"EMailOfContactPerson","E mail",null,null,"This is mandatory field"]
[null,null,null,13,"Reporting boundary - Are the disclosures under this report made on a standalone basis (i.e. only for the entity) or on a consolidated basis (i.e. for the entity and all the entities which form a part of its consolidated financial statements, taken together).",null,null,null,null,null,null,null,null,null,null,null,null,null,null,null,null,null,null,null,null,null,"ReportingBoundary","Reporting boundary - Are the disclosures under this report made on a standalone basis (i.e. only for the entity) or on a consolidated basis (i.e. for the entity and all the entities which form a part of its consolidated financial statements, taken together).",null,null,"This is mandatory field"]
[null,null,null,14,"Whether the company has undertaken assessment or assurance of the BRSR Core?",null,null,null,null,null,null,null,null,null,null,null,null,null,null,null,null,null,null,null,null,null,"WhetherTheCompanyHasUndertakenAssessmentOrAssuranceOfTheBRSRCore","Whether the company has undertaken assessment or assurance of the BRSR core"]
[null,null,null,15,"Name of assessment or assurance provider",null,null,null,""]
[null,null,null,16,"Type of assessment or assurance obtained",null,null,null,""]
[null,null,null,"II.","Products/services"]
[null,null,null,17,"Details of business activities (accounting for 90% of the turnover)",null,null,null,"Add details"]
[null,null,null,18,"Products/Services sold by the entity (accounting for 90% of the entity’s Turnover)",null,null,null,"Add details"]
[null,null,null,"III.","Operations"]
[null,null,null,19,"Number of locations where plants and/or operations/offices of the entity are situated"]
[null,null,null,null,"Location","Number of plants","Number of offices","Total"]
[null,null,null,null,"National",null,null,{"$f":"IF(COUNT(F38:G38)>0,SUM(F38:G38),\"\")","v":""},null,null,null,null,null,null,null,null,null,null,null,null,null,null,null,null,null,null,"NationalMember","National",null,null,"This is mandatory field",null,"PlantMember","OfficeMember","LocationMember"]
[null,null,null,null,"International",null,null,{"$f":"IF(COUNT(F39:G39)>0,SUM(F39:G39),\"\")","v":""},null,null,null,null,null,null,null,null,null,null,null,null,null,null,null,null,null,null,"InternationalMember","International",null,null,"This is mandatory field",null,"PlantMember","OfficeMember","LocationMember"]
[null,null,null,20,"Markets served by the entity"]
[null,null,null,"A","Number of locations "]
[null,null,null,null,"Locations","Number"]
[null,null,null,null,"National (No. of States)",null,null,null,null,null,null,null,null,null,null,null,null,null,null,null,null,null,null,null,null,null,"NumberOfStatesWhereMarketServedByTheEntity","National (No. of States)",null,null,"This is mandatory field"]
[null,null,null,null,"International (No. of Countries)",null,null,null,null,null,null,null,null,null,null,null,null,null,null,null,null,null,null,null,null,null,"NumberOfCountriesWhereMarketServedByTheEntity","International (No. of Countries)",null,null,"This is mandatory field"]
[null,null,null,"B","What is the contribution of exports as a percentage of the total turnover of the entity?",null,null,null,null,null,null,null,null,null,null,null,null,null,null,null,null,null,null,null,null,null,"PercentageOfContributionOfExportsInTheTotalTurnoverOfTheEntity","What is the contribution of exports as a percentage of the total turnover of the entity?",null,null,"This is mandatory field"]
[null,null,null,"C","A brief on types of customers",null,null,null,null,null,null,null,null,null,null,null,null,null,null,null,null,null,null,null,null,null,"ABriefOnTypesOfCustomersExplanatoryTextBlock"]
[null,null,null,"IV.","Employees"]
[null,null,null,21,"Details as at the end of Financial Year",null,null,null,null,null,null,null,null,null,null,null,null,null,null,null,null,null,null,null,null,null,"DetailsasattheendofFinancialYear"," Details as at the end of Financial Year",null,null,"This is mandatory field"]
[null,null,null,"A.","Employees and workers (including differently abled)"]
[null,null,null,"Sr.\nNo.","Particulars","Total\n(A)","Male",null,"Female",null,"Other"]
[null,null,null,null,null,null,"No. (B)","% (B / A)","No. (C)","% (C / A)","No. (H)","% (H / A)"]
[null,null,null,"EMPLOYEES"]
[null,null,null,1,"Permanent (D)",{"$f":"IF(COUNT(G53,I53,K53)>0,SUM(G53,I53,K53),\"\")","v":""},null,{"$f":"IF(G53=\"\",\"\",IFERROR(G53/F53,0))","v":""},null,{"$f":"IF(I53=\"\",\"\",IFERROR(I53/F53,0))","v":""},null,{"$f":"IF(K53=\"\",\"\",IFERROR(K53/F53,0))","v":""},null,null,null,null,null,null,null,null,null,null,null,null,null,null,"PermanentEmployeesMember","Permanent (D)",null,null,"This is mandatory field",null,"GenderMember","MaleMember","MaleMember","FemaleMember","FemaleMember","OtherGenderMember","OtherGenderMember","NumberOfEmployeesOrWorkersIncludingDifferentlyAbled","NumberOfEmployeesOrWorkersIncludingDifferentlyAbled","PercentageOfEmployeesOrWorkersIncludingDifferentlyAbled","NumberOfEmployeesOrWorkersIncludingDifferentlyAbled","PercentageOfEmployeesOrWorkersIncludingDifferentlyAbled","NumberOfEmployeesOrWorkersIncludingDifferentlyAbled","PercentageOfEmployeesOrWorkersIncludingDifferentlyAbled"]
[null,null,null,2,"Other than permanent (E)",{"$f":"IF(COUNT(G54,I54,K54)>0,SUM(G54,I54,K54),\"\")","v":""},null,{"$f":"IF(G54=\"\",\"\",IFERROR(G54/F54,0))","v":""},null,{"$f":"IF(I54=\"\",\"\",IFERROR(I54/F54,0))","v":""},null,{"$f":"IF(K54=\"\",\"\",IFERROR(K54/F54,0))","v":""},null,null,null,null,null,null,null,null,null,null,null,null,null,null,"OtherThanPermanentEmployeesMember","Other than permanent (E)",null,null,"This is mandatory field",null,"GenderMember","MaleMember","MaleMember","FemaleMember","FemaleMember","OtherGenderMember","OtherGenderMember","NumberOfEmployeesOrWorkersIncludingDifferentlyAbled","NumberOfEmployeesOrWorkersIncludingDifferentlyAbled","PercentageOfEmployeesOrWorkersIncludingDifferentlyAbled","NumberOfEmployeesOrWorkersIncludingDifferentlyAbled","PercentageOfEmployeesOrWorkersIncludingDifferentlyAbled","NumberOfEmployeesOrWorkersIncludingDifferentlyAbled","PercentageOfEmployeesOrWorkersIncludingDifferentlyAbled"]
[null,null,null,3,"Total employees(D + E)",{"$f":"IF(COUNT(G55,I55,K55)>0,SUM(G55,I55,K55),\"\")","v":""},{"$f":"IF(COUNT(G53:G54)>0,SUM(G53:G54),\"\")","v":""},"",{"$f":"IF(COUNT(I53:I54)>0,SUM(I53:I54),\"\")","v":""},"",{"$f":"IF(COUNT(K53:K54)>0,SUM(K53:K54),\"\")","v":""},"",null,null,null,null,null,null,null,null,null,null,null,null,null,null,"EmployeesMember",null,null,null,null,null,"GenderMember","MaleMember","MaleMember","FemaleMember","FemaleMember","OtherGenderMember","OtherGenderMember","NumberOfEmployeesOrWorkersIncludingDifferentlyAbled","NumberOfEmployeesOrWorkersIncludingDifferentlyAbled","PercentageOfEmployeesOrWorkersIncludingDifferentlyAbled","NumberOfEmployeesOrWorkersIncludingDifferentlyAbled","PercentageOfEmployeesOrWorkersIncludingDifferentlyAbled","NumberOfEmployeesOrWorkersIncludingDifferentlyAbled","PercentageOfEmployeesOrWorkersIncludingDifferentlyAbled"]
[null,null,null,"WORKERS"]
[null,null,null,4,"Permanent (F)",{"$f":"IF(COUNT(G57,I57,K57)>0,SUM(G57,I57,K57),\"\")","v":""},null,{"$f":"IF(G57=\"\",\"\",IFERROR(G57/F57,0))","v":""},null,{"$f":"IF(I57=\"\",\"\",IFERROR(I57/F57,0))","v":""},null,{"$f":"IF(K57=\"\",\"\",IFERROR(K57/F57,0))","v":""},null,null,null,null,null,null,null,null,null,null,null,null,null,null,"PermanentWorkersMember","Permanent (F)",null,null,"This is mandatory field",null,"GenderMember","MaleMember","MaleMember","FemaleMember","FemaleMember","OtherGenderMember","OtherGenderMember","NumberOfEmployeesOrWorkersIncludingDifferentlyAbled","NumberOfEmployeesOrWorkersIncludingDifferentlyAbled","PercentageOfEmployeesOrWorkersIncludingDifferentlyAbled","NumberOfEmployeesOrWorkersIncludingDifferentlyAbled","PercentageOfEmployeesOrWorkersIncludingDifferentlyAbled","NumberOfEmployeesOrWorkersIncludingDifferentlyAbled","PercentageOfEmployeesOrWorkersIncludingDifferentlyAbled"]
[null,null,null,5,"Other than permanent (G)",{"$f":"IF(COUNT(G58,I58,K58)>0,SUM(G58,I58,K58),\"\")","v":""},null,{"$f":"IF(G58=\"\",\"\",IFERROR(G58/F58,0))","v":""},null,{"$f":"IF(I58=\"\",\"\",IFERROR(I58/F58,0))","v":""},null,{"$f":"IF(K58=\"\",\"\",IFERROR(K58/F58,0))","v":""},null,null,null,null,null,null,null,null,null,null,null,null,null,null,"OtherThanPermanentWorkersMember","Other than permanent (G)",null,null,"This is mandatory field",null,"GenderMember","MaleMember","MaleMember","FemaleMember","FemaleMember","OtherGenderMember","OtherGenderMember","NumberOfEmployeesOrWorkersIncludingDifferentlyAbled","NumberOfEmployeesOrWorkersIncludingDifferentlyAbled","PercentageOfEmployeesOrWorkersIncludingDifferentlyAbled","NumberOfEmployeesOrWorkersIncludingDifferentlyAbled","PercentageOfEmployeesOrWorkersIncludingDifferentlyAbled","NumberOfEmployeesOrWorkersIncludingDifferentlyAbled","PercentageOfEmployeesOrWorkersIncludingDifferentlyAbled"]
[null,null,null,6,"Total workers (F + G)",{"$f":"IF(COUNT(G59,I59,K59)>0,SUM(G59,I59,K59),\"\")","v":""},{"$f":"IF(COUNT(G57:G58)>0,SUM(G57:G58),\"\")","v":""},"",{"$f":"IF(COUNT(I57:I58)>0,SUM(I57:I58),\"\")","v":""},"",{"$f":"IF(COUNT(K57:K58)>0,SUM(K57:K58),\"\")","v":""},{"$f":"IF(K59=\"\",\"\",IFERROR(K59/F59,0))","v":""},null,null,null,null,null,null,null,null,null,null,null,null,null,null,"WorkersMember",null,null,null,null,null,"GenderMember","MaleMember","MaleMember","FemaleMember","FemaleMember","OtherGenderMember","OtherGenderMember","NumberOfEmployeesOrWorkersIncludingDifferentlyAbled","NumberOfEmployeesOrWorkersIncludingDifferentlyAbled","PercentageOfEmployeesOrWorkersIncludingDifferentlyAbled","NumberOfEmployeesOrWorkersIncludingDifferentlyAbled","PercentageOfEmployeesOrWorkersIncludingDifferentlyAbled","NumberOfEmployeesOrWorkersIncludingDifferentlyAbled","PercentageOfEmployeesOrWorkersIncludingDifferentlyAbled"]
[null,null,null,"B.","Differently abled Employees and workers:"]
[null,null,null,"Sr.\nNo.","Particulars","Total\n(A)","Male",null,"Female",null,"Other"]
[null,null,null,null,null,null,"No. (B)","% (B / A)","No. (C)","% (C / A)","No. (H)","% (H / A)"]
[null,null,null,"DIFFERENTLY ABLED EMPLOYEES"]
[null,null,null,1,"Permanent (D)",{"$f":"IF(COUNT(G64,I64,K64)>0,SUM(G64,I64,K64),\"\")","v":""},null,{"$f":"IF(G64=\"\",\"\",IFERROR(G64/F64,0))","v":""},null,{"$f":"IF(I64=\"\",\"\",IFERROR(I64/F64,0))","v":""},null,{"$f":"IF(K64=\"\",\"\",IFERROR(K64/F64,0))","v":""},null,null,null,null,null,null,null,null,null,null,null,null,null,null,"PermanentEmployeesMember","Permanent (D)",null,null,"This is mandatory field",null,"GenderMember","MaleMember","MaleMember","FemaleMember","FemaleMember","OtherGenderMember","OtherGenderMember","NumberOfDifferentlyAbledEmployeesOrWorkers","NumberOfDifferentlyAbledEmployeesOrWorkers","PercentageOfDifferentlyAbledEmployeesOrWorkers","NumberOfDifferentlyAbledEmployeesOrWorkers","PercentageOfDifferentlyAbledEmployeesOrWorkers","NumberOfDifferentlyAbledEmployeesOrWorkers","PercentageOfDifferentlyAbledEmployeesOrWorkers"]
[null,null,null,2,"Other than Permanent (E)",{"$f":"IF(COUNT(G65,I65,K65)>0,SUM(G65,I65,K65),\"\")","v":""},null,{"$f":"IF(G65=\"\",\"\",IFERROR(G65/F65,0))","v":""},null,"",null,"",null,null,null,null,null,null,null,null,null,null,null,null,null,null,"OtherThanPermanentEmployeesMember","Other than Permanent (E)",null,null,"This is mandatory field",null,"GenderMember","MaleMember","MaleMember","FemaleMember","FemaleMember","OtherGenderMember","OtherGenderMember","NumberOfDifferentlyAbledEmployeesOrWorkers","NumberOfDifferentlyAbledEmployeesOrWorkers","PercentageOfDifferentlyAbledEmployeesOrWorkers","NumberOfDifferentlyAbledEmployeesOrWorkers","PercentageOfDifferentlyAbledEmployeesOrWorkers","NumberOfDifferentlyAbledEmployeesOrWorkers","PercentageOfDifferentlyAbledEmployeesOrWorkers"]
[null,null,null,3,"Total differently abled employees (D + E)",{"$f":"IF(COUNT(G66,I66,K66)>0,SUM(G66,I66,K66),\"\")","v":""},{"$f":"IF(COUNT(G64:G65)>0,SUM(G64:G65),\"\")","v":""},"",{"$f":"IF(COUNT(I64:I65)>0,SUM(I64:I65),\"\")","v":""},"",{"$f":"IF(COUNT(K64:K65)>0,SUM(K64:K65),\"\")","v":""},{"$f":"IF(K66=\"\",\"\",IFERROR(K66/F66,0))","v":""},null,null,null,null,null,null,null,null,null,null,null,null,null,null,"EmployeesMember",null,null,null,null,null,"GenderMember","MaleMember","MaleMember","FemaleMember","FemaleMember","OtherGenderMember","OtherGenderMember","NumberOfDifferentlyAbledEmployeesOrWorkers","NumberOfDifferentlyAbledEmployeesOrWorkers","PercentageOfDifferentlyAbledEmployeesOrWorkers","NumberOfDifferentlyAbledEmployeesOrWorkers","PercentageOfDifferentlyAbledEmployeesOrWorkers","NumberOfDifferentlyAbledEmployeesOrWorkers","PercentageOfDifferentlyAbledEmployeesOrWorkers"]
[null,null,null,"DIFFERENTLY ABLED WORKERS"]
[null,null,null,4,"Permanent (F)",{"$f":"IF(COUNT(G68,I68,K68)>0,SUM(G68,I68,K68),\"\")","v":""},null,"",null,{"$f":"IF(I68=\"\",\"\",IFERROR(I68/F68,0))","v":""},null,{"$f":"IF(K68=\"\",\"\",IFERROR(K68/F68,0))","v":""},null,null,null,null,null,null,null,null,null,null,null,null,null,null,"PermanentWorkersMember","Permanent (F)",null,null,"This is mandatory field",null,"GenderMember","MaleMember","MaleMember","FemaleMember","FemaleMember","OtherGenderMember","OtherGenderMember","NumberOfDifferentlyAbledEmployeesOrWorkers","NumberOfDifferentlyAbledEmployeesOrWorkers","PercentageOfDifferentlyAbledEmployeesOrWorkers","NumberOfDifferentlyAbledEmployeesOrWorkers","PercentageOfDifferentlyAbledEmployeesOrWorkers","NumberOfDifferentlyAbledEmployeesOrWorkers","PercentageOfDifferentlyAbledEmployeesOrWorkers"]
[null,null,null,5,"Other than Permanent (G)",{"$f":"IF(COUNT(G69,I69,K69)>0,SUM(G69,I69,K69),\"\")","v":""},null,"",null,"",null,"",null,null,null,null,null,null,null,null,null,null,null,null,null,null,"OtherThanPermanentWorkersMember","Other than Permanent (G)",null,null,"This is mandatory field",null,"GenderMember","MaleMember","MaleMember","FemaleMember","FemaleMember","OtherGenderMember","OtherGenderMember","NumberOfDifferentlyAbledEmployeesOrWorkers","NumberOfDifferentlyAbledEmployeesOrWorkers","PercentageOfDifferentlyAbledEmployeesOrWorkers","NumberOfDifferentlyAbledEmployeesOrWorkers","PercentageOfDifferentlyAbledEmployeesOrWorkers","NumberOfDifferentlyAbledEmployeesOrWorkers","PercentageOfDifferentlyAbledEmployeesOrWorkers"]
[null,null,null,6,"Total differently abled workers (F + G)",{"$f":"IF(COUNT(G70,I70,K70)>0,SUM(G70,I70,K70),\"\")","v":""},{"$f":"IF(COUNT(G68:G69)>0,SUM(G68:G69),\"\")","v":""},{"$f":"IF(G70=\"\",\"\",IFERROR(G70/F70,0))","v":""},{"$f":"IF(COUNT(I68:I69)>0,SUM(I68:I69),\"\")","v":""},"",{"$f":"IF(COUNT(K68:K69)>0,SUM(K68:K69),\"\")","v":""},{"$f":"IF(K70=\"\",\"\",IFERROR(K70/F70,0))","v":""},null,null,null,null,null,null,null,null,null,null,null,null,null,null,"WorkersMember",null,null,null,null,null,"GenderMember","MaleMember","MaleMember","FemaleMember","FemaleMember","OtherGenderMember","OtherGenderMember","NumberOfDifferentlyAbledEmployeesOrWorkers","NumberOfDifferentlyAbledEmployeesOrWorkers","PercentageOfDifferentlyAbledEmployeesOrWorkers","NumberOfDifferentlyAbledEmployeesOrWorkers","PercentageOfDifferentlyAbledEmployeesOrWorkers","NumberOfDifferentlyAbledEmployeesOrWorkers","PercentageOfDifferentlyAbledEmployeesOrWorkers"]
[null,null,null,22,"Participation/Inclusion/Representation of women"]
[null,null,null,null,null,"Total (A)","No. and percentage of Females"]
[null,null,null,null,null,null,"No. (B)","% (B / A)"]
[null,null,null,null,"Board of Directors",null,null,{"$f":"IF(G74=\"\",\"\",IFERROR(G74/F74,0))","v":""},null,null,null,null,null,null,null,null,null,null,null,null,null,null,null,null,null,null,"BoardofDirectors","Board of Directors",null,null,"This is mandatory field",null,"TotalNumberOfBoardOfDirectors","NumberOfFemaleBoardOfDirectors","PercentageOfFemaleBoardOfDirectors"]
[null,null,null,null,"Key Management Personnel",null,null,"",null,null,null,null,null,null,null,null,null,null,null,null,null,null,null,null,null,null,"KeyManagementPersonnel","Key Management Personnel",null,null,"This is mandatory field",null,"TotalNumberOfKeyManagementPersonnel","NumberOfFemaleKeyManagementPersonnel","PercentageOfFemaleKeyManagementPersonnel"]
[null,null,null,23,"Turnover rate for permanent employees and workers (Disclose trends for the past 3 years)"]
[null,null,null,null,null,{"$f":"\"Turnover rate in current FY (\"&RIGHT('General Disclosures'!F19,4)&\"-\"&RIGHT('General Disclosures'!H19,2)&\")\"","v":"Turnover rate in current FY (-)"},null,null,null,{"$f":"\"Turnover rate in previous FY (\"&RIGHT('General Disclosures'!F20,4)&\"-\"&RIGHT('General Disclosures'!H20,2)&\")\"","v":"Turnover rate in previous FY (-)"},null,null,null,{"$f":"\"Turnover rate in the year prior to the previous FY (\"&RIGHT('General Disclosures'!F21,4)&\"-\"&RIGHT('General Disclosures'!H21,2)&\")\"","v":"Turnover rate in the year prior to the previous FY (-)"}]
[null,null,null,null,null,"Male","Female","Other","Total","Male","Female","Other","Total","Male","Female","Other","Total"]
[null,null,null,null,"Permanent Employees",null,null,null,null,null,null,null,null,null,null,null,null,null,null,null,null,null,null,null,null,null,"PermanentEmployeesMember","Permanent Employees",null,null,"This is mandatory field",null,"MaleMember","FemaleMember","OtherGenderMember","GenderMember","MaleMember","FemaleMember","OtherGenderMember","GenderMember","MaleMember","FemaleMember","OtherGenderMember","GenderMember"]
[null,null,null,null,"Permanent Workers",null,null,null,null,null,null,null,null,null,null,null,null,null,null,null,null,null,null,null,null,null,"PermanentWorkersMember","Permanent Workers",null,null,"This is mandatory field",null,"MaleMember","FemaleMember","OtherGenderMember","GenderMember","MaleMember","FemaleMember","OtherGenderMember","GenderMember","MaleMember","FemaleMember","OtherGenderMember","GenderMember"]
[null,null,null,"V.","Holding, Subsidiary and Associate Companies (including joint ventures)"]
[null,null,null,24,"(a) Names of holding / subsidiary / associate companies / joint ventures","Add details"]
[null,null,null,"VI. ","CSR Details"]
[null,null,null,25,"(i) Whether CSR is applicable as per section 135 of Companies Act, 2013: (Yes/No)",null,null,null,null,null,null,null,null,null,null,null,null,null,null,null,null,null,null,null,null,null,"WhetherCSRIsApplicableAsPerSection135OfCompaniesAct2013","(i) Whether CSR is applicable as per section 135 of Companies Act, 2013: (Yes/No)",null,null,"This is mandatory field"]
[null,null,null,null,"(ii) Turnover (in Rs.)",null,null,null,null,null,null,null,null,null,null,null,null,null,null,null,null,null,null,null,null,null,"Turnover","(ii) Turnover (in Rs.)",null,null,"This is mandatory field"]
[null,null,null,null,"(iii) Net worth (in Rs.)",null,null,null,null,null,null,null,null,null,null,null,null,null,null,null,null,null,null,null,null,null,"NetWorth","(iii) Net worth (in Rs.)",null,null,"This is mandatory field"]
[null,null,null,"VII.","Transparency and Disclosures Compliances"]
[null,null,null,26,"Complaints/Grievances on any of the principles (Principles 1 to 9) under the National Guidelines on Responsible Business Conduct"]
[null,null,null,null,"Stakeholder group from whom complaint is received","Grievance Redressal Mechanism in Place (Yes/No/NA)","(If Yes, then provide web-link for grievance redress policy)",{"$f":"\"FY (\"&RIGHT('General Disclosures'!F19,4)&\"-\"&RIGHT('General Disclosures'!H19,2)&\")\"","v":"FY (-)"},null,null,{"$f":"\"PY (\"&RIGHT('General Disclosures'!F20,4)&\"-\"&RIGHT('General Disclosures'!H20,2)&\")\"","v":"PY (-)"},null,null,"(If NA, then provide the reason)"]
[null,null,null,null,null,null,null,"Number of complaints filed during the year","Number of complaints pending resolution at close of the year","Remarks","Number of complaints filed during the year","Number of complaints pending resolution at close of the year","Remarks"]
[null,null,null,null,"Communities",null,null,null,null,null,null,null,null,null,null,null,null,null,null,null,null,null,null,null,null,null,"ComplaintReceivedFromCommunitiesMember","Communities",null,null,"This is mandatory field",null,"GrievanceRedressalMechanismInPlace","WebLinkForGrievanceRedressPolicy","NumberOfComplaintsFiledFromStakeHolderGroupDuringTheYear","NumberOfComplaintsPendingFromStakeHolderGroupResolutionAtTheEndOfYear","RemarksStakeHolderGroupFromWhomComplaintIsReceived","NumberOfComplaintsFiledFromStakeHolderGroupDuringTheYear","NumberOfComplaintsPendingFromStakeHolderGroupResolutionAtTheEndOfYear","RemarksStakeHolderGroupFromWhomComplaintIsReceived","DetailsForGrievanceRedressalMechanismInPlaceIsNotApplicableExplanatoryTextBlock"]
[null,null,null,null,"Investors (other than shareholders)",null,null,null,null,null,null,null,null,null,null,null,null,null,null,null,null,null,null,null,null,null,"ComplaintReceivedFromInvestorsMember","Investors (other than shareholders)",null,null,"This is mandatory field",null,"GrievanceRedressalMechanismInPlace","WebLinkForGrievanceRedressPolicy","NumberOfComplaintsFiledFromStakeHolderGroupDuringTheYear","NumberOfComplaintsPendingFromStakeHolderGroupResolutionAtTheEndOfYear","RemarksStakeHolderGroupFromWhomComplaintIsReceived","NumberOfComplaintsFiledFromStakeHolderGroupDuringTheYear","NumberOfComplaintsPendingFromStakeHolderGroupResolutionAtTheEndOfYear","RemarksStakeHolderGroupFromWhomComplaintIsReceived","DetailsForGrievanceRedressalMechanismInPlaceIsNotApplicableExplanatoryTextBlock"]
[null,null,null,null,"Shareholders",null,null,null,null,null,null,null,null,null,null,null,null,null,null,null,null,null,null,null,null,null,"ComplaintReceivedFromShareholdersMember","Shareholders",null,null,"This is mandatory field",null,"GrievanceRedressalMechanismInPlace","WebLinkForGrievanceRedressPolicy","NumberOfComplaintsFiledFromStakeHolderGroupDuringTheYear","NumberOfComplaintsPendingFromStakeHolderGroupResolutionAtTheEndOfYear","RemarksStakeHolderGroupFromWhomComplaintIsReceived","NumberOfComplaintsFiledFromStakeHolderGroupDuringTheYear","NumberOfComplaintsPendingFromStakeHolderGroupResolutionAtTheEndOfYear","RemarksStakeHolderGroupFromWhomComplaintIsReceived","DetailsForGrievanceRedressalMechanismInPlaceIsNotApplicableExplanatoryTextBlock"]
[null,null,null,null,"Employees and workers",null,null,null,null,null,null,null,null,null,null,null,null,null,null,null,null,null,null,null,null,null,"ComplaintReceivedFromEmployeesAndWorkersMember","Employees and workers",null,null,"This is mandatory field",null,"GrievanceRedressalMechanismInPlace","WebLinkForGrievanceRedressPolicy","NumberOfComplaintsFiledFromStakeHolderGroupDuringTheYear","NumberOfComplaintsPendingFromStakeHolderGroupResolutionAtTheEndOfYear","RemarksStakeHolderGroupFromWhomComplaintIsReceived","NumberOfComplaintsFiledFromStakeHolderGroupDuringTheYear","NumberOfComplaintsPendingFromStakeHolderGroupResolutionAtTheEndOfYear","RemarksStakeHolderGroupFromWhomComplaintIsReceived","DetailsForGrievanceRedressalMechanismInPlaceIsNotApplicableExplanatoryTextBlock"]
[null,null,null,null,"Customers",null,null,null,null,null,null,null,null,null,null,null,null,null,null,null,null,null,null,null,null,null,"ComplaintReceivedFromCustomersMember","Customers",null,null,"This is mandatory field",null,"GrievanceRedressalMechanismInPlace","WebLinkForGrievanceRedressPolicy","NumberOfComplaintsFiledFromStakeHolderGroupDuringTheYear","NumberOfComplaintsPendingFromStakeHolderGroupResolutionAtTheEndOfYear","RemarksStakeHolderGroupFromWhomComplaintIsReceived","NumberOfComplaintsFiledFromStakeHolderGroupDuringTheYear","NumberOfComplaintsPendingFromStakeHolderGroupResolutionAtTheEndOfYear","RemarksStakeHolderGroupFromWhomComplaintIsReceived","DetailsForGrievanceRedressalMechanismInPlaceIsNotApplicableExplanatoryTextBlock"]
[null,null,null,null,"Value Chain Partners",null,null,null,null,null,null,null,null,null,null,null,null,null,null,null,null,null,null,null,null,null,"ComplaintReceivedFromValueChainPartnersMember","Value Chain Partners",null,null,"This is mandatory field",null,"GrievanceRedressalMechanismInPlace","WebLinkForGrievanceRedressPolicy","NumberOfComplaintsFiledFromStakeHolderGroupDuringTheYear","NumberOfComplaintsPendingFromStakeHolderGroupResolutionAtTheEndOfYear","RemarksStakeHolderGroupFromWhomComplaintIsReceived","NumberOfComplaintsFiledFromStakeHolderGroupDuringTheYear","NumberOfComplaintsPendingFromStakeHolderGroupResolutionAtTheEndOfYear","RemarksStakeHolderGroupFromWhomComplaintIsReceived","DetailsForGrievanceRedressalMechanismInPlaceIsNotApplicableExplanatoryTextBlock"]
[null,null,null,null,"Other (please specify)","Add details"]
[null,null,null,27,"Overview of the entity’s material responsible business conduct issues","Add details"]
[null,null,null,28,"Notes",null,null,null,null,null,null,null,null,null,null,null,null,null,null,null,null,null,null,null,null,null,"NotesGeneralDisclosureExplanatoryTextBlock"]

{"sheet":"Stock exchange","index":2,"n_rows":9,"n_cols":17,"rows_kept":9,"cut":false,"hidden":false,"merged":[[7,3,7,6],[10,3,10,6]]}
[null,null,null,null,null,null,null,null,0,null,null,null,null,"BSE","NSE","MSEI","Others"]
[null,null,null,null,"NameOfStockExchangeWhereTheCompanyIsListed","DescriptionOfOtherStockExchangeWhereTheCompanyIsListed","CountryOfOtherStockExchange"]
[]
[]
[]
[]
[null,null,null,null,null,null,"Back"]
[null,null,null,"Details of the Stock Exchanges"]
[null,null,null,"Sr. No.","Name of the Stock exchange ","Description of other stock exchange","Name of the Country"]

{"sheet":"Name of assurance Provider","index":3,"n_rows":10,"n_cols":15,"rows_kept":10,"cut":false,"hidden":true,"merged":[[7,3,7,8],[10,3,10,4]]}
[null,null,null,null,null,null,null,null,0]
[null,null,null,null,"NameOfTheCompanyOrLLPOrFirmOfAssessmentOrAssuranceProvider","CompanyIDOrLLPIDOrFirmIDOfAssessmentOrAssuranceProvider","NameOfTheAssessorOrAssurer","DesignationOfAssessorOrAssurer","DateOfSigningByAssessorOrAssurer"]
[]
[]
[" "]
[]
[null,null,null,null,null,null,null,null,"Back"]
[null,null,null,"Name of assessment or assurance provider"]
[null,null,null,"Sr. No.","Company / LLP / Firm Name*","Company ID / LLP ID / Firm Registration No.*","Name of assessment or assurance provider","Designation of assessor or assurer ","Date of signing"]
[null,null,null,null,null,null,null,null,null,null,null,null,null,null,"CompanyIDOrLLPIDOrFirmID"]

{"sheet":"Type of assurance obtained","index":4,"n_rows":185,"n_cols":29,"rows_kept":185,"cut":false,"hidden":true,"merged":[[165,4,165,5],[172,4,172,5],[180,4,180,5],[131,4,131,5],[145,4,145,5],[154,4,154,5],[157,4,157,5],[159,4,159,5],[99,4,99,5],[106,4,106,5],[109,4,109,5],[113,4,113,5],[125,4,125,5],[59,4,59,5],[69,4,69,5],[72,4,72,5],[77,4,77,5],[83,4,83,5],[7,4,7,8],[9,4,9,5],[10,4,10,5],[42,4,42,5],[58,4,58,5]]}
[null,null,null,null,null,null,null,null,null,null,null,null,"Reasonable",null,null,"All","Yes","Partial"]
[null,null,null,null,null,null,null,null,null,null,null,null,"Limited",null,null,"Partial","No"]
[]
[]
[]
[]
[null,null,null,null,null,null,null,null,"Back"]
[null,null,null,null,"Type of assessment or assurance obtained",null,null,null,null,null,null,null,null,null,null,null,null,null,null,null,null,null,null,null,null,null,"Whether","Assurance","Remarks"]
[null,null,null,null,"Sr. No.","Particulars","Assessment / Assurance","If “Yes” selected in Partial Assessment / Assurance, please specify the Assessment / Assurance details","Remarks "]
[null,null,null,null,"Type of assessment or assurance obtained",null,null,null,null,null,null,null,null,null,null,null,null,null,null,null,null,null,null,null,null,null,"TypeOfAssessmentOrAssuranceObtain"]
[null,null,null,null,"Section A : General Disclosures",null,null,null,null,null,null,null,null,null,null,null,null,null,null,null,null,null,null,null,null,null,"TypeOfAssuranceForSectionAGeneralDisclosures"]
[null,null,null,null,"I","Details of the listed entity",null,null,null,null,null,null,null,null,null,null,null,null,null,null,null,null,null,null,null,null,"TypeOfAssuranceForDetailsOfTheListedEntity"]
[null,null,null,null,1,"Corporate Identity Number (CIN) of the Listed Entity",null,null,null,null,null,null,null,null,null,null,null,null,null,null,null,null,null,null,null,null,"WhetherCorporateIdentityNumberIsAssuredByAssurer","AssuranceSubTypeForCorporateIdentityNumber","RemarksForAssuranceOfCorporateIdentityNumber"]
[null,null,null,null,{"$f":"E13+1","v":2},"Name of the Listed Entity",null,null,null,null,null,null,null,null,null,null,null,null,null,null,null,null,null,null,null,null,"WhetherNameOfTheCompanyIsAssuredByAssurer","AssuranceSubTypeForNameOfTheCompany","RemarksForAssuranceOfNameOfTheCompany"]
[null,null,null,null,3,"Date of Incorporation",null,null,null,null,null,null,null,null,null,null,null,null,null,null,null,null,null,null,null,null,"WhetherYearOfIncorporationIsAssuredByAssurer","AssuranceSubTypeForYearOfIncorporation","RemarksForAssuranceOfYearOfIncorporation"]
[null,null,null,null,4,"Registered office address",null,null,null,null,null,null,null,null,null,null,null,null,null,null,null,null,null,null,null,null,"WhetherAddressOfRegisteredOfficeOfCompanyIsAssuredByAssurer","AssuranceSubTypeForAddressOfRegisteredOfficeOfCompany","RemarksForAssuranceOfAddressOfRegisteredOfficeOfCompany"]
[null,null,null,null,5,"Corporate address",null,null,null,null,null,null,null,null,null,null,null,null,null,null,null,null,null,null,null,null,"WhetherAddressOfCorporateOfficeOfCompanyIsAssuredByAssurer","AssuranceSubTypeForAddressOfCorporateOfficeOfCompany","RemarksForAssuranceOfAddressOfCorporateOfficeOfCompany"]
[null,null,null,null,6,"E-mail",null,null,null,null,null,null,null,null,null,null,null,null,null,null,null,null,null,null,null,null,"WhetherEMailOfTheCompanyIsAssuredByAssurer","AssuranceSubTypeForEMailOfTheCompany","RemarksForAssuranceOfEMailOfTheCompany"]
[null,null,null,null,7,"Telephone",null,null,null,null,null,null,null,null,null,null,null,null,null,null,null,null,null,null,null,null,"WhetherTelephoneOfCompanyIsAssuredByAssurer","AssuranceSubTypeForTelephoneOfCompany","RemarksForAssuranceOfTelephoneOfCompany"]
[null,null,null,null,8,"Website",null,null,null,null,null,null,null,null,null,null,null,null,null,null,null,null,null,null,null,null,"WhetherWebsiteOfCompanyIsAssuredByAssurer","AssuranceSubTypeForWebsiteOfCompany","RemarksForAssuranceOfWebsiteOfCompany"]
[null,null,null,null,9,"Financial year for which reporting is being done",null,null,null,null,null,null,null,null,null,null,null,null,null,null,null,null,null,null,null,null,"WhetherDetailsOfFinancialYearForWhichReportingIsBeingDoneIsAssuredByAssurer","AssuranceSubTypeForDetailsOfFinancialYearForWhichReportingIsBeingDone","RemarksForAssuranceOfDetailsOfFinancialYearForWhichReportingIsBeingDone"]
[null,null,null,null,10,"Name of the Stock Exchange(s) where shares are listed",null,null,null,null,null,null,null,null,null,null,null,null,null,null,null,null,null,null,null,null,"WhetherDetailsOfTheStockExchangeWhereTheCompanyIsListedIsAssuredByAssurer","AssuranceSubTypeForDetailsOfTheStockExchangeWhereTheCompanyIsListed","RemarksForAssuranceOfDetailsOfTheStockExchangeWhereTheCompanyIsListed"]
[null,null,null,null,11,"Paid-up Capital (In Rs)",null,null,null,null,null,null,null,null,null,null,null,null,null,null,null,null,null,null,null,null,"WhetherValueOfSharesPaidUpIsAssuredByAssurer","AssuranceSubTypeForValueOfSharesPaidUp","RemarksForAssuranceOfValueOfSharesPaidUp"]
[null,null,null,null,12,"Name and contact details (telephone, email address) of the person who may be contacted in case of any queries on the BRSR report",null,null,null,null,null,null,null,null,null,null,null,null,null,null,null,null,null,null,null,null,"WhetherNameAndContactDetailsOfTheContactPersonInCaseOfAnyQueriesOnTheBRSRReportIsAssuredByAssurer","AssuranceSubTypeForNameAndContactDetailsOfTheContactPersonInCaseOfAnyQueriesOnTheBRSRReport","RemarksForAssuranceOfNameAndContactDetailsOfTheContactPersonInCaseOfAnyQueriesOnTheBRSRReport"]
[null,null,null,null,13,"Reporting boundary - Are the disclosures under this report made on a standalone basis (i.e. only for the entity) or on a consolidated basis (i.e. for the entity and all the entities which form a part of its consolidated financial statements, taken, together).",null,null,null,null,null,null,null,null,null,null,null,null,null,null,null,null,null,null,null,null,"WhetherReportingBoundaryIsAssuredByAssurer","AssuranceSubTypeForReportingBoundary","RemarksForAssuranceOfReportingBoundary"]
[null,null,null,null,"II","Products/services",null,null,null,null,null,null,null,null,null,null,null,null,null,null,null,null,null,null,null,null,"TypeOfAssuranceForDetailsOfProductsOrServices"]
[null,null,null,null,{"$f":"E25+1","v":14},"Details of business activities  (accounting for 90% of the Turnover)",null,null,null,null,null,null,null,null,null,null,null,null,null,null,null,null,null,null,null,null,"WhetherDetailsOfBusinessActivitiesAccountingForNinetyPercentOfTheTurnoverIsAssuredByAssurer","AssuranceSubTypeForDetailsOfBusinessActivitiesAccountingForNinetyPercentOfTheTurnover","RemarksForAssuranceOfDetailsOfBusinessActivitiesAccountingForNinetyPercentOfTheTurnover"]
[null,null,null,null,{"$f":"E27+1","v":15},"Products/Services sold by the entity (accounting for 90% of the entity’s Turnover)",null,null,null,null,null,null,null,null,null,null,null,null,null,null,null,null,null,null,null,null,"WhetherProductsOrServicesSoldByTheEntityAccountingForNinetyPercentOfTheTurnoverIsAssuredByAssurer","AssuranceSubTypeForProductsOrServicesSoldByTheEntityAccountingForNinetyPercentOfTheTurnover","RemarksForAssuranceOfProductsOrServicesSoldByTheEntityAccountingForNinetyPercentOfTheTurnover"]
[null,null,null,null,"III","Operations",null,null,null,null,null,null,null,null,null,null,null,null,null,null,null,null,null,null,null,null,"TypeOfAssuranceForDetailsOfOperations"]
[null,null,null,null,{"$f":"E28+1","v":16},"Number of locations where plants and/or operations/offices of the entity are situated",null,null,null,null,null,null,null,null,null,null,null,null,null,null,null,null,null,null,null,null,"WhetherDetailsOfNumberOfLocationsWherePlantsAndOrOperationsOrOfficesOfTheEntityAreSituatedIsAssuredByAssurer","AssuranceSubTypeForDetailsOfNumberOfLocationsWherePlantsAndOrOperationsOrOfficesOfTheEntityAreSituated","RemarksForAssuranceOfDetailsOfNumberOfLocationsWherePlantsAndOrOperationsOrOfficesOfTheEntityAreSituated"]
[null,null,null,null,{"$f":"E30+1","v":17},"Markets served by the entity",null,null,null,null,null,null,null,null,null,null,null,null,null,null,null,null,null,null,null,null,"WhetherMarketsServedByTheEntityIsAssuredByAssurer","AssuranceSubTypeForMarketsServedByTheEntity","RemarksForAssuranceOfMarketsServedByTheEntity"]
[null,null,null,null,"IV","Employees",null,null,null,null,null,null,null,null,null,null,null,null,null,null,null,null,null,null,null,null,"TypeOfAssuranceForDetailsOfEmployees"]
[null,null,null,null,{"$f":"E31+1","v":18},"Details as at the end of Financial Year",null,null,null,null,null,null,null,null,null,null,null,null,null,null,null,null,null,null,null,null,"WhetherDetailsOfEmployeesAsAtTheEndOfFinancialYearIsAssuredByAssurer","AssuranceSubTypeForDetailsOfEmployeesAsAtTheEndOfFinancialYear","RemarksForAssuranceOfDetailsOfEmployeesAsAtTheEndOfFinancialYear"]
[null,null,null,null,{"$f":"E33+1","v":19},"Participation/Inclusion/Representation of women",null,null,null,null,null,null,null,null,null,null,null,null,null,null,null,null,null,null,null,null,"WhetherParticipationOrInclusionOrRepresentationOfWomenIsAssuredByAssurer","AssuranceSubTypeForParticipationOrInclusionOrRepresentationOfWomen","RemarksForAssuranceOfParticipationOrInclusionOrRepresentationOfWomen"]
[null,null,null,null,{"$f":"E34+1","v":20},"Turnover rate for permanent employees and workers (Disclose trends for the past 3 years)",null,null,null,null,null,null,null,null,null,null,null,null,null,null,null,null,null,null,null,null,"WhetherTurnoverRateForPermanentEmployeesAndWorkersDiscloseTrendsForPastThreeYearsIsAssuredByAssurer","AssuranceSubTypeForTurnoverRateForPermanentEmployeesAndWorkersDiscloseTrendsForPastThreeYears","RemarksForAssuranceOfTurnoverRateForPermanentEmployeesAndWorkersDiscloseTrendsForPastThreeYears"]
[null,null,null,null,"V","Holding, Subsidiary and Associate Companies (including joint ventures)",null,null,null,null,null,null,null,null,null,null,null,null,null,null,null,null,null,null,null,null,"TypeOfAssuranceForDetailsOfHoldingSubsidiaryAndAssociateCompaniesIncludingJointVentures"]
[null,null,null,null,{"$f":"E35+1","v":21},"Names of holding / subsidiary / associate companies / joint ventures",null,null,null,null,null,null,null,null,null,null,null,null,null,null,null,null,null,null,null,null,"WhetherNamesOfHoldingSubsidiaryAssociateCompaniesJointVenturesIsAssuredByAssurer","AssuranceSubTypeForNamesOfHoldingSubsidiaryAssociateCompaniesJointVentures","RemarksForAssuranceOfNamesOfHoldingSubsidiaryAssociateCompaniesJointVentures"]
[null,null,null,null,"VI","CSR Details",null,null,null,null,null,null,null,null,null,null,null,null,null,null,null,null,null,null,null,null,"TypeOfAssuranceForDetailsOfCSR"]
[null,null,null,null,{"$f":"E37+1","v":22},"Whether CSR is applicable as per section 135 of Companies Act, 2013 / Turnover / Networth",null,null,null,null,null,null,null,null,null,null,null,null,null,null,null,null,null,null,null,null,"WhetherCSRIsApplicableAsPerSection135OfCompaniesAct2013IsAssuredByAssurer","AssuranceSubTypeForWhetherCSRIsApplicableAsPerSection135OfCompaniesAct2013","RemarksForAssuranceOfWhetherCSRIsApplicableAsPerSection135OfCompaniesAct2013"]
[null,null,null,null,"VII","Transparency and Disclosures Compliances",null,null,null,null,null,null,null,null,null,null,null,null,null,null,null,null,null,null,null,null,"TypeOfAssuranceForTransparencyAndDisclosuresCompliances"]
[null,null,null,null,{"$f":"E39+1","v":23},"Complaints/Grievances on any of the principles (Principles 1 to 9) under the National Guidelines on Responsible Business Conduct",null,null,null,null,null,null,null,null,null,null,null,null,null,null,null,null,null,null,null,null,"WhetherComplaintsOrGrievancesOnAnyOfThePrinciplesUnderTheNationalGuidelinesOnResponsibleBusinessConductIsAssuredByAssurer","AssuranceSubTypeForComplaintsOrGrievancesOnAnyOfThePrinciplesUnderTheNationalGuidelinesOnResponsibleBusinessConduct","RemarksForAssuranceOfComplaintsOrGrievancesOnAnyOfThePrinciplesUnderTheNationalGuidelinesOnResponsibleBusinessConduct"]
[null,null,null,null,{"$f":"E41+1","v":24},"Overview of the entity’s material responsible business conduct issues - Please indicate material responsible business conduct and sustainability issues pertaining to environmental and social matters that present a risk or an opportunity to your business, rationale for identifying the same, approach to adapt or mitigate the risk along-with its financial implications, as per the following format",null,null,null,null,null,null,null,null,null,null,null,null,null,null,null,null,null,null,null,null,"WhetherOverviewOfTheEntitysMaterialResponsibleBusinessConductIssuesIsAssuredByAssurer","AssuranceSubTypeForOverviewOfTheEntitysMaterialResponsibleBusinessConductIssues","RemarksForAssuranceOfOverviewOfTheEntitysMaterialResponsibleBusinessConductIssues"]
[null,null,null,null,"Section B – Management & Process Disclosures",null,null,null,null,null,null,null,null,null,null,null,null,null,null,null,null,null,null,null,null,null,"TypeOfAssuranceForSectionBManagementAndProcessDisclosures"]
[null,null,null,null,"I","Policy and management processes",null,null,null,null,null,null,null,null,null,null,null,null,null,null,null,null,null,null,null,null,"TypeOfAssuranceForPolicyAndManagementProcesses"]
[null,null,null,null,1,"Whether your entity’s policy/policies cover each principle and its core elements of the NGRBCs.",null,null,null,null,null,null,null,null,null,null,null,null,null,null,null,null,null,null,null,null,"AssurerHasAssuredWhetherYourEntitysPolicyOrPoliciesCoverEachPrincipleAndItsCoreElementsOfTheNGRBCs","AssuranceSubTypeForWhetherYourEntitysPolicyOrPoliciesCoverEachPrincipleAndItsCoreElementsOfTheNGRBCs","RemarksForAssuranceOfWhetherYourEntitysPolicyOrPoliciesCoverEachPrincipleAndItsCoreElementsOfTheNGRBCs"]
[null,null,null,null,{"$f":"E45+1","v":2},"Whether the entity has translated the policy into procedures. ",null,null,null,null,null,null,null,null,null,null,null,null,null,null,null,null,null,null,null,null,"AssurerHasAssuredWhetherTheEntityHasTranslatedThePolicyIntoProcedures","AssuranceSubTypeForWhetherTheEntityHasTranslatedThePolicyIntoProcedures","RemarksForAssuranceOfWhetherTheEntityHasTranslatedThePolicyIntoProcedures"]
[null,null,null,null,{"$f":"E46+1","v":3},"Do the enlisted policies extend to your value chain partners?",null,null,null,null,null,null,null,null,null,null,null,null,null,null,null,null,null,null,null,null,"AssurerHasAssuredWhetherTheEnlistedPoliciesExtendToYourValueChainPartners","AssuranceSubTypeForWhetherTheEnlistedPoliciesExtendToYourValueChainPartners","RemarksForAssuranceOfWhetherTheEnlistedPoliciesExtendToYourValueChainPartners"]
[null,null,null,null,4,"Name of the national and international codes/certifications/labels/ standards (e.g. Forest Stewardship Council, Fairtrade, Rainforest Alliance, Trustea) standards (e.g. SA 8000, OHSAS, ISO, BIS) adopted by your entity and mapped to each principle.",null,null,null,null,null,null,null,null,null,null,null,null,null,null,null,null,null,null,null,null,"WhetherNameOfTheNationalAndInternationalCodesOrCertificationsOrLabelsOrStandardsAdoptedByYourEntityAndMappedToEachPrincipleIsAssuredByAssurer","AssuranceSubTypeForNameOfTheNationalAndInternationalCodesOrCertificationsOrLabelsOrStandardsAdoptedByYourEntityAndMappedToEachPrinciple","RemarksForAssuranceOfNameOfTheNationalAndInternationalCodesOrCertificationsOrLabelsOrStandardsAdoptedByYourEntityAndMappedToEachPrinciple"]
[null,null,null,null,5,"Specific commitments, goals and targets set by the entity with defined timelines, if any",null,null,null,null,null,null,null,null,null,null,null,null,null,null,null,null,null,null,null,null,"WhetherSpecificCommitmentsGoalsAndTargetsSetByTheEntityWithDefinedTimelinesIsAssuredByAssurer","AssuranceSubTypeForSpecificCommitmentsGoalsAndTargetsSetByTheEntityWithDefinedTimelines","RemarksForAssuranceOfSpecificCommitmentsGoalsAndTargetsSetByTheEntityWithDefinedTimelines"]
[null,null,null,null,6,"Performance of the entity against the specific commitments, goals and targets along-with reasons in case the same are not met.",null,null,null,null,null,null,null,null,null,null,null,null,null,null,null,null,null,null,null,null,"WhetherPerformanceOfTheEntityAgainstTheSpecificCommitmentsGoalsAndTargetsAlongWithReasonsInCaseTheSameAreNotMetIsAssuredByAssurer","AssuranceSubTypeForPerformanceOfTheEntityAgainstTheSpecificCommitmentsGoalsAndTargetsAlongWithReasonsInCaseTheSameAreNotMet","RemarksForAssuranceOfPerformanceOfTheEntityAgainstTheSpecificCommitmentsGoalsAndTargetsAlongWithReasonsInCaseTheSameAreNotMet"]
[null,null,null,null,"II","Governance, leadership and oversight",null,null,null,null,null,null,null,null,null,null,null,null,null,null,null,null,null,null,null,null,"TypeOfAssuranceForGovernanceLeadershipAndOversight"]
[null,null,null,null,{"$f":"E50+1","v":7},"Statement by director responsible for the business responsibility report, highlighting ESG related challenges, targets and achievements (listed entity has flexibility regarding the placement of this disclosure)",null,null,null,null,null,null,null,null,null,null,null,null,null,null,null,null,null,null,null,null,"WhetherStatementByDirectorResponsibleForTheBusinessResponsibilityReportHighlightingESGRelatedChallengesTargetsAndAchievementsIsAssuredByAssurer","AssuranceSubTypeForStatementByDirectorResponsibleForTheBusinessResponsibilityReportHighlightingESGRelatedChallengesTargetsAndAchievements","RemarksForAssuranceOfStatementByDirectorResponsibleForTheBusinessResponsibilityReportHighlightingESGRelatedChallengesTargetsAndAchievements"]
[null,null,null,null,{"$f":"E52+1","v":8},"Details of the highest authority responsible for implementation and oversight of the Business Responsibility policy (ies)",null,null,null,null,null,null,null,null,null,null,null,null,null,null,null,null,null,null,null,null,"WhetherDetailsOfTheHighestAuthorityResponsibleForImplementationAndOversightOfTheBusinessResponsibilityPolicyIsAssuredByAssurer","AssuranceSubTypeForDetailsOfTheHighestAuthorityResponsibleForImplementationAndOversightOfTheBusinessResponsibilityPolicy","RemarksForAssuranceOfDetailsOfTheHighestAuthorityResponsibleForImplementationAndOversightOfTheBusinessResponsibilityPolicy"]
[null,null,null,null,{"$f":"E53+1","v":9},"Does the entity have a specified Committee of the Board/ Director responsible for decision making on sustainability related issues? ",null,null,null,null,null,null,null,null,null,null,null,null,null,null,null,null,null,null,null,null,"AssurerHasAssuredWhetherTheEntityHaveASpecifiedCommitteeOfTheBoardOrDirectorResponsibleForDecisionMakingOnSustainabilityRelatedIssues","AssuranceSubTypeForWhetherTheEntityHaveASpecifiedCommitteeOfTheBoardOrDirectorResponsibleForDecisionMakingOnSustainabilityRelatedIssues","RemarksForAssuranceOfWhetherTheEntityHaveASpecifiedCommitteeOfTheBoardOrDirectorResponsibleForDecisionMakingOnSustainabilityRelatedIssues"]
[null,null,null,null,"10(A)","Details of Review of NGRBCs by the Company: Performance against above policies and follow up action",null,null,null,null,null,null,null,null,null,null,null,null,null,null,null,null,null,null,null,null,"WhetherPerformanceAgainstAbovePoliciesAndFollowUpActionIsAssuredByAssurer","AssuranceSubTypeForPerformanceAgainstAbovePoliciesAndFollowUpAction","RemarksForAssuranceOfPerformanceAgainstAbovePoliciesAndFollowUpAction"]
[null,null,null,null,"10(B)","Details of Review of NGRBCs by the Company: Compliance with statutory requirements of relevance to the principles, and, rectification of any non-compliances",null,null,null,null,null,null,null,null,null,null,null,null,null,null,null,null,null,null,null,null,"WhetherComplianceWithStatutoryRequirementsOfRelevanceToThePrinciplesAndRectificationOfAnyNonCompliancesIsAssuredByAssurer","AssuranceSubTypeForComplianceWithStatutoryRequirementsOfRelevanceToThePrinciplesAndRectificationOfAnyNonCompliances","RemarksForAssuranceOfComplianceWithStatutoryRequirementsOfRelevanceToThePrinciplesAndRectificationOfAnyNonCompliances"]
[null,null,null,null,11,"Has the entity carried out independent assessment/ evaluation of the working of its policies by an external agency?",null,null,null,null,null,null,null,null,null,null,null,null,null,null,null,null,null,null,null,null,"AssurerHasAssuredWhetherTheEntityHasCarriedOutIndependentAssessmentEvaluationOfTheWorkingOfItsPoliciesByAnExternalAgency","AssuranceSubTypeForWhetherTheEntityHasCarriedOutIndependentAssessmentEvaluationOfTheWorkingOfItsPoliciesByAnExternalAgency","RemarksForAssuranceOfWhetherTheEntityHasCarriedOutIndependentAssessmentEvaluationOfTheWorkingOfItsPoliciesByAnExternalAgency"]
[null,null,null,null,{"$f":"E57+1","v":12},"If answer to question 1 above is No i.e. not all principles are covered by a policy reasons to be stated;",null,null,null,null,null,null,null,null,null,null,null,null,null,null,null,null,null,null,null,null,"WhetherReasonsIfPoliciesNotCoverEachPrincipleAndItsCoreElementsOfTheNGRBCsIsAssuredByAssurer","AssuranceSubTypeForReasonsIfPoliciesNotCoverEachPrincipleAndItsCoreElementsOfTheNGRBCs","RemarksForAssuranceOfReasonsIfPoliciesNotCoverEachPrincipleAndItsCoreElementsOfTheNGRBCs"]
[null,null,null,null,"Section C – Principle Wise Performance Disclosures",null,null,null,null,null,null,null,null,null,null,null,null,null,null,null,null,null,null,null,null,null,"TypeOfAssuranceForSectionCPrincipleWisePerformanceDisclosures"]
[null,null,null,null,"Principle 1 – Essential Indicators",null,null,null,null,null,null,null,null,null,null,null,null,null,null,null,null,null,null,null,null,null,"TypeOfAssuranceForPrinciple1EssentialIndicators"]
[null,null,null,null,1,"Percentage coverage by training and awareness programmes on any of the principles during the financial year -BOD/ KMP / Employees / Workers",null,null,null,null,null,null,null,null,null,null,null,null,null,null,null,null,null,null,null,null,"WhetherPercentageCoverageByTrainingAndAwarenessProgramsOnAnyOfThePrinciplesDuringTheFinancialYearForBODOrKMPOrEmployeeOrWorkerIsAssuredByAssurer","AssuranceSubTypeForPercentageCoverageByTrainingAndAwarenessProgramsOnAnyOfThePrinciplesDuringTheFinancialYearForBODOrKMPOrEmployeeOrWorker","RemarksForAssuranceOfPercentageCoverageByTrainingAndAwarenessProgramsOnAnyOfThePrinciplesDuringTheFinancialYearForBODOrKMPOrEmployeeOrWorker"]
[null,null,null,null,{"$f":"E61+1","v":2},"Details of fines / penalties /punishment/ award/ compounding fees/ settlement amount paid in proceedings (by the entity or by directors / KMPs) with regulators/ law enforcement agencies/ judicial institutions, in the financial year, in the following format (Note: the entity shall make disclosures on the basis of materiality as specified in Regulation 30 of SEBI (Listing Obligations and Disclosure Obligations) Regulations, 2015 and as disclosed on the entity’s website)",null,null,null,null,null,null,null,null,null,null,null,null,null,null,null,null,null,null,null,null,"WhetherDetailsOfFinesOrPenaltiesOrPunishmentOrAwardOrCompoundingFeesOrSettlementIsAssuredByAssurer","AssuranceSubTypeForDetailsOfFinesOrPenaltiesOrPunishmentOrAwardOrCompoundingFeesOrSettlement","RemarksForAssuranceOfDetailsOfFinesOrPenaltiesOrPunishmentOrAwardOrCompoundingFeesOrSettlement"]
[null,null,null,null,{"$f":"E62+1","v":3},"Of the instances disclosed in Question 2 above, details of the Appeal/ Revision preferred in cases where monetary or non-monetary action has been appealed",null,null,null,null,null,null,null,null,null,null,null,null,null,null,null,null,null,null,null,null,"WhetherDetailsOfTheAppealOrRevisionPreferredInCasesWhereMonetaryOrNonMonetaryActionHasBeenAppealedIsAssuredByAssurer","AssuranceSubTypeForDetailsOfTheAppealOrRevisionPreferredInCasesWhereMonetaryOrNonMonetaryActionHasBeenAppealed","RemarksForAssuranceOfDetailsOfTheAppealOrRevisionPreferredInCasesWhereMonetaryOrNonMonetaryActionHasBeenAppealed"]
[null,null,null,null,4,"Does the entity have an anti-corruption or anti-bribery policy? If yes, provide details in brief and if available, provide a web-link to the policy",null,null,null,null,null,null,null,null,null,null,null,null,null,null,null,null,null,null,null,null,"WhetherDetailsAndWeblinkOfAnAntiCorruptionOrAntiBriberyPolicyIsPlaceIsAssuredByAssurer","AssuranceSubTypeForDetailsAndWeblinkOfAnAntiCorruptionOrAntiBriberyPolicyIsPlace","RemarksForAssuranceOfDetailsAndWeblinkOfAnAntiCorruptionOrAntiBriberyPolicyIsPlace"]
[null,null,null,null,5,"Number of Directors/KMPs/employees/workers against whom disciplinary action was taken by any law enforcement agency for the charges of bribery/ corruption",null,null,null,null,null,null,null,null,null,null,null,null,null,null,null,null,null,null,null,null,"WhetherNumberOfDirectorsOrKMPsOrEmployeesOrWorkersAgainstWhomDisciplinaryActionWasTakenByAnyLawEnforcementAgencyForTheChargesOfBriberyOrCorruptionIsAssuredByAssurer","AssuranceSubTypeForNumberOfDirectorsOrKMPsOrEmployeesOrWorkersAgainstWhomDisciplinaryActionWasTakenByAnyLawEnforcementAgencyForTheChargesOfBriberyOrCorruption","RemarksForAssuranceOfNumberOfDirectorsOrKMPsOrEmployeesOrWorkersAgainstWhomDisciplinaryActionWasTakenByAnyLawEnforcementAgencyForTheChargesOfBriberyOrCorruption"]
[null,null,null,null,6,"Details of complaints with regard to conflict of interest",null,null,null,null,null,null,null,null,null,null,null,null,null,null,null,null,null,null,null,null,"WhetherDetailsOfComplaintsWithRegardToConflictOfInterestIsAssuredByAssurer","AssuranceSubTypeForDetailsOfComplaintsWithRegardToConflictOfInterest","RemarksForAssuranceOfDetailsOfComplaintsWithRegardToConflictOfInterest"]
[null,null,null,null,7,"Provide details of any corrective action taken or underway on issues related to fines / penalties / action taken by regulators/ law enforcement agencies/ judicial institutions, on cases of corruption and conflicts of interest",null,null,null,null,null,null,null,null,null,null,null,null,null,null,null,null,null,null,null,null,"WhetherDetailsOfAnyCorrectiveActionTakenOrUnderwayOnIssuesRelatedToFinesOrPenaltiesOrActionTakenByRegulatorsOrLawEnforcementAgenciesOrJudicialInstitutionsOnCasesOfCorruptionAndConflictsOfInterestIsAssuredByAssurer","AssuranceSubTypeForDetailsOfAnyCorrectiveActionTakenOrUnderwayOnIssuesRelatedToFinesOrPenaltiesOrActionTakenByRegulatorsOrLawEnforcementAgenciesOrJudicialInstitutionsOnCasesOfCorruptionAndConflictsOfInterest","RemarksForAssuranceOfDetailsOfAnyCorrectiveActionTakenOrUnderwayOnIssuesRelatedToFinesOrPenaltiesOrActionTakenByRegulatorsOrLawEnforcementAgenciesOrJudicialInstitutionsOnCasesOfCorruptionAndConflictsOfInterest"]
[null,null,null,null,8,"Number of days of accounts payables",null,null,null,null,null,null,null,null,null,null,null,null,null,null,null,null,null,null,null,null,"WhetherNumberOfDaysOfAccountsPayablesIsAssuredByAssurer","AssuranceSubTypeForNumberOfDaysOfAccountsPayables","RemarksForAssuranceOfNumberOfDaysOfAccountsPayables"]
[null,null,null,null,9,"Open-ness of business",null,null,null,null,null,null,null,null,null,null,null,null,null,null,null,null,null,null,null,null,"WhetherDetailsOfConcentrationOfPurchasesAndSalesWithTradingHousesDealersAndRelatedPartiesAlongWithLoansAndAdvancesAndInvestmentsWithRelatedPartiesIsAssuredByAssurer","AssuranceSubTypeForDetailsOfConcentrationOfPurchasesAndSalesWithTradingHousesDealersAndRelatedPartiesAlongWithLoansAndAdvancesAndInvestmentsWithRelatedParties","RemarksForAssuranceOfDetailsOfConcentrationOfPurchasesAndSalesWithTradingHousesDealersAndRelatedPartiesAlongWithLoansAndAdvancesAndInvestmentsWithRelatedParties"]
[null,null,null,null,"Principle 1 – Leadership Indicators",null,null,null,null,null,null,null,null,null,null,null,null,null,null,null,null,null,null,null,null,null,"TypeOfAssuranceForPrinciple1LeadershipIndicators"]
[null,null,null,null,1,"Awareness programmes conducted for value chain partners on any of the principles during the financial year",null,null,null,null,null,null,null,null,null,null,null,null,null,null,null,null,null,null,null,null,"WhetherAwarenessProgrammesConductedForValueChainPartnersOnAnyOfThePrinciplesDuringTheFinancialYearIsAssuredByAssurer","AssuranceSubTypeForAwarenessProgrammesConductedForValueChainPartnersOnAnyOfThePrinciplesDuringTheFinancialYear","RemarksForAssuranceOfAwarenessProgrammesConductedForValueChainPartnersOnAnyOfThePrinciplesDuringTheFinancialYear"]
[null,null,null,null,{"$f":"E71+1","v":2},"Does the entity have processes in place to avoid/ manage conflict of interests involving members of the Board? ",null,null,null,null,null,null,null,null,null,null,null,null,null,null,null,null,null,null,null,null,"WhetherTheEntityHaveProcessesInPlaceToAvoidOrManageConflictOfInterestsInvolvingMembersOfTheBoardIsAssuredByAssurer","AssuranceSubTypeForTheEntityHaveProcessesInPlaceToAvoidOrManageConflictOfInterestsInvolvingMembersOfTheBoard","RemarksForAssuranceOfTheEntityHaveProcessesInPlaceToAvoidOrManageConflictOfInterestsInvolvingMembersOfTheBoard"]
[null,null,null,null,"Principle 2 – Essential Indicators",null,null,null,null,null,null,null,null,null,null,null,null,null,null,null,null,null,null,null,null,null,"TypeOfAssuranceForPrinciple2EssentialIndicators"]
[null,null,null,null,1,"Percentage of R&D and capital expenditure (capex) investments in specific technologies to improve the environmental and social impacts of product and processes to total R&D and capex investments made by the entity, respectively",null,null,null,null,null,null,null,null,null,null,null,null,null,null,null,null,null,null,null,null,"WhetherPercentageOfRAndDAndCapitalExpenditureInvestmentsInSpecificTechnologiesIsAssuredByAssurer","AssuranceSubTypeForPercentageOfRAndDAndCapitalExpenditureInvestmentsInSpecificTechnologies","RemarksForAssuranceOfPercentageOfRAndDAndCapitalExpenditureInvestmentsInSpecificTechnologies"]
[null,null,null,null,{"$f":"E74+1","v":2},"Does the entity have procedures in place for sustainable sourcing - if Yes, what %?",null,null,null,null,null,null,null,null,null,null,null,null,null,null,null,null,null,null,null,null,"WhetherTheEntityHaveProceduresInPlaceForSustainableSourcingAndPercentageOfInputsWereSourcedSustainablyIsAssuredByAssurer","AssuranceSubTypeForTheEntityHaveProceduresInPlaceForSustainableSourcingAndPercentageOfInputsWereSourcedSustainably","RemarksForAssuranceOfTheEntityHaveProceduresInPlaceForSustainableSourcingAndPercentageOfInputsWereSourcedSustainably"]
[null,null,null,null,{"$f":"E75+1","v":3},"Describe the processes in place to safely reclaim your products for reusing, recycling and disposing at the end of life, for (a) Plastics (including packaging) (b) E-waste (c) Hazardous waste and (d) other waste",null,null,null,null,null,null,null,null,null,null,null,null,null,null,null,null,null,null,null,null,"WhetherDescribeTheProcessesInPlaceToSafelyReclaimYourProductsForReusingRecyclingAndDisposingAtTheEndOfLifeForPlasticsIncludingPackagingEWasteHazardousWasteAndOtherWasteIsAssuredByAssurer","AssuranceSubTypeForDescribeTheProcessesInPlaceToSafelyReclaimYourProductsForReusingRecyclingAndDisposingAtTheEndOfLifeForPlasticsIncludingPackagingEWasteHazardousWasteAndOtherWaste","RemarksForAssuranceOfDescribeTheProcessesInPlaceToSafelyReclaimYourProductsForReusingRecyclingAndDisposingAtTheEndOfLifeForPlasticsIncludingPackagingEWasteHazardousWasteAndOtherWaste"]
[null,null,null,null,4,"Whether Extended Producer Responsibility (EPR) is applicable to the entity’s activities (Yes / No). If yes, whether the waste collection plan is in line with the Extended Producer Responsibility (EPR) plan submitted to Pollution Control Boards? If not, provide steps taken to address the same",null,null,null,null,null,null,null,null,null,null,null,null,null,null,null,null,null,null,null,null,"AssurerHasAssuredWhetherTheWasteCollectionPlanIsInLineWithTheExtendedProducerResponsibilityPlanSubmittedToPollutionControlBoardsAndStepsTakenToAddressTheWasteCollectionPlanIfNotSubmitted","AssuranceSubTypeForWhetherTheWasteCollectionPlanIsInLineWithTheExtendedProducerResponsibilityPlanSubmittedToPollutionControlBoardsAndStepsTakenToAddressTheWasteCollectionPlanIfNotSubmitted","RemarksForAssuranceOfWhetherTheWasteCollectionPlanIsInLineWithTheExtendedProducerResponsibilityPlanSubmittedToPollutionControlBoardsAndStepsTakenToAddressTheWasteCollectionPlanIfNotSubmitted"]
[null,null,null,null,"Principle 2 – Leadership Indicators",null,null,null,null,null,null,null,null,null,null,null,null,null,null,null,null,null,null,null,null,null,"TypeOfAssuranceForPrinciple2LeadershipIndicators"]
[null,null,null,null,1,"Has the entity conducted Life Cycle Perspective / Assessments (LCA) for any of its products (for manufacturing industry) or for its services (for service industry)? If yes, provide details in the following format?",null,null,null,null,null,null,null,null,null,null,null,null,null,null,null,null,null,null,null,null,"AssurerHasAssuredWhetherTheEntityConductedLifeCyclePerspectiveOrAssessmentsForAnyOfItsProductsOrForItsServices","AssuranceSubTypeForWhetherTheEntityConductedLifeCyclePerspectiveOrAssessmentsForAnyOfItsProductsOrForItsServices","RemarksForAssuranceOfWhetherTheEntityConductedLifeCyclePerspectiveOrAssessmentsForAnyOfItsProductsOrForItsServices"]
[null,null,null,null,{"$f":"E79+1","v":2},"If there are any significant social or environmental concerns and/or risks arising from production or disposal of your products / services, as identified in the Life Cycle Perspective / Assessments (LCA) or through any other means, briefly describe the same along-with action taken to mitigate the same",null,null,null,null,null,null,null,null,null,null,null,null,null,null,null,null,null,null,null,null,"WhetherDetailsOfSignificantSocialOrEnvironmentalConcernsFromProductionOrDisposalOfProductOrServiceWithActionTakenToMitigateTheSameIsAssuredByAssurer","AssuranceSubTypeForDetailsOfSignificantSocialOrEnvironmentalConcernsFromProductionOrDisposalOfProductOrServiceWithActionTakenToMitigateTheSame","RemarksForAssuranceOfDetailsOfSignificantSocialOrEnvironmentalConcernsFromProductionOrDisposalOfProductOrServiceWithActionTakenToMitigateTheSame"]
[null,null,null,null,{"$f":"E80+1","v":3},"Percentage of recycled or reused input material to total material (by value) used in production (for manufacturing industry) or providing services (for service industry)",null,null,null,null,null,null,null,null,null,null,null,null,null,null,null,null,null,null,null,null,"WhetherDetailsOfPercentageOfRecycledOrReusedInputMaterialToTotalMaterialByValueUsedInProductionOrProvidingServicesIsAssuredByAssurer","AssuranceSubTypeForDetailsOfPercentageOfRecycledOrReusedInputMaterialToTotalMaterialByValueUsedInProductionOrProvidingServices","RemarksForAssuranceOfDetailsOfPercentageOfRecycledOrReusedInputMaterialToTotalMaterialByValueUsedInProductionOrProvidingServices"]
[null,null,null,null,4,"Of the products and packaging reclaimed at end of life of products, amount (in metric tonnes) reused, recycled, and safely disposed, as per the following format:",null,null,null,null,null,null,null,null,null,null,null,null,null,null,null,null,null,null,null,null,"WhetherTheProductsAndPackagingReclaimedAtEndOfLifeOfProductsAmountReusedOrRecycledOrSafelyDisposedIsAssuredByAssurer","AssuranceSubTypeForTheProductsAndPackagingReclaimedAtEndOfLifeOfProductsAmountReusedOrRecycledOrSafelyDisposed","RemarksForAssuranceOfTheProductsAndPackagingReclaimedAtEndOfLifeOfProductsAmountReusedOrRecycledOrSafelyDisposed"]
[null,null,null,null,5,"Reclaimed products and their packaging materials (as percentage of products sold) for each product category",null,null,null,null,null,null,null,null,null,null,null,null,null,null,null,null,null,null,null,null,"WhetherDetailsOfReclaimedProductsAndTheirPackagingMaterialsForEachProductCategoryIsAssuredByAssurer","AssuranceSubTypeForDetailsOfReclaimedProductsAndTheirPackagingMaterialsForEachProductCategory","RemarksForAssuranceOfDetailsOfReclaimedProductsAndTheirPackagingMaterialsForEachProductCategory"]
[null,null,null,null,"Principle 3 – Essential Indicators",null,null,null,null,null,null,null,null,null,null,null,null,null,null,null,null,null,null,null,null,null,"TypeOfAssuranceForPrinciple3EssentialIndicators"]
[null,null,null,null,1,"a. Details of measures for the well-being of employees                                                                                                                                  b. Details of measures for the well-being of workers\nc. spending on measures towards well-being of employees and workers",null,null,null,null,null,null,null,null,null,null,null,null,null,null,null,null,null,null,null,null,"WhetherDetailsOfMeasuresForTheWellBeingOfEmployeesAndWorkersAndSpendingOnItIsAssuredByAssurer","AssuranceSubTypeForDetailsOfMeasuresForTheWellBeingOfEmployeesAndWorkersAndSpendingOnIt","RemarksForAssuranceOfDetailsOfMeasuresForTheWellBeingOfEmployeesAndWorkersAndSpendingOnIt"]
[null,null,null,null,{"$f":"E85+1","v":2},"Details of retirement benefits, for Current FY and Previous Financial Year",null,null,null,null,null,null,null,null,null,null,null,null,null,null,null,null,null,null,null,null,"WhetherDetailsOfRetirementBenefitsIsAssuredByAssurer","AssuranceSubTypeForDetailsOfRetirementBenefits","RemarksForAssuranceOfDetailsOfRetirementBenefits"]
[null,null,null,null,{"$f":"E86+1","v":3},"Accessibility of workplaces\nAre the premises / offices of the entity accessible to differently abled employees and workers, as per the requirements of the Rights of Persons with Disabilities Act, 2016? If not, whether any steps are being taken by the entity in this regard",null,null,null,null,null,null,null,null,null,null,null,null,null,null,null,null,null,null,null,null,"WhetherThePremisesOrOfficesOfTheEntityAccessibleToDifferentlyAbledEmployeesAndWorkersAndStepsAreBeingTakenByTheEntityIfThePremisesOrOfficesOfTheEntityNotAccessibleIsAssuredByAssurer","AssuranceSubTypeForThePremisesOrOfficesOfTheEntityAccessibleToDifferentlyAbledEmployeesAndWorkersAndStepsAreBeingTakenByTheEntityIfThePremisesOrOfficesOfTheEntityNotAccessible","RemarksForAssuranceOfThePremisesOrOfficesOfTheEntityAccessibleToDifferentlyAbledEmployeesAndWorkersAndStepsAreBeingTakenByTheEntityIfThePremisesOrOfficesOfTheEntityNotAccessible"]
[null,null,null,null,4,"Does the entity have an equal opportunity policy as per the Rights of Persons with Disabilities Act, 2016? If so, provide a web-link to the policy",null,null,null,null,null,null,null,null,null,null,null,null,null,null,null,null,null,null,null,null,"AssurerHasAssuredWhetherTheEntityHaveAnEqualOpportunityPolicyAsPerTheRightsOfPersonsWithDisabilitiesAct2016","AssuranceSubTypeForWhetherTheEntityHaveAnEqualOpportunityPolicyAsPerTheRightsOfPersonsWithDisabilitiesAct2016","RemarksForAssuranceOfWhetherTheEntityHaveAnEqualOpportunityPolicyAsPerTheRightsOfPersonsWithDisabilitiesAct2016"]
[null,null,null,null,5,"Return to work and Retention rates of permanent employees and workers that took parental leave",null,null,null,null,null,null,null,null,null,null,null,null,null,null,null,null,null,null,null,null,"WhetherReturnToWorkAndRetentionRatesOfPermanentEmployeesAndWorkersThatTookParentalLeaveIsAssuredByAssurer","AssuranceSubTypeForReturnToWorkAndRetentionRatesOfPermanentEmployeesAndWorkersThatTookParentalLeave","RemarksForAssuranceOfReturnToWorkAndRetentionRatesOfPermanentEmployeesAndWorkersThatTookParentalLeave"]
[null,null,null,null,6,"Is there a mechanism available to receive and redress grievances for the following categories of employees and worker? If yes, give details of the mechanism in brief",null,null,null,null,null,null,null,null,null,null,null,null,null,null,null,null,null,null,null,null,"AssurerHasAssuredWhetherIsThereAMechanismAvailableToReceiveAndRedressGrievancesForTheFollowingCategoriesOfEmployeesAndWorker","AssuranceSubTypeForWhetherIsThereAMechanismAvailableToReceiveAndRedressGrievancesForTheFollowingCategoriesOfEmployeesAndWorker","RemarksForAssuranceOfWhetherIsThereAMechanismAvailableToReceiveAndRedressGrievancesForTheFollowingCategoriesOfEmployeesAndWorker"]
[null,null,null,null,7,"Membership of employees and worker in association(s) or Unions recognised by the listed entity",null,null,null,null,null,null,null,null,null,null,null,null,null,null,null,null,null,null,null,null,"WhetherMembershipOfEmployeesAndWorkerInAssociationsOrUnionsRecognisedByTheListedEntityIsAssuredByAssurer","AssuranceSubTypeForMembershipOfEmployeesAndWorkerInAssociationsOrUnionsRecognisedByTheListedEntity","RemarksForAssuranceOfMembershipOfEmployeesAndWorkerInAssociationsOrUnionsRecognisedByTheListedEntity"]
[null,null,null,null,8,"Details of training given to employees and workers",null,null,null,null,null,null,null,null,null,null,null,null,null,null,null,null,null,null,null,null,"WhetherDetailsOfTrainingGivenToEmployeesAndWorkersIsAssuredByAssurer","AssuranceSubTypeForDetailsOfTrainingGivenToEmployeesAndWorkers","RemarksForAssuranceOfDetailsOfTrainingGivenToEmployeesAndWorkers"]
[null,null,null,null,9,"Details of performance and career development reviews of employees and worker -\nMale /Female",null,null,null,null,null,null,null,null,null,null,null,null,null,null,null,null,null,null,null,null,"WhetherDetailsOfPerformanceAndCareerDevelopmentReviewsOfEmployeesAndWorkerIsAssuredByAssurer","AssuranceSubTypeForDetailsOfPerformanceAndCareerDevelopmentReviewsOfEmployeesAndWorker","RemarksForAssuranceOfDetailsOfPerformanceAndCareerDevelopmentReviewsOfEmployeesAndWorker"]
[null,null,null,null,10,"Health and safety management system:\na. Whether an occupational health and safety management system has been implemented by the entity? (Yes/ No). If yes, the coverage such system?\nb. What are the processes used to identify work-related hazards and assess risks on a routine and non-routine basis by the entity?\nc. Whether you have processes for workers to report the work-related hazards and to remove themselves from such risks\nd. Do the employees/ worker of the entity have access to non-occupational medical and healthcare services?",null,null,null,null,null,null,null,null,null,null,null,null,null,null,null,null,null,null,null,null,"WhetherHealthAndSafetyManagementSystemIsAssuredByAssurer","AssuranceSubTypeForHealthAndSafetyManagementSystem","RemarksForAssuranceOfHealthAndSafetyManagementSystem"]
[null,null,null,null,11,"Details of safety related incidents, in the following format",null,null,null,null,null,null,null,null,null,null,null,null,null,null,null,null,null,null,null,null,"WhetherDetailsOfSafetyRelatedIncidentsIsAssuredByAssurer","AssuranceSubTypeForDetailsOfSafetyRelatedIncidents","RemarksForAssuranceOfDetailsOfSafetyRelatedIncidents"]
[null,null,null,null,12,"Describe the measures taken by the entity to ensure a safe and healthy work place",null,null,null,null,null,null,null,null,null,null,null,null,null,null,null,null,null,null,null,null,"WhetherMeasuresTakenByTheEntityToEnsureASafeAndHealthyWorkPlaceIsAssuredByAssurer","AssuranceSubTypeForMeasuresTakenByTheEntityToEnsureASafeAndHealthyWorkPlace","RemarksForAssuranceOfMeasuresTakenByTheEntityToEnsureASafeAndHealthyWorkPlace"]
[null,null,null,null,13,"Number of Complaints on the following made by employees and workers",null,null,null,null,null,null,null,null,null,null,null,null,null,null,null,null,null,null,null,null,"WhetherDetailsOfComplaintsMadeByEmployeesAndWorkersIsAssuredByAssurerAsPerP3","AssuranceSubTypeForDetailsOfComplaintsMadeByEmployeesAndWorkersAsPerP3","RemarksForAssuranceOfDetailsOfComplaintsMadeByEmployeesAndWorkersAsPerP3"]
[null,null,null,null,14,"Assessments for the year",null,null,null,null,null,null,null,null,null,null,null,null,null,null,null,null,null,null,null,null,"WhetherAssessmentsOfYourPlantsAndOfficesThatWereAssessedForTheYearP3IsAssuredByAssurer","AssuranceSubTypeForAssessmentsOfYourPlantsAndOfficesThatWereAssessedForTheYearP3","RemarksForAssuranceOfAssessmentsOfYourPlantsAndOfficesThatWereAssessedForTheYearP3"]
[null,null,null,null,15,"Provide details of any corrective action taken or underway to address safety-related incidents (if any) and on significant risks / concerns arising from assessments of health & safety practices and working conditions",null,null,null,null,null,null,null,null,null,null,null,null,null,null,null,null,null,null,null,null,"WhetherDetailsOfAnyCorrectiveActionTakenOrUnderwayToAddressSafetyRelatedIncidentsOfYourPlantsAndOfficesThatWereAssessedIsAssuredByAssurer","AssuranceSubTypeForDetailsOfAnyCorrectiveActionTakenOrUnderwayToAddressSafetyRelatedIncidentsOfYourPlantsAndOfficesThatWereAssessed","RemarksForAssuranceOfDetailsOfAnyCorrectiveActionTakenOrUnderwayToAddressSafetyRelatedIncidentsOfYourPlantsAndOfficesThatWereAssessed"]
[null,null,null,null,"Principle 3 – Leadership Indicators",null,null,null,null,null,null,null,null,null,null,null,null,null,null,null,null,null,null,null,null,null,"TypeOfAssuranceForPrinciple3LeadershipIndicators"]
[null,null,null,null,1,"Does the entity extend any life insurance or any compensatory package in the event of death of (A) Employees (Y/N) (B) Workers (Y/N)",null,null,null,null,null,null,null,null,null,null,null,null,null,null,null,null,null,null,null,null,"AssurerHasAssuredWhetherTheEntityExtendAnyLifeInsuranceOrAnyCompensatoryPackageInTheEventOfDeathOfEmployees","AssuranceSubTypeForWhetherTheEntityExtendAnyLifeInsuranceOrAnyCompensatoryPackageInTheEventOfDeathOfEmployees","RemarksForAssuranceOfWhetherTheEntityExtendAnyLifeInsuranceOrAnyCompensatoryPackageInTheEventOfDeathOfEmployees"]
[null,null,null,null,{"$f":"E101+1","v":2},"Provide the measures undertaken by the entity to ensure that statutory dues have been deducted and deposited by the value chain partners",null,null,null,null,null,null,null,null,null,null,null,null,null,null,null,null,null,null,null,null,"WhetherDetailsOfMeasuresUndertakenByTheEntityToEnsureThatStatutoryDuesHaveBeenDeductedAndDepositedByTheValueChainPartnersIsAssuredByAssurer","AssuranceSubTypeForDetailsOfMeasuresUndertakenByTheEntityToEnsureThatStatutoryDuesHaveBeenDeductedAndDepositedByTheValueChainPartners","RemarksForAssuranceOfDetailsOfMeasuresUndertakenByTheEntityToEnsureThatStatutoryDuesHaveBeenDeductedAndDepositedByTheValueChainPartners"]
[null,null,null,null,{"$f":"E102+1","v":3},"Provide the number of employees / workers having suffered high consequence work-related injury / ill-health / fatalities (as reported in Q11 of Essential Indicators above), who have been are rehabilitated and placed in suitable employment or whose family members have been placed in suitable employment:",null,null,null,null,null,null,null,null,null,null,null,null,null,null,null,null,null,null,null,null,"WhetherDetailsOfNumberOfEmployeesOrWorkersHavingSufferedHighConsequenceWorkRelatedInjuryOrIllHealthOrFatalitiesWhoOrWhoseFamilyMembersAreRehabilitatedAndPlacedInSuitableEmploymentIsAssuredByAssurer","AssuranceSubTypeForDetailsOfNumberOfEmployeesOrWorkersHavingSufferedHighConsequenceWorkRelatedInjuryOrIllHealthOrFatalitiesWhoOrWhoseFamilyMembersAreRehabilitatedAndPlacedInSuitableEmployment","RemarksForAssuranceOfDetailsOfNumberOfEmployeesOrWorkersHavingSufferedHighConsequenceWorkRelatedInjuryOrIllHealthOrFatalitiesWhoOrWhoseFamilyMembersAreRehabilitatedAndPlacedInSuitableEmployment"]
[null,null,null,null,4,"Does the entity provide transition assistance programs to facilitate continued employability and the management of career endings resulting from retirement or termination of employment?",null,null,null,null,null,null,null,null,null,null,null,null,null,null,null,null,null,null,null,null,"AssurerHasAssuredWhetherTheEntityProvideTransitionAssistanceProgramsToFacilitateContinuedEmployabilityAndTheManagementOfCareerEndingsResultingFromRetirementOrTerminationOfEmployment","AssuranceSubTypeForWhetherTheEntityProvideTransitionAssistanceProgramsToFacilitateContinuedEmployabilityAndTheManagementOfCareerEndingsResultingFromRetirementOrTerminationOfEmployment","RemarksForAssuranceOfWhetherTheEntityProvideTransitionAssistanceProgramsToFacilitateContinuedEmployabilityAndTheManagementOfCareerEndingsResultingFromRetirementOrTerminationOfEmployment"]
[null,null,null,null,5,"Details on assessment of value chain partners",null,null,null,null,null,null,null,null,null,null,null,null,null,null,null,null,null,null,null,null,"WhetherDetailsOnAssessmentOfValueChainPartnersP3IsAssuredByAssurer","AssuranceSubTypeForDetailsOnAssessmentOfValueChainPartnersP3","RemarksForAssuranceOfDetailsOnAssessmentOfValueChainPartnersP3"]
[null,null,null,null,6,"Provide details of any corrective actions taken or underway to address significant risks / concerns arising from assessments of health and safety practices and working conditions of value chain partners",null,null,null,null,null,null,null,null,null,null,null,null,null,null,null,null,null,null,null,null,"WhetherDetailsOfAnyCorrectiveActionTakenOrUnderwayToAddressSafetyRelatedIncidentsOnAssessmentOfValueChainPartnersIsAssuredByAssurer","AssuranceSubTypeForDetailsOfAnyCorrectiveActionTakenOrUnderwayToAddressSafetyRelatedIncidentsOnAssessmentOfValueChainPartners","RemarksForAssuranceOfDetailsOfAnyCorrectiveActionTakenOrUnderwayToAddressSafetyRelatedIncidentsOnAssessmentOfValueChainPartners"]
[null,null,null,null,"Principle 4 – Essential Indicators",null,null,null,null,null,null,null,null,null,null,null,null,null,null,null,null,null,null,null,null,null,"TypeOfAssuranceForPrinciple4EssentialIndicators"]
[null,null,null,null,1,"Describe the processes for identifying key stakeholder groups of the entity",null,null,null,null,null,null,null,null,null,null,null,null,null,null,null,null,null,null,null,null,"WhetherTheProcessesForIdentifyingKeyStakeholderGroupsOfTheEntityIsAssuredByAssurer","AssuranceSubTypeForTheProcessesForIdentifyingKeyStakeholderGroupsOfTheEntity","RemarksForAssuranceOfTheProcessesForIdentifyingKeyStakeholderGroupsOfTheEntity"]
[null,null,null,null,{"$f":"E108+1","v":2},"List stakeholder groups identified as key for your entity and the frequency of engagement with each stakeholder group",null,null,null,null,null,null,null,null,null,null,null,null,null,null,null,null,null,null,null,null,"WhetherListStakeholderGroupsIdentifiedAsKeyForYourEntityAndTheFrequencyOfEngagementWithEachStakeholderGroupIsAssuredByAssurer","AssuranceSubTypeForListStakeholderGroupsIdentifiedAsKeyForYourEntityAndTheFrequencyOfEngagementWithEachStakeholderGroup","RemarksForAssuranceOfListStakeholderGroupsIdentifiedAsKeyForYourEntityAndTheFrequencyOfEngagementWithEachStakeholderGroup"]
[null,null,null,null,"Principle 4 – Leadership Indicators",null,null,null,null,null,null,null,null,null,null,null,null,null,null,null,null,null,null,null,null,null,"TypeOfAssuranceForPrinciple4LeadershipIndicators"]
[null,null,null,null,1,"Provide the processes for consultation between stakeholders and the Board on economic, environmental, and social topics or if consultation is delegated, how is feedback from such consultations provided to the Board",null,null,null,null,null,null,null,null,null,null,null,null,null,null,null,null,null,null,null,null,"WhetherTheProcessesForConsultationBetweenStakeholdersAndTheBoardOnEconomicEnvironmentalAndSocialTopicsOrIfConsultationIsDelegatedHowIsFeedbackFromSuchConsultationsProvidedToTheBoardIsAssuredByAssurer","AssuranceSubTypeForTheProcessesForConsultationBetweenStakeholdersAndTheBoardOnEconomicEnvironmentalAndSocialTopicsOrIfConsultationIsDelegatedHowIsFeedbackFromSuchConsultationsProvidedToTheBoard","RemarksForAssuranceOfTheProcessesForConsultationBetweenStakeholdersAndTheBoardOnEconomicEnvironmentalAndSocialTopicsOrIfConsultationIsDelegatedHowIsFeedbackFromSuchConsultationsProvidedToTheBoard"]
[null,null,null,null,{"$f":"E111+1","v":2},"Whether stakeholder consultation is used to support the identification and management of environmental, and social topics (Yes / No). If so, provide details of instances as to how the inputs received from stakeholders on these topics were incorporated into policies and activities of the entity",null,null,null,null,null,null,null,null,null,null,null,null,null,null,null,null,null,null,null,null,"AssurerHasAssuredWhetherStakeholderConsultationIsUsedToSupportTheIdentificationAndManagementOfEnvironmentalAndSocialTopics","AssuranceSubTypeForWhetherStakeholderConsultationIsUsedToSupportTheIdentificationAndManagementOfEnvironmentalAndSocialTopics","RemarksForAssuranceOfWhetherStakeholderConsultationIsUsedToSupportTheIdentificationAndManagementOfEnvironmentalAndSocialTopics"]
[null,null,null,null,{"$f":"E112+1","v":3},"Provide details of instances of engagement with, and actions taken to, address the concerns of vulnerable/ marginalized stakeholder groups",null,null,null,null,null,null,null,null,null,null,null,null,null,null,null,null,null,null,null,null,"WhetherDetailsOfInstancesOfEngagementWithAndActionsTakenToAddressTheConcernsOfVulnerableOrMarginalizedStakeholderGroupsIsAssuredByAssurer","AssuranceSubTypeForDetailsOfInstancesOfEngagementWithAndActionsTakenToAddressTheConcernsOfVulnerableOrMarginalizedStakeholderGroups","RemarksForAssuranceOfDetailsOfInstancesOfEngagementWithAndActionsTakenToAddressTheConcernsOfVulnerableOrMarginalizedStakeholderGroups"]
[null,null,null,null,"Principle 5 – Essential Indicators",null,null,null,null,null,null,null,null,null,null,null,null,null,null,null,null,null,null,null,null,null,"TypeOfAssuranceForPrinciple5EssentialIndicators"]
[null,null,null,null,1,"Employees and workers who have been provided training on human rights issues and policy(ies) of the entity, in the following format:",null,null,null,null,null,null,null,null,null,null,null,null,null,null,null,null,null,null,null,null,"WhetherEmployeesAndWorkersWhoHaveBeenProvidedTrainingOnHumanRightsIssuesAndPoliciesOfTheEntityIsAssuredByAssurer","AssuranceSubTypeForEmployeesAndWorkersWhoHaveBeenProvidedTrainingOnHumanRightsIssuesAndPoliciesOfTheEntity","RemarksForAssuranceOfEmployeesAndWorkersWhoHaveBeenProvidedTrainingOnHumanRightsIssuesAndPoliciesOfTheEntity"]
[null,null,null,null,{"$f":"E115+1","v":2},"Details of minimum wages paid to employees and workers, in the following format:",null,null,null,null,null,null,null,null,null,null,null,null,null,null,null,null,null,null,null,null,"WhetherDetailsOfMinimumWagesPaidToEmployeesAndWorkersIsAssuredByAssurer","AssuranceSubTypeForDetailsOfMinimumWagesPaidToEmployeesAndWorkers","RemarksForAssuranceOfDetailsOfMinimumWagesPaidToEmployeesAndWorkers"]
[null,null,null,null,{"$f":"E116+1","v":3},"Details of remuneration/salary/wages, in the following format:\na. median remuneration /wages\nb. gross wages paid to females as percentage of total wages",null,null,null,null,null,null,null,null,null,null,null,null,null,null,null,null,null,null,null,null,"WhetherDetailsOfMedianOfRemunerationOrSalaryOrWagesAndWagesPaidToFemaleIsAssuredByAssurer","AssuranceSubTypeForDetailsOfMedianOfRemunerationOrSalaryOrWagesAndWagesPaidToFemale","RemarksForAssuranceOfDetailsOfMedianOfRemunerationOrSalaryOrWagesAndWagesPaidToFemale"]
[null,null,null,null,4,"Do you have a focal point (Individual/ Committee) responsible for addressing human rights impacts or issues caused or contributed to by the business?",null,null,null,null,null,null,null,null,null,null,null,null,null,null,null,null,null,null,null,null,"AssurerHasAssuredWhetherDoYouHaveAFocalPointResponsibleForAddressingHumanRightsImpactsOrIssuesCausedOrContributedToByTheBusiness","AssuranceSubTypeForWhetherDoYouHaveAFocalPointResponsibleForAddressingHumanRightsImpactsOrIssuesCausedOrContributedToByTheBusiness","RemarksForAssuranceOfWhetherDoYouHaveAFocalPointResponsibleForAddressingHumanRightsImpactsOrIssuesCausedOrContributedToByTheBusiness"]
[null,null,null,null,5,"Describe the internal mechanisms in place to redress grievances related to human rights issues",null,null,null,null,null,null,null,null,null,null,null,null,null,null,null,null,null,null,null,null,"WhetherTheInternalMechanismsInPlaceToRedressGrievancesRelatedToHumanRightsIssuesIsAssuredByAssurer","AssuranceSubTypeForTheInternalMechanismsInPlaceToRedressGrievancesRelatedToHumanRightsIssues","RemarksForAssuranceOfTheInternalMechanismsInPlaceToRedressGrievancesRelatedToHumanRightsIssues"]
[null,null,null,null,6,"Number of Complaints on the following made by employees and workers:",null,null,null,null,null,null,null,null,null,null,null,null,null,null,null,null,null,null,null,null,"WhetherDetailsOfComplaintsMadeByEmployeesAndWorkersIsAssuredByAssurerAsPerP5","AssuranceSubTypeForDetailsOfComplaintsMadeByEmployeesAndWorkersAsPerP5","RemarksForAssuranceOfDetailsOfComplaintsMadeByEmployeesAndWorkersAsPerP5"]
[null,null,null,null,7,"Complaints filed under the sexual harassment of women at workplace",null,null,null,null,null,null,null,null,null,null,null,null,null,null,null,null,null,null,null,null,"WhetherComplaintsFiledUnderTheSexualHarassmentOfWomenAtWorkplaceIsAssuredByAssurer","AssuranceSubTypeForComplaintsFiledUnderTheSexualHarassmentOfWomenAtWorkplace","RemarksForAssuranceOfComplaintsFiledUnderTheSexualHarassmentOfWomenAtWorkplace"]
[null,null,null,null,8,"Mechanisms to prevent adverse consequences to the complainant in discrimination and harassment cases",null,null,null,null,null,null,null,null,null,null,null,null,null,null,null,null,null,null,null,null,"WhetherMechanismsToPreventAdverseConsequencesToTheComplainantInDiscriminationAndHarassmentCasesIsAssuredByAssurer","AssuranceSubTypeForMechanismsToPreventAdverseConsequencesToTheComplainantInDiscriminationAndHarassmentCases","RemarksForAssuranceOfMechanismsToPreventAdverseConsequencesToTheComplainantInDiscriminationAndHarassmentCases"]
[null,null,null,null,9,"Do human rights requirements form part of your business agreements and contracts?",null,null,null,null,null,null,null,null,null,null,null,null,null,null,null,null,null,null,null,null,"WhetherHumanRightsRequirementsFormPartOfYourBusinessAgreementsAndContractsIsAssuredByAssurer","AssuranceSubTypeForHumanRightsRequirementsFormPartOfYourBusinessAgreementsAndContracts","RemarksForAssuranceOfHumanRightsRequirementsFormPartOfYourBusinessAgreementsAndContracts"]
[null,null,null,null,10,"Assessments for the year",null,null,null,null,null,null,null,null,null,null,null,null,null,null,null,null,null,null,null,null,"WhetherAssessmentsOfYourPlantsAndOfficesThatWereAssessedForTheYearP5IsAssuredByAssurer","AssuranceSubTypeForAssessmentsOfYourPlantsAndOfficesThatWereAssessedForTheYearP5","RemarksForAssuranceOfAssessmentsOfYourPlantsAndOfficesThatWereAssessedForTheYearP5"]
[null,null,null,null,11,"Provide details of any corrective actions taken or underway to address significant risks / concerns arising from the assessments at Question 9 above",null,null,null,null,null,null,null,null,null,null,null,null,null,null,null,null,null,null,null,null,"WhetherDetailsOfAnyCorrectiveActionsTakenOrUnderwayToAddressSignificantRisksOrConcernsArisingFromTheAssessmentsOfPlantAndOfficeIsAssuredByAssurer","AssuranceSubTypeForDetailsOfAnyCorrectiveActionsTakenOrUnderwayToAddressSignificantRisksOrConcernsArisingFromTheAssessmentsOfPlantAndOffice","RemarksForAssuranceOfDetailsOfAnyCorrectiveActionsTakenOrUnderwayToAddressSignificantRisksOrConcernsArisingFromTheAssessmentsOfPlantAndOffice"]
[null,null,null,null,"Principle 5 – Leadership Indicators",null,null,null,null,null,null,null,null,null,null,null,null,null,null,null,null,null,null,null,null,null,"TypeOfAssuranceForPrinciple5LeadershipIndicators"]
[null,null,null,null,1,"Details of a business process being modified / introduced as a result of addressing human rights grievances/complaints",null,null,null,null,null,null,null,null,null,null,null,null,null,null,null,null,null,null,null,null,"WhetherDetailsOfABusinessProcessBeingModifiedOrIntroducedAsAResultOfAddressingHumanRightsGrievancesOrComplaintsIsAssuredByAssurer","AssuranceSubTypeForDetailsOfABusinessProcessBeingModifiedOrIntroducedAsAResultOfAddressingHumanRightsGrievancesOrComplaints","RemarksForAssuranceOfDetailsOfABusinessProcessBeingModifiedOrIntroducedAsAResultOfAddressingHumanRightsGrievancesOrComplaints"]
[null,null,null,null,{"$f":"E127+1","v":2},"Details of the scope and coverage of any Human rights due-diligence conducted",null,null,null,null,null,null,null,null,null,null,null,null,null,null,null,null,null,null,null,null,"WhetherDetailsOfTheScopeAndCoverageOfAnyHumanRightsDueDiligenceConductedIsAssuredByAssurer","AssuranceSubTypeForDetailsOfTheScopeAndCoverageOfAnyHumanRightsDueDiligenceConducted","RemarksForAssuranceOfDetailsOfTheScopeAndCoverageOfAnyHumanRightsDueDiligenceConducted"]
[null,null,null,null,{"$f":"E128+1","v":3},"Is the premise/office of the entity accessible to differently abled visitors, as per the requirements of the Rights of Persons with Disabilities Act, 2016?",null,null,null,null,null,null,null,null,null,null,null,null,null,null,null,null,null,null,null,null,"AssurerHasAssuredWhetherThePremiseOrOfficeOfTheEntityAccessibleToDifferentlyAbledVisitorsAsPerTheRequirementsOfTheRightsOfPersonsWithDisabilitiesAct2016","AssuranceSubTypeForWhetherThePremiseOrOfficeOfTheEntityAccessibleToDifferentlyAbledVisitorsAsPerTheRequirementsOfTheRightsOfPersonsWithDisabilitiesAct2016","RemarksForAssuranceOfWhetherThePremiseOrOfficeOfTheEntityAccessibleToDifferentlyAbledVisitorsAsPerTheRequirementsOfTheRightsOfPersonsWithDisabilitiesAct2016"]
[null,null,null,null,4,"Details on assessment of value chain partners:",null,null,null,null,null,null,null,null,null,null,null,null,null,null,null,null,null,null,null,null,"WhetherDetailsOnAssessmentOfValueChainPartnersP5IsAssuredByAssurer","AssuranceSubTypeForDetailsOnAssessmentOfValueChainPartnersP5","RemarksForAssuranceOfDetailsOnAssessmentOfValueChainPartnersP5"]
[null,null,null,null,5,"Provide details of any corrective actions taken or underway to address significant risks / concerns arising from the assessments at Question 4 above",null,null,null,null,null,null,null,null,null,null,null,null,null,null,null,null,null,null,null,null,"WhetherDetailsOfAnyCorrectiveActionsTakenOrUnderwayToAddressSignificantRisksOrConcernsArisingFromTheAssessmentsOfValueChainPartnerIsAssuredByAssurer","AssuranceSubTypeForDetailsOfAnyCorrectiveActionsTakenOrUnderwayToAddressSignificantRisksOrConcernsArisingFromTheAssessmentsOfValueChainPartner","RemarksForAssuranceOfDetailsOfAnyCorrectiveActionsTakenOrUnderwayToAddressSignificantRisksOrConcernsArisingFromTheAssessmentsOfValueChainPartner"]
[null,null,null,null,"Principle 6 – Essential Indicators",null,null,null,null,null,null,null,null,null,null,null,null,null,null,null,null,null,null,null,null,null,"TypeOfAssuranceForPrinciple6EssentialIndicators"]
[null,null,null,null,1,"Details of total energy consumption (in Joules or multiples) and energy intensity, in the following format:",null,null,null,null,null,null,null,null,null,null,null,null,null,null,null,null,null,null,null,null,"WhetherDetailsOfTotalEnergyConsumptionInJoulesOrMultiplesAndEnergyIntensityIsAssuredByAssurer","AssuranceSubTypeForDetailsOfTotalEnergyConsumptionInJoulesOrMultiplesAndEnergyIntensity","RemarksForAssuranceOfDetailsOfTotalEnergyConsumptionInJoulesOrMultiplesAndEnergyIntensity"]
[null,null,null,null,{"$f":"E133+1","v":2},"Does the entity have any sites / facilities identified as designated consumers (DCs) under the Performance, Achieve and Trade (PAT) Scheme of the Government of India? (Y/N)\nIf yes, disclose whether targets set under the PAT scheme have been achieved. In case targets have not been achieved, provide the remedial action taken, if any",null,null,null,null,null,null,null,null,null,null,null,null,null,null,null,null,null,null,null,null,"AssurerHasAssuredWhetherTheEntityHaveAnySitesOrFacilitiesIdentifiedAsDesignatedConsumersUnderThePerformanceAchieveAndTradeSchemeOfTheGovernmentOfIndia","AssuranceSubTypeForWhetherTheEntityHaveAnySitesOrFacilitiesIdentifiedAsDesignatedConsumersUnderThePerformanceAchieveAndTradeSchemeOfTheGovernmentOfIndia","RemarksForAssuranceOfWhetherTheEntityHaveAnySitesOrFacilitiesIdentifiedAsDesignatedConsumersUnderThePerformanceAchieveAndTradeSchemeOfTheGovernmentOfIndia"]
[null,null,null,null,{"$f":"E134+1","v":3},"Provide details of the following disclosures related to water, in the following format:",null,null,null,null,null,null,null,null,null,null,null,null,null,null,null,null,null,null,null,null,"WhetherDetailsOfTheDisclosuresRelatedToWaterWithdrawalIsAssuredByAssurer","AssuranceSubTypeForDetailsOfTheDisclosuresRelatedToWaterWithdrawal","RemarksForAssuranceOfDetailsOfTheDisclosuresRelatedToWaterWithdrawal"]
[null,null,null,null,4,"Provide the following details related to water discharged:",null,null,null,null,null,null,null,null,null,null,null,null,null,null,null,null,null,null,null,null,"WhetherDetailsOfTheDisclosuresRelatedToWaterDischargedIsAssuredByAssurer","AssuranceSubTypeForDetailsOfTheDisclosuresRelatedToWaterDischarged","RemarksForAssuranceOfDetailsOfTheDisclosuresRelatedToWaterDischarged"]
[null,null,null,null,5,"Has the entity implemented a mechanism for Zero Liquid Discharge? If yes, provide details of its coverage and implementation",null,null,null,null,null,null,null,null,null,null,null,null,null,null,null,null,null,null,null,null,"WhetherTheEntityImplementedAMechanismForZeroLiquidDischargeIsAssuredByAssurer","AssuranceSubTypeForTheEntityImplementedAMechanismForZeroLiquidDischarge","RemarksForAssuranceOfTheEntityImplementedAMechanismForZeroLiquidDischarge"]
[null,null,null,null,6,"Please provide details of air emissions (other than GHG emissions) by the entity, in the following format:",null,null,null,null,null,null,null,null,null,null,null,null,null,null,null,null,null,null,null,null,"WhetherDetailsOfAirEmissionsOtherThanGhgEmissionsByTheEntityIsAssuredByAssurer","AssuranceSubTypeForDetailsOfAirEmissionsOtherThanGhgEmissionsByTheEntity","RemarksForAssuranceOfDetailsOfAirEmissionsOtherThanGhgEmissionsByTheEntity"]
[null,null,null,null,7,"Provide details of greenhouse gas emissions (Scope 1 and Scope 2 emissions) & its intensity, in the following format:",null,null,null,null,null,null,null,null,null,null,null,null,null,null,null,null,null,null,null,null,"WhetherDetailsOfGreenHouseGasEmissionsAndItsIntensityIsAssuredByAssurer","AssuranceSubTypeForDetailsOfGreenHouseGasEmissionsAndItsIntensity","RemarksForAssuranceOfDetailsOfGreenHouseGasEmissionsAndItsIntensity"]
[null,null,null,null,8,"Does the entity have any project related to reducing Green House Gas emission? If Yes, then provide details",null,null,null,null,null,null,null,null,null,null,null,null,null,null,null,null,null,null,null,null,"AssurerHasAssuredWhetherTheEntityHaveAnyProjectRelatedToReducingGreenHouseGasEmission","AssuranceSubTypeForWhetherTheEntityHaveAnyProjectRelatedToReducingGreenHouseGasEmission","RemarksForAssuranceOfWhetherTheEntityHaveAnyProjectRelatedToReducingGreenHouseGasEmission"]
[null,null,null,null,9,"Provide details related to waste management by the entity, in the following format:",null,null,null,null,null,null,null,null,null,null,null,null,null,null,null,null,null,null,null,null,"WhetherDetailsRelatedToWasteManagementByTheEntityIsAssuredByAssurer","AssuranceSubTypeForDetailsRelatedToWasteManagementByTheEntity","RemarksForAssuranceOfDetailsRelatedToWasteManagementByTheEntity"]
[null,null,null,null,10,"Briefly describe the waste management practices adopted in your establishments. Describe the strategy adopted by your company to reduce usage of hazardous and toxic chemicals in your products and processes and the practices adopted to manage such wastes",null,null,null,null,null,null,null,null,null,null,null,null,null,null,null,null,null,null,null,null,"WhetherDetailsOfWasteManagementPracticesAdoptedInYourEstablishmentsAndTheStrategyAdoptedByCompanyToReduceUsageOfHazardousAndToxicChemicalsIsAssuredByAssurer","AssuranceSubTypeForDetailsOfWasteManagementPracticesAdoptedInYourEstablishmentsAndTheStrategyAdoptedByCompanyToReduceUsageOfHazardousAndToxicChemicals","RemarksForAssuranceOfDetailsOfWasteManagementPracticesAdoptedInYourEstablishmentsAndTheStrategyAdoptedByCompanyToReduceUsageOfHazardousAndToxicChemicals"]
[null,null,null,null,11,"If the entity has operations/offices in/around ecologically sensitive areas (such as national parks, wildlife sanctuaries, biosphere reserves, wetlands, biodiversity hotspots, forests, coastal regulation zones etc.) where environmental approvals / clearances are required, please specify details in the following form",null,null,null,null,null,null,null,null,null,null,null,null,null,null,null,null,null,null,null,null,"WhetherDetailsOfOperationsOrOfficesInOrAroundEcologicallySensitiveAreasWhereEnvironmentalApprovalsOrClearancesAreRequiredIsAssuredByAssurer","AssuranceSubTypeForDetailsOfOperationsOrOfficesInOrAroundEcologicallySensitiveAreasWhereEnvironmentalApprovalsOrClearancesAreRequired","RemarksForAssuranceOfDetailsOfOperationsOrOfficesInOrAroundEcologicallySensitiveAreasWhereEnvironmentalApprovalsOrClearancesAreRequired"]
[null,null,null,null,12,"Details of environmental impact assessments of projects undertaken by the entity based on applicable laws, in the current financial year",null,null,null,null,null,null,null,null,null,null,null,null,null,null,null,null,null,null,null,null,"WhetherDetailsOfEnvironmentalImpactAssessmentsOfProjectsUndertakenByTheEntityBasedOnApplicableLawsIsAssuredByAssurer","AssuranceSubTypeForDetailsOfEnvironmentalImpactAssessmentsOfProjectsUndertakenByTheEntityBasedOnApplicableLaws","RemarksForAssuranceOfDetailsOfEnvironmentalImpactAssessmentsOfProjectsUndertakenByTheEntityBasedOnApplicableLaws"]
[null,null,null,null,13,"Is the entity compliant with the applicable environmental law/ regulations/ guidelines in India; such as the Water (Prevention and Control of Pollution) Act, Air (Prevention and Control of Pollution) Act, Environment protection act and rules thereunder (Y/N/NA). If not, provide details of all such non-compliances, in the following format:",null,null,null,null,null,null,null,null,null,null,null,null,null,null,null,null,null,null,null,null,"AssurerHasAssuredWhetherTheEntityCompliantWithTheApplicableEnvironmentalLaw","AssuranceSubTypeForWhetherTheEntityCompliantWithTheApplicableEnvironmentalLaw","RemarksForAssuranceOfWhetherTheEntityCompliantWithTheApplicableEnvironmentalLaw"]
[null,null,null,null,"Principle 6 – Leadership Indicators",null,null,null,null,null,null,null,null,null,null,null,null,null,null,null,null,null,null,null,null,null,"TypeOfAssuranceForPrinciple6LeadershipIndicators"]
[null,null,null,null,1,"Water withdrawal, consumption and discharge in areas of water stress (in kilolitres)",null,null,null,null,null,null,null,null,null,null,null,null,null,null,null,null,null,null,null,null,"WhetherWaterWithdrawalOrConsumptionAndDischargeInAreasOfWaterStressInKilolitresIsAssuredByAssurer","AssuranceSubTypeForWaterWithdrawalOrConsumptionAndDischargeInAreasOfWaterStressInKilolitres","RemarksForAssuranceOfWaterWithdrawalOrConsumptionAndDischargeInAreasOfWaterStressInKilolitres"]
[null,null,null,null,{"$f":"E147+1","v":2},"Please provide details of total Scope 3 emissions & its intensity, in the following format",null,null,null,null,null,null,null,null,null,null,null,null,null,null,null,null,null,null,null,null,"WhetherDetailsOfTotalScope3EmissionsAndItsIntensityIsAssuredByAssurer","AssuranceSubTypeForDetailsOfTotalScope3EmissionsAndItsIntensity","RemarksForAssuranceOfDetailsOfTotalScope3EmissionsAndItsIntensity"]
[null,null,null,null,{"$f":"E148+1","v":3},"With respect to the ecologically sensitive areas reported at Question 10 of Essential Indicators above, provide details of significant direct & indirect impact of the entity on biodiversity in such areas along-with prevention and remediation activities",null,null,null,null,null,null,null,null,null,null,null,null,null,null,null,null,null,null,null,null,"WhetherDetailsOfSignificantDirectAndIndirectImpactOfTheEntityOnBiodiversityInSuchAreasAlongWithPreventionAndRemediationActivitiesIsAssuredByAssurer","AssuranceSubTypeForDetailsOfSignificantDirectAndIndirectImpactOfTheEntityOnBiodiversityInSuchAreasAlongWithPreventionAndRemediationActivities","RemarksForAssuranceOfDetailsOfSignificantDirectAndIndirectImpactOfTheEntityOnBiodiversityInSuchAreasAlongWithPreventionAndRemediationActivities"]
[null,null,null,null,4,"If the entity has undertaken any specific initiatives or used innovative technology or solutions to improve resource efficiency, or reduce impact due to emissions / effluent discharge / waste generated, please provide details of the same as well as outcome of such initiatives, as per the following format",null,null,null,null,null,null,null,null,null,null,null,null,null,null,null,null,null,null,null,null,"WhetherTheEntityHasUndertakenAnySpecificInitiativesOrUsedInnovativeTechnologyOrSolutionsToImproveResourceEfficiencyIsAssuredByAssurer","AssuranceSubTypeForTheEntityHasUndertakenAnySpecificInitiativesOrUsedInnovativeTechnologyOrSolutionsToImproveResourceEfficiency","RemarksForAssuranceOfTheEntityHasUndertakenAnySpecificInitiativesOrUsedInnovativeTechnologyOrSolutionsToImproveResourceEfficiency"]
[null,null,null,null,5,"Does the entity have a business continuity and disaster management plan? Give details in 100 words/ web link",null,null,null,null,null,null,null,null,null,null,null,null,null,null,null,null,null,null,null,null,"AssurerHasAssuredWhetherTheEntityHaveABusinessContinuityAndDisasterManagementPlan","AssuranceSubTypeForWhetherTheEntityHaveABusinessContinuityAndDisasterManagementPlan","RemarksForAssuranceOfWhetherTheEntityHaveABusinessContinuityAndDisasterManagementPlan"]
[null,null,null,null,6,"Disclose any significant adverse impact to the environment, arising from the value chain of the entity. What mitigation or adaptation measures have been taken by the entity in this regard",null,null,null,null,null,null,null,null,null,null,null,null,null,null,null,null,null,null,null,null,"WhetherDiscloseAnySignificantAdverseImpactToTheEnvironmentArisingFromTheValueChainOfTheEntityWhatMitigationOrAdaptationMeasuresHaveBeenTakenByTheEntityInThisRegardIsAssuredByAssurer","AssuranceSubTypeForDiscloseAnySignificantAdverseImpactToTheEnvironmentArisingFromTheValueChainOfTheEntityWhatMitigationOrAdaptationMeasuresHaveBeenTakenByTheEntityInThisRegard","RemarksForAssuranceOfDiscloseAnySignificantAdverseImpactToTheEnvironmentArisingFromTheValueChainOfTheEntityWhatMitigationOrAdaptationMeasuresHaveBeenTakenByTheEntityInThisRegard"]
[null,null,null,null,7,"Percentage of value chain partners (by value of business done with such partners) that were assessed for environmental impacts",null,null,null,null,null,null,null,null,null,null,null,null,null,null,null,null,null,null,null,null,"WhetherPercentageOfValueChainPartnersByValueOfBusinessDoneWithSuchPartnersThatWereAssessedForEnvironmentalImpactsIsAssuredByAssurer","AssuranceSubTypeForPercentageOfValueChainPartnersByValueOfBusinessDoneWithSuchPartnersThatWereAssessedForEnvironmentalImpacts","RemarksForAssuranceOfPercentageOfValueChainPartnersByValueOfBusinessDoneWithSuchPartnersThatWereAssessedForEnvironmentalImpacts"]
[null,null,null,null,8,"How many Green Credits have been generated or procured:\na. By the listed entity\nb. By the top ten (in terms of value of purchases and sales, respectively) value chain partners",null,null,null,null,null,null,"No",null,null,null,null,null,null,null,null,null,null,null,null,null,"WhetherGreenCreditsHaveBeenGeneratedOrProcuredByTheListedEntityAndTopTenValueChainPartnersIsAssuredByAssurer","AssuranceSubTypeForGreenCreditsHaveBeenGeneratedOrProcuredByTheListedEntityAndTopTenValueChainPartnersIsAssuredByAssurer","RemarksForAssuranceOfGreenCreditsHaveBeenGeneratedOrProcuredByTheListedEntityAndTopTenValueChainPartnersIsAssuredByAssurer"]
[null,null,null,null,"Principle 7 – Essential Indicators",null,null,null,null,null,null,null,null,null,null,null,null,null,null,null,null,null,null,null,null,null,"TypeOfAssuranceForPrinciple7EssentialIndicators"]
[null,null,null,null,1,"a. Number of affiliations with trade and industry chambers/ associations                                                 b. List the top 10 trade and industry chambers/ associations (determined based on the total members of such body) the entity is a member of/ affiliated to",null,null,null,null,null,null,null,null,null,null,null,null,null,null,null,null,null,null,null,null,"WhetherTheEntityIsAMemberOfOrAffiliatedToTradeAndIndustryChambersOrAssociationsDeterminedBasedOnTheTotalMembersOfSuchBodyIsAssuredByAssurer","AssuranceSubTypeForTheEntityIsAMemberOfOrAffiliatedToTradeAndIndustryChambersOrAssociationsDeterminedBasedOnTheTotalMembersOfSuchBody","RemarksForAssuranceOfTheEntityIsAMemberOfOrAffiliatedToTradeAndIndustryChambersOrAssociationsDeterminedBasedOnTheTotalMembersOfSuchBody"]
[null,null,null,null,{"$f":"E156+1","v":2},"Provide details of corrective action taken or underway on any issues related to anti-competitive conduct by the entity, based on adverse orders from regulatory authorities",null,null,null,null,null,null,null,null,null,null,null,null,null,null,null,null,null,null,null,null,"WhetherDetailsOfCorrectiveActionTakenOrUnderwayOnAnyIssuesRelatedToAntiCompetitiveConductByTheEntityBasedOnAdverseOrdersFromRegulatoryAuthoritiesIsAssuredByAssurer","AssuranceSubTypeForDetailsOfCorrectiveActionTakenOrUnderwayOnAnyIssuesRelatedToAntiCompetitiveConductByTheEntityBasedOnAdverseOrdersFromRegulatoryAuthorities","RemarksForAssuranceOfDetailsOfCorrectiveActionTakenOrUnderwayOnAnyIssuesRelatedToAntiCompetitiveConductByTheEntityBasedOnAdverseOrdersFromRegulatoryAuthorities"]
[null,null,null,null,"Principle 7 – Leadership Indicators",null,null,null,null,null,null,null,null,null,null,null,null,null,null,null,null,null,null,null,null,null,"TypeOfAssuranceForPrinciple7LeadershipIndicators"]
[null,null,null,null,1,"Details of public policy positions advocated by the entity",null,null,null,null,null,null,"No",null,null,null,null,null,null,null,null,null,null,null,null,null,"WhetherDetailsOfPublicPolicyPositionsAdvocatedByTheEntityIsAssuredByAssurer","AssuranceSubTypeForDetailsOfPublicPolicyPositionsAdvocatedByTheEntity","RemarksForAssuranceOfDetailsOfPublicPolicyPositionsAdvocatedByTheEntity"]
[null,null,null,null,"Principle 8 – Essential Indicators",null,null,null,null,null,null,null,null,null,null,null,null,null,null,null,null,null,null,null,null,null,"TypeOfAssuranceForPrinciple8EssentialIndicators"]
[null,null,null,null,1,"Details of Social Impact Assessments (SIA) of projects undertaken by the entity based on applicable laws, in the current financial year",null,null,null,null,null,null,null,null,null,null,null,null,null,null,null,null,null,null,null,null,"WhetherDetailsOfSocialImpactAssessmentsOfProjectsUndertakenByTheEntityBasedOnApplicableLawsIsAssuredByAssurer","AssuranceSubTypeForDetailsOfSocialImpactAssessmentsOfProjectsUndertakenByTheEntityBasedOnApplicableLaws","RemarksForAssuranceOfDetailsOfSocialImpactAssessmentsOfProjectsUndertakenByTheEntityBasedOnApplicableLaws"]
[null,null,null,null,{"$f":"E161+1","v":2},"Provide information on project(s) for which ongoing Rehabilitation and Resettlement (R&R) is being undertaken by your entity, in the following format:",null,null,null,null,null,null,null,null,null,null,null,null,null,null,null,null,null,null,null,null,"WhetherDetailsOfProjectsForWhichOngoingRehabilitationAndResettlementIsBeingUndertakenByEntityIsAssuredByAssurer","AssuranceSubTypeForDetailsOfProjectsForWhichOngoingRehabilitationAndResettlementIsBeingUndertakenByEntity","RemarksForAssuranceOfDetailsOfProjectsForWhichOngoingRehabilitationAndResettlementIsBeingUndertakenByEntity"]
[null,null,null,null,{"$f":"E162+1","v":3},"Describe the mechanisms to receive and redress grievances of the community",null,null,null,null,null,null,null,null,null,null,null,null,null,null,null,null,null,null,null,null,"WhetherDescribeTheMechanismsToReceiveAndRedressGrievancesOfTheCommunityIsAssuredByAssurer","AssuranceSubTypeForDescribeTheMechanismsToReceiveAndRedressGrievancesOfTheCommunity","RemarksForAssuranceOfDescribeTheMechanismsToReceiveAndRedressGrievancesOfTheCommunity"]
[null,null,null,null,4,"Percentage of input material (inputs to total inputs by value) sourced from suppliers",null,null,null,null,null,null,null,null,null,null,null,null,null,null,null,null,null,null,null,null,"WhetherPercentageOfInputMaterialInputsToTotalInputsByValueSourcedFromSuppliersIsAssuredByAssurer","AssuranceSubTypeForPercentageOfInputMaterialInputsToTotalInputsByValueSourcedFromSuppliers","RemarksForAssuranceOfPercentageOfInputMaterialInputsToTotalInputsByValueSourcedFromSuppliers"]
[null,null,null,null,5,"Job creation in smaller towns",null,null,null,null,null,null,"No",null,null,null,null,null,null,null,null,null,null,null,null,null,"WhetherJobCreationInSmallerTownsDiscloseWagesPaidToPersonsEmployedIncludingEmployeesOrWorkersEmployedOnAPermanentOrNonPermanentOrOnContractBasisIsAssuredByAssurer","AssuranceSubTypeForJobCreationInSmallerTownsDiscloseWagesPaidToPersonsEmployedIncludingEmployeesOrWorkersEmployedOnAPermanentOrNonPermanentOrOnContractBasis","RemarksForAssuranceOfJobCreationInSmallerTownsDiscloseWagesPaidToPersonsEmployedIncludingEmployeesOrWorkersEmployedOnAPermanentOrNonPermanentOrOnContractBasis"]
[null,null,null,null,"Principle 8 – Leadership Indicators",null,null,null,null,null,null,null,null,null,null,null,null,null,null,null,null,null,null,null,null,null,"TypeOfAssuranceForPrinciple8LeadershipIndicators"]
[null,null,null,null,1,"Provide details of actions taken to mitigate any negative social impacts identified in the Social Impact Assessments (Reference: Question 1 of Essential Indicators above:",null,null,null,null,null,null,null,null,null,null,null,null,null,null,null,null,null,null,null,null,"WhetherDetailsOfActionsTakenToMitigateAnyNegativeSocialImpactsIdentifiedInTheSocialImpactAssessmentsIsAssuredByAssurer","AssuranceSubTypeForDetailsOfActionsTakenToMitigateAnyNegativeSocialImpactsIdentifiedInTheSocialImpactAssessments","RemarksForAssuranceOfDetailsOfActionsTakenToMitigateAnyNegativeSocialImpactsIdentifiedInTheSocialImpactAssessments"]
[null,null,null,null,{"$f":"E167+1","v":2},"Provide the following information on CSR projects undertaken by your entity in designated aspirational districts as identified by government bodies",null,null,null,null,null,null,null,null,null,null,null,null,null,null,null,null,null,null,null,null,"WhetherDetailsOfCSRProjectsUndertakenInDesignatedAspirationalDistrictsAsIdentifiedByGovernmentBodiesIsAssuredByAssurer","AssuranceSubTypeForDetailsOfCSRProjectsUndertakenInDesignatedAspirationalDistrictsAsIdentifiedByGovernmentBodies","RemarksForAssuranceOfDetailsOfCSRProjectsUndertakenInDesignatedAspirationalDistrictsAsIdentifiedByGovernmentBodies"]
[null,null,null,null,{"$f":"E168+1","v":3},"(a) Do you have a preferential procurement policy where you give preference to purchase from suppliers comprising marginalized /vulnerable groups?\n(b) From which marginalized /vulnerable groups do you procure?\n(c) What percentage of total procurement (by value) does it constitute?",null,null,null,null,null,null,null,null,null,null,null,null,null,null,null,null,null,null,null,null,"WhetherAPreferentialProcurementPolicyWherePreferenceToPurchaseFromSuppliersComprisingMarginalizedOrVulnerableGroupsAndItsPercentageOfTotalProcurementByValueDoesItConstituteIsAssuredByAssurer","AssuranceSubTypeForAPreferentialProcurementPolicyWherePreferenceToPurchaseFromSuppliersComprisingMarginalizedOrVulnerableGroupsAndItsPercentageOfTotalProcurementByValueDoesItConstitute","RemarksForAssuranceOfAPreferentialProcurementPolicyWherePreferenceToPurchaseFromSuppliersComprisingMarginalizedOrVulnerableGroupsAndItsPercentageOfTotalProcurementByValueDoesItConstitute"]
[null,null,null,null,4,"Details of the benefits derived and shared from the intellectual properties owned or acquired by your entity (in the current financial year), based on traditional knowledge",null,null,null,null,null,null,null,null,null,null,null,null,null,null,null,null,null,null,null,null,"WhetherDetailsOfTheBenefitsDerivedAndSharedFromTheIntellectualPropertiesOwnedOrAcquiredIsAssuredByAssurer","AssuranceSubTypeForDetailsOfTheBenefitsDerivedAndSharedFromTheIntellectualPropertiesOwnedOrAcquired","RemarksForAssuranceOfDetailsOfTheBenefitsDerivedAndSharedFromTheIntellectualPropertiesOwnedOrAcquired"]
[null,null,null,null,5,"Details of corrective actions taken or underway, based on any adverse order in intellectual property related disputes wherein usage of traditional knowledge is involved",null,null,null,null,null,null,null,null,null,null,null,null,null,null,null,null,null,null,null,null,"WhetherDetailsOfCorrectiveActionsTakenOrUnderwayBasedOnAnyAdverseOrderInIntellectualPropertyRelatedDisputesWhereinUsageOfTraditionalKnowledgeIsInvolvedIsAssuredByAssurer","AssuranceSubTypeForDetailsOfCorrectiveActionsTakenOrUnderwayBasedOnAnyAdverseOrderInIntellectualPropertyRelatedDisputesWhereinUsageOfTraditionalKnowledgeIsInvolved","RemarksForAssuranceOfDetailsOfCorrectiveActionsTakenOrUnderwayBasedOnAnyAdverseOrderInIntellectualPropertyRelatedDisputesWhereinUsageOfTraditionalKnowledgeIsInvolved"]
[null,null,null,null,6,"Details of beneficiaries of CSR Projects",null,null,null,null,null,null,null,null,null,null,null,null,null,null,null,null,null,null,null,null,"WhetherDetailsOfBeneficiariesOfCSRProjectsIsAssuredByAssurer","AssuranceSubTypeForDetailsOfBeneficiariesOfCSRProjects","RemarksForAssuranceOfDetailsOfBeneficiariesOfCSRProjects"]
[null,null,null,null,"Principle 9 – Essential Indicators",null,null,null,null,null,null,null,null,null,null,null,null,null,null,null,null,null,null,null,null,null,"TypeOfAssuranceForPrinciple9EssentialIndicators"]
[null,null,null,null,1,"Describe the mechanisms in place to receive and respond to consumer complaints and feedback",null,null,null,null,null,null,null,null,null,null,null,null,null,null,null,null,null,null,null,null,"WhetherTheMechanismsInPlaceToReceiveAndRespondToConsumerComplaintsAndFeedbackIsAssuredByAssurer","AssuranceSubTypeForTheMechanismsInPlaceToReceiveAndRespondToConsumerComplaintsAndFeedback","RemarksForAssuranceOfTheMechanismsInPlaceToReceiveAndRespondToConsumerComplaintsAndFeedback"]
[null,null,null,null,{"$f":"E174+1","v":2},"Turnover of products and/ services as a percentage of turnover from all products/service that carry information about",null,null,null,null,null,null,null,null,null,null,null,null,null,null,null,null,null,null,null,null,"WhetherTurnoverOfProductsAndOrServicesAsAPercentageOfTurnoverFromAllProductsOrServiceThatCarryInformationAboutAsAPercentageToTotalTurnoverIsAssuredByAssurer","AssuranceSubTypeForTurnoverOfProductsAndOrServicesAsAPercentageOfTurnoverFromAllProductsOrServiceThatCarryInformationAboutAsAPercentageToTotalTurnover","RemarksForAssuranceOfTurnoverOfProductsAndOrServicesAsAPercentageOfTurnoverFromAllProductsOrServiceThatCarryInformationAboutAsAPercentageToTotalTurnover"]
[null,null,null,null,{"$f":"E175+1","v":3},"Number of consumer complaints in respect of the following:",null,null,null,null,null,null,null,null,null,null,null,null,null,null,null,null,null,null,null,null,"WhetherDetailsOfNumberOfConsumerComplaintsP9IsAssuredByAssurer","AssuranceSubTypeForDetailsOfNumberOfConsumerComplaintsP9","RemarksForAssuranceOfDetailsOfNumberOfConsumerComplaintsP9"]
[null,null,null,null,4,"Details of instances of product recalls on account of safety issues",null,null,null,null,null,null,null,null,null,null,null,null,null,null,null,null,null,null,null,null,"WhetherDetailsOfInstancesOfProductRecallsOnAccountOfSafetyIssuesIsAssuredByAssurer","AssuranceSubTypeForDetailsOfInstancesOfProductRecallsOnAccountOfSafetyIssues","RemarksForAssuranceOfDetailsOfInstancesOfProductRecallsOnAccountOfSafetyIssues"]
[null,null,null,null,5,"Does the entity have a framework/ policy on cyber security and risks related to data privacy? (Yes/No) If available, provide a web-link of the policy",null,null,null,null,null,null,null,null,null,null,null,null,null,null,null,null,null,null,null,null,"AssurerHasAssuredWhetherTheEntityHaveAFrameworkOrPolicyOnCyberSecurityAndRisksRelatedToDataPrivacy","AssuranceSubTypeForWhetherTheEntityHaveAFrameworkOrPolicyOnCyberSecurityAndRisksRelatedToDataPrivacy","RemarksForAssuranceOfWhetherTheEntityHaveAFrameworkOrPolicyOnCyberSecurityAndRisksRelatedToDataPrivacy"]
[null,null,null,null,6,"Provide details of any corrective actions taken or underway on issues relating to advertising, and delivery of essential services; cyber security and data privacy of customers; re-occurrence of instances of product recalls; penalty / action taken by regulatory authorities on safety of products / services",null,null,null,null,null,null,null,null,null,null,null,null,null,null,null,null,null,null,null,null,"WhetherDetailsOfAnyCorrectiveActionsTakenOrUnderwayOnIssuesRelatingToAdvertisingAndDeliveryOfEssentialServicesOrCyberSecurityAndDataPrivacyOrRecallsOrPenaltyOrActionTakenByRegulatoryAuthoritiesOnSafetyOfProductsOrServicesIsAssuredByAssurer","AssuranceSubTypeForDetailsOfAnyCorrectiveActionsTakenOrUnderwayOnIssuesRelatingToAdvertisingAndDeliveryOfEssentialServicesOrCyberSecurityAndDataPrivacyOrRecallsOrPenaltyOrActionTakenByRegulatoryAuthoritiesOnSafetyOfProductsOrServices","RemarksForAssuranceOfDetailsOfAnyCorrectiveActionsTakenOrUnderwayOnIssuesRelatingToAdvertisingAndDeliveryOfEssentialServicesOrCyberSecurityAndDataPrivacyOrRecallsOrPenaltyOrActionTakenByRegulatoryAuthoritiesOnSafetyOfProductsOrServices"]
[null,null,null,null,7,"Provide the following information relating to data breaches:\na. Number of instances of data breaches along-with impact\nb. Percentage of data breaches involving personally identifiable information of customers",null,null,null,null,null,null,null,null,null,null,null,null,null,null,null,null,null,null,null,null,"WhetherDataBreachesInformationLikeNumberOfInstancesOfDataBreachesAlongWithImpactAndPercentageOfDataBreachesInvolvingPersonallyIdentifiableInformationOfCustomersIsAssuredByAssurer","AssuranceSubTypeForDataBreachesInformationLikeNumberOfInstancesOfDataBreachesAlongWithImpactAndPercentageOfDataBreachesInvolvingPersonallyIdentifiableInformationOfCustomers","RemarksForAssuranceOfDataBreachesInformationLikeNumberOfInstancesOfDataBreachesAlongWithImpactAndPercentageOfDataBreachesInvolvingPersonallyIdentifiableInformationOfCustomers"]
[null,null,null,null,"Principle 9 – Leadership Indicators",null,null,null,null,null,null,null,null,null,null,null,null,null,null,null,null,null,null,null,null,null,"TypeOfAssuranceForPrinciple9LeadershipIndicators"]
[null,null,null,null,1,"Channels / platforms where information on products and services of the entity can be accessed (provide web link, if available)",null,null,null,null,null,null,null,null,null,null,null,null,null,null,null,null,null,null,null,null,"WhetherWeblinkWhereInformationOnProductsAndServicesOfTheEntityCanBeAccessedIsAssuredByAssurer","AssuranceSubTypeForWeblinkWhereInformationOnProductsAndServicesOfTheEntityCanBeAccessed","RemarksForAssuranceOfWeblinkWhereInformationOnProductsAndServicesOfTheEntityCanBeAccessed"]
[null,null,null,null,{"$f":"E182+1","v":2},"Steps taken to inform and educate consumers about safe and responsible usage of products and/or services",null,null,null,null,null,null,null,null,null,null,null,null,null,null,null,null,null,null,null,null,"WhetherStepsTakenToInformAndEducateConsumersAboutSafeAndResponsibleUsageOfProductsAndOrServicesIsAssuredByAssurer","AssuranceSubTypeForStepsTakenToInformAndEducateConsumersAboutSafeAndResponsibleUsageOfProductsAndOrServices","RemarksForAssuranceOfStepsTakenToInformAndEducateConsumersAboutSafeAndResponsibleUsageOfProductsAndOrServices"]
[null,null,null,null,{"$f":"E183+1","v":3},"Mechanisms in place to inform consumers of any risk of disruption/discontinuation of essential services",null,null,null,null,null,null,null,null,null,null,null,null,null,null,null,null,null,null,null,null,"WhetherMechanismsInPlaceToInformConsumersOfAnyRiskOfDisruptionOrDiscontinuationOfEssentialServicesIsAssuredByAssurer","AssuranceSubTypeForMechanismsInPlaceToInformConsumersOfAnyRiskOfDisruptionOrDiscontinuationOfEssentialServices","RemarksForAssuranceOfMechanismsInPlaceToInformConsumersOfAnyRiskOfDisruptionOrDiscontinuationOfEssentialServices"]
[null,null,null,null,4,"Does the entity display product information on the product over and above what is mandated as per local laws? (Yes/No/Not Applicable)\nIf yes, provide details in brief. Did your entity carry out any survey with regard to consumer satisfaction relating to the major products / services of the entity, significant locations of operation of the entity or the entity as a whole?",null,null,null,null,null,null,null,null,null,null,null,null,null,null,null,null,null,null,null,null,"AssurerHasAssuredWhetherTheEntityDisplayProductInformationOnTheProductOverAndAboveWhatIsMandatedAsPerLocalLaws","AssuranceSubTypeForWhetherTheEntityDisplayProductInformationOnTheProductOverAndAboveWhatIsMandatedAsPerLocalLaws","RemarksForAssuranceOfWhetherTheEntityDisplayProductInformationOnTheProductOverAndAboveWhatIsMandatedAsPerLocalLaws"]

{"sheet":"Taxonomy","index":5,"n_rows":1841,"n_cols":7,"rows_kept":1841,"cut":false,"hidden":true,"merged":[]}
["Element","Label","Type","PeriodType","Validations Messege"]
["CorporateIdentityNumber","Corporate Identity Number (CIN) of the Listed Entity","in-capmkt-types:CINNumber","duration","1) This is mandatory field. \n2) Please enter CIN number format."]
["NameOfTheCompany","Name of the Listed Entity","xbrli:stringItemType","instant","This is mandatory field. "]
["DateOfIncorporation","Date of Incorporation","xbrli:dateItemType","duration","1) This is mandatory field. \n2) Please enter date in dd-mm-yyyy format."]
["AddressOfRegisteredOfficeOfCompany","Registered office address","xbrli:stringItemType","duration","This is mandatory field. "]
["AddressOfCorporateOfficeOfCompany","Corporate address","xbrli:stringItemType","duration","This is mandatory field. "]
["EMailOfTheCompany","E-mail","xbrli:stringItemType","duration","1) This is mandatory field.\n2) Please enter Email format."]
["TelephoneOfCompany","Telephone","xbrli:stringItemType","duration","This is mandatory field."]
["WebsiteOfCompany","Website","xbrli:stringItemType","duration","1) This is mandatory field.\n2) Please enter valid URL."]
["DateOfStartOfFinancialYear","Current Financial Year","xbrli:dateItemType","duration","1) This is mandatory field.\n2) Please select valid date.\n3) Please enter date in dd-mm-yyyy format."]
["DateOfStartOfPreviousYear","Previous Financial Year","xbrli:dateItemType","duration","1) This is mandatory field.\n2) Please select valid date.\n3) Please enter date in dd-mm-yyyy format.\n4) Date should be one day before end date of previous financial year."]
["DateOfStartOfPriorToPreviousYear","Prior to Previous Financial year","xbrli:dateItemType","duration","1) This is mandatory field.\n2) Please select valid date.\n3) Date should be one day before end date of previous financial year."]
["NameOfStockExchangeWhereTheCompanyIsListed","Name of the Stock Exchange(s) where shares are listed","xbrli:stringItemType","duration","This is mandatory field. "]
["ValueOfSharesPaidUp","Paid-up Capital (In Rs)","xbrli:monetaryItemType","instant","1) This is mandatory field.\n2) Please enter numeric value only."]
["NameOfContactPerson","Name","xbrli:stringItemType","duration","1) This is mandatory field.\n2) Please enter alphabet value only."]
["ContactNumberOfContactPerson","Contact","xbrli:stringItemType","duration","This is mandatory field."]
["EMailOfContactPerson","E mail","xbrli:stringItemType","duration","1) This is mandatory field.\n2) Please enter Email format."]
["ReportingBoundary","Reporting boundary - Are the disclosures under this report made on a standalone basis (i.e. only for the entity) or on a consolidated basis (i.e. for the entity and all the entities which form a part of its consolidated financial statements, taken together).","in-capmkt-types:ReportingOnTheBasis","duration","1) This is mandatory field.\n2) Please select value form dropdown only."]
["DateOfEndOfFinancialYear",null,"xbrli:dateItemType","duration"]
["DateOfEndOfPreviousYear",null,"xbrli:dateItemType","duration"]
["DateOfEndOfPriorToPreviousYear",null,"xbrli:dateItemType","duration"]
["DescriptionOfMainActivity","Description of Main Activity","xbrli:stringItemType","duration","1) This is mandatory field.\n2) Please enter description of main activity."]
["DescriptionOfBusinessActivity","Description of Business Activity","xbrli:stringItemType","duration","1) This is mandatory field.\n2) Please enter description of business activity."]
["PercentageOfTotalTurnoverForBusinessActivities","% of Turnover of the entity","num:percentItemType","duration","1) This is mandatory field.\n2) Please enter numeric value and \"%\" sign only."]
["ProductOrServiceSoldByTheEntity","Product/Service","xbrli:stringItemType","duration","This is mandatory field. "]
["NICCodeOfProductOrServiceSoldByTheEntity","NIC Code","xbrli:stringItemType","duration","1) This is mandatory field.\n2) Please enter numeric value only."]
["PercentageOfTotalTurnoverForProductOrServiceSold","% of total Turnover contributed","num:percentItemType","duration","1) This is mandatory field.\n2) Please enter numeric value and \"%\" sign only."]
["NumberOfLocations","National","xbrli:integerItemType","duration","1) This is mandatory field.\n2) Please enter numeric value only."]
["NumberOfStatesWhereMarketServedByTheEntity","International","xbrli:integerItemType","duration","1) This is mandatory field.\n2) Please enter numeric value only."]
["NumberOfCountriesWhereMarketServedByTheEntity","National (No. of States)","xbrli:integerItemType","duration","1) This is mandatory field.\n2) Please enter numeric value only."]
["PercentageOfContributionOfExportsInTheTotalTurnoverOfTheEntity","International (No. of Countries)","num:percentItemType","duration","1) This is mandatory field.\n2) Please enter numeric value only."]
["ABriefOnTypesOfCustomersExplanatoryTextBlock","What is the contribution of exports as a percentage of the total turnover of the entity?","nonnum:textBlockItemType","duration","1) This is mandatory field.\n2) Please enter numeric value and \"%\" sign only."]
["NumberOfEmployeesOrWorkersIncludingDifferentlyAbled","Permanent (D)","xbrli:integerItemType","duration","1) This is mandatory field.\n2) Please enter numeric value only."]
["PercentageOfEmployeesOrWorkersIncludingDifferentlyAbled","Other than permanent (E)","num:percentItemType","duration","1) This is mandatory field.\n2) Please enter numeric value only."]
["NumberOfDifferentlyAbledEmployeesOrWorkers","Permanent (F)","xbrli:integerItemType","duration","1) This is mandatory field.\n2) Please enter numeric value only."]
["PercentageOfDifferentlyAbledEmployeesOrWorkers","Other than permanent (G)","num:percentItemType","duration","1) This is mandatory field.\n2) Please enter numeric value only."]
["TotalNumberOfBoardOfDirectors","Permanent Employees","xbrli:integerItemType","duration","1) This is mandatory field.\n2) Please enter numeric value and \"%\" sign only."]
["TotalNumberOfKeyManagementPersonnel","Permanent Workers","xbrli:integerItemType","duration","1) This is mandatory field.\n2) Please enter numeric value and \"%\" sign only."]
["NumberOfFemaleBoardOfDirectors","Board of Directors","xbrli:integerItemType","duration","1) This is mandatory field.\n2) Please enter numeric value only."]
["NumberOfFemaleKeyManagementPersonnel","Key Management Personnel","xbrli:integerItemType","duration","1) This is mandatory field.\n2) Please enter numeric value only."]
["PercentageOfFemaleBoardOfDirectors",null,"num:percentItemType","duration"]
["PercentageOfFemaleKeyManagementPersonnel",null,"num:percentItemType","duration"]
["TurnoverRate",null,"num:percentItemType","duration"]
["NameOfTheHoldingOrSubsidiaryAssociateCompaniesOrJointVentures","Name of the holding / subsidiary/associate companies/joint ventures (A)","xbrli:stringItemType","duration","1) This is mandatory field. \n2) Please enter name of the holding or subsidiary or associate companies or joint ventures."]
["CategoryOfCompany","Indicate whether holding/Subsidiary/Associate/Joint Venture","in-capmkt-types:NatureOfCompany","duration","1) This is mandatory field.\n2) Please select value form dropdown only."]
["PercentageOfSharesHeldByListedEntity","% of shares held by listed entity","num:percentItemType","duration","1) This is mandatory field.\n2) Please enter numeric value and \"%\" sign only."]
["DoesCompanyParticipateInTheBusinessResponsibilityInitiativesOfTheListedEntity","Does the entity indicated at column A, participate in the Business Responsibility initiatives of the listed entity? (Yes/No)","xbrli:booleanItemType","duration","1) This is mandatory field.\n2) Please select value form dropdown only."]
["WhetherCSRIsApplicableAsPerSection135OfCompaniesAct2013","(i) Whether CSR is applicable as per section 135 of Companies Act, 2013: (Yes/No)","xbrli:booleanItemType","duration","1) This is mandatory field.\n2) Please select value form dropdown only."]
["Turnover","(ii) Turnover (in Rs.)","xbrli:monetaryItemType","duration","1) This is mandatory field.\n2) Please enter numeric value only."]
["NetWorth","(iii) Net worth (in Rs.)","xbrli:monetaryItemType","duration","1) This is mandatory field.\n2) Please enter numeric value only."]
["GrievanceRedressalMechanismInPlace","Communities","in-capmkt-types:YesNoNA","duration","1) This is mandatory field.\n2) Please select value form dropdown only."]
["WebLinkForGrievanceRedressPolicy","Investors (other than shareholders)","xbrli:stringItemType","duration","1) This is mandatory field.\n2) Please select value form dropdown only."]
["NumberOfComplaintsFiledFromStakeHolderGroupDuringTheYear","Shareholders","xbrli:integerItemType","duration","1) This is mandatory field.\n2) Please select value form dropdown only."]
["NumberOfComplaintsPendingFromStakeHolderGroupResolutionAtTheEndOfYear","Employees and workers","xbrli:integerItemType","instant","1) This is mandatory field.\n2) Please select value form dropdown only."]
["RemarksStakeHolderGroupFromWhomComplaintIsReceived","Customers","xbrli:stringItemType","duration","1) This is mandatory field.\n2) Please select value form dropdown only."]
["NameOfStakeHolderGroup","Value Chain Partners","xbrli:stringItemType","instant","1) This is mandatory field.\n2) Please select value form dropdown only."]
["MaterialIssueIdentified",null,"xbrli:stringItemType","duration"]
["IndicateWhetherRiskOrOpportunity","Stakeholder group from whom complaint is received","in-capmkt-types:RiskOrOpportunity","duration","This is mandatory field. "]
["RationaleForIdentifyingTheRiskOpportunity","Grievance Redressal Mechanism in Place (Yes/No/NA)","xbrli:stringItemType","duration","1) This is mandatory field.\n2) Please select value form dropdown only."]
["InCaseOfRiskApproachToAdaptOrMitigate","(If Yes, then provide web-link for grievance redress policy)","xbrli:stringItemType","duration","1) This is mandatory field.\n2) If \"Yes\" is selected in \"grievance redressal mechanism in place\" field. Please provide the weblink."]
["FinancialImplicationsOfTheRiskOrOpportunity","Number of complaints filed during the year","in-capmkt-types:FinancialImplications","duration","1) This is mandatory field.\n2) Please enter numeric value only."]
["TotalNumberOfTrainingAndAwarenessProgramsHeld","Number of complaints pending resolution at close of the year","xbrli:integerItemType","duration","1) This is mandatory field.\n2) Please enter numeric value only."]
["TopicsOrPrinciplesCoveredUnderTheTrainingAndItsImpact","Remarks","xbrli:stringItemType","duration","This is mandatory field. "]
["PercentageOfPersonsInRespectiveCategoryCoveredByTheAwarenessProgrammes","Material issue identified","num:percentItemType","duration","This is mandatory field. "]
["NGRBCPrincipleForPenaltyOrFine","Indicate whether risk or opportunity (R/O)","xbrli:stringItemType","duration","1) This is mandatory field.\n2) Please select value form dropdown only."]
["NameOfTheRegulatoryOrEnforcementAgenciesOrJudicialInstitutionsForPenaltyOrFine","Rationale for identifying the risk / opportunity","xbrli:stringItemType","duration","This is mandatory field. "]
["AmountOfFinesOrPenalties","In case of risk, approach to adapt or mitigate","xbrli:monetaryItemType","duration","This is mandatory field. "]
["BriefOfTheMonetaryCaseForPenaltyOrFineExplanatoryTextBlock","Financial implications of the risk or opportunity (Indicate positive or negative implications)","nonnum:textBlockItemType","duration","1) This is mandatory field.\n2) Please select value form dropdown only."]
["HasAnAppealBeenPreferredForPenaltyOrFine",null,"xbrli:booleanItemType","duration"]
["NGRBCPrincipleForSettlement","1. a. Whether your entity’s policy/policies cover each principle and its core elements of the NGRBCs. (Yes/No/NA)","xbrli:stringItemType","duration","1) This is mandatory field.\n2) Please select value form dropdown only."]
["NameOfTheRegulatoryOrEnforcementAgenciesOrJudicialInstitutionsForSettlement","b. Has the policy been approved by the Board? (Yes/No/NA)","xbrli:stringItemType","duration","1) This is mandatory field.\n2) Please select value form dropdown only."]
["AmountOfSettlement","2. Whether the entity has translated the policy into procedures. (Yes / No/ NA)","xbrli:monetaryItemType","duration","1) This is mandatory field.\n2) Please select value form dropdown only."]
["BriefOfTheMonetaryCaseForSettlementExplanatoryTextBlock","3. Do the enlisted policies extend to your value chain partners? (Yes/No/NA)","nonnum:textBlockItemType","duration","1) This is mandatory field.\n2) Please select value form dropdown only."]
["HasAnAppealBeenPreferredForSettlement","9. Does the entity have a specified Committee of the Board/ Director responsible for decision making on sustainability related issues? (Yes / No/ NA).","xbrli:booleanItemType","duration","1) This is mandatory field.\n2) Please select value form dropdown only."]
["NGRBCPrincipleForCompoundingFee","Performance against above policies and follow up action","xbrli:stringItemType","duration","1) This is mandatory field.\n2) Please select value form dropdown only."]
["NameOfTheRegulatoryOrEnforcementAgenciesOrJudicialInstitutionsForCompoundingFee","Compliance with statutory requirements of relevance to the principles and rectification of any non-compliances","xbrli:stringItemType","duration","1) This is mandatory field.\n2) Please select value form dropdown only."]
["AmountOfCompoundingFee","11. Has the entity carried out independent assessment/ evaluation of the working of its policies by an external agency? (Yes/No).","xbrli:monetaryItemType","duration","1) This is mandatory field.\n2) Please select value form dropdown only."]
["BriefOfTheMonetaryCaseForCompoundingFeeExplanatoryTextBlock","The entity does not consider the Principles material to its business (Yes/No)","nonnum:textBlockItemType","duration","1) This is mandatory field.\n2) Please select value form dropdown only."]
["HasAnAppealBeenPreferredForCompoundingFee","The entity is not at a stage where it is in a position to formulate and implement the policies on specified principles (Yes/No)","xbrli:booleanItemType","duration","1) This is mandatory field.\n2) Please select value form dropdown only."]
["NGRBCPrincipleForImprisonment","The entity does not have the financial or/human and technical resources available for the task (Yes/No)","xbrli:stringItemType","duration","1) This is mandatory field.\n2) Please select value form dropdown only."]
["BriefOfTheMonetaryCaseForImprisonmentExplanatoryTextBlock","It is planned to be done in the next financial year (Yes/No)","nonnum:textBlockItemType","duration","1) This is mandatory field.\n2) Please select value form dropdown only."]
["NameOfTheRegulatoryOrEnforcementAgenciesOrJudicialInstitutionsForImprisonment",null,"xbrli:stringItemType","duration"]
["HasAnAppealBeenPreferredForImprisonment","Board of Directors","xbrli:booleanItemType","duration","This is mandatory field. "]
["NGRBCPrincipleForPunishment","Key Managerial Personnel","xbrli:stringItemType","duration","1) This is mandatory field.\n2) Please enter numeric value only."]
["NameOfTheRegulatoryOrEnforcementAgenciesOrJudicialInstitutionsForPunishment","Employees other than BoD and KMPs","xbrli:stringItemType","duration","This is mandatory field. "]
["BriefOfTheMonetaryCaseForPunishmentExplanatoryTextBlock","Workers","nonnum:textBlockItemType","duration","This is mandatory field. "]
["HasAnAppealBeenPreferredForPunishment","NGRBC Principle","xbrli:booleanItemType","duration","This is mandatory field. "]
["DetailsOfTheCase","Name of the regulatory/ enforcement agencies/ judicial institutions","xbrli:stringItemType","duration","This is mandatory field. "]
["NameOfTheRegulatoryOrEnforcementAgenciesOrJudicialInstitutions","Amount (In INR)","xbrli:stringItemType","duration","1) This is mandatory field.\n2) Please enter numeric value only."]
["DoesTheEntityHaveAnAntiCorruptionOrAntiBriberyPolicy","Has an appeal been preferred? (Yes/No)","in-capmkt-types:YesNoNA","duration","1) This is mandatory field.\n2) Please select value form dropdown only."]
["AntiCorruptionOrAntiBriberyPolicyExplanatoryTextBlock","Case Details","nonnum:textBlockItemType","duration","This is mandatory field. "]
["NumberOfDirectorsAgainstWhomDisciplinaryActionWasTaken","Name of the regulatory/ enforcement agencies/judicial institutions","xbrli:integerItemType","duration","This is mandatory field. "]
["NumberOfKMPsAgainstWhomDisciplinaryActionWasTaken","4. Does the entity have anti-corruption or anti-bribery policy?","xbrli:integerItemType","duration","1) This is mandatory field.\n2) Please select value form dropdown only."]
["NumberOfEmployeesAgainstWhomDisciplinaryActionWasTaken","Provide a web-link if the entity has anti-corruption or anti-bribery policy","xbrli:integerItemType","duration","This is mandatory field, if \"Yes\" selected in \"Does the entity have anti-corruption or anti-bribery policy?","Provide a web-link if the entity has anti-corruption or anti-bribery policy"]
["NumberOfWorkersAgainstWhomDisciplinaryActionWasTaken","Directors","xbrli:integerItemType","duration","1) This is mandatory field.\n2) Please enter numeric value only."]
["NumberOfComplaintsReceivedInRelationToIssuesOfConflictOfInterestOfTheDirectors","KMPs","xbrli:integerItemType","duration","1) This is mandatory field.\n2) Please enter numeric value only."]
["RemarksInCaseComplaintsReceivedInRelationToIssuesOfConflictOfInterestOfTheDirectors","Employees","xbrli:stringItemType","duration","1) This is mandatory field.\n2) Please enter numeric value only."]
["NumberOfComplaintsReceivedInRelationToIssuesOfConflictOfInterestOfTheKMPs","Workers","xbrli:integerItemType","duration","1) This is mandatory field.\n2) Please enter numeric value only."]
["RemarksInCaseComplaintsReceivedInRelationToIssuesOfConflictOfInterestOfTheKmps","Number of complaints received in relation to issues of Conflict of Interest of the Directors","xbrli:stringItemType","duration"]
["DetailsOfAnyCorrectiveActionTakenOrUnderwayOnIssuesRelatedToFinesOrPenaltiesOrActionTakenByRegulatorsOrLawEnforcementAgenciesOrJudicialInstitutionsOnCasesOfCorruptionAndConflictsOfInterestExplanatoryTextBlock","Number of complaints received in relation to issues of Conflict of Interest of the KMPs","nonnum:textBlockItemType","duration"]
["TotalNumberOfAwarenessProgrammesHeld","Total number of awareness programmes held","xbrli:integerItemType","duration","1) This is mandatory field.\n2) Please enter numeric value only."]
["TopicsOrPrinciplesCoveredUnderTheTraining","Topics / principles covered under the training","xbrli:stringItemType","duration","This is mandatory field. "]
["PercentageOfValueChainPartnersCoveredUnderTheAwarenessProgrammes","Percentage of value chain partners covered (by value of business done with such partners) under the awareness programmes","num:percentItemType","duration","1) This is mandatory field.\n2) Please enter numeric value and \"%\" sign only."]
["DoesTheEntityHaveProcessesInPlaceToAvoidOrManageConflictOfInterestsInvolvingMembersOfTheBoard","2. Does the entity have processes in place to avoid/ manage conflict of interests involving members of the Board?","in-capmkt-types:YesNoNA","duration","1) This is mandatory field.\n2) Please select value form dropdown only."]
["DetailsOfTheEntityHaveProcessesInPlaceToAvoidOrManageConflictOfInterestsInvolvingMembersOfTheBoardExplanatoryTextBlock","Has an appeal been preferred?","nonnum:textBlockItemType","duration","1) This is mandatory field.\n2) Please select value form dropdown only."]
["StatementByDirectorResponsibleForTheBusinessResponsibilityReportHighlightingESGRelatedChallengesTargetsAndAchievementsExplanatoryTextBlock","R&D","nonnum:textBlockItemType","duration","1) This is mandatory field.\n2) Please enter numeric value only."]
["DetailsOfTheHighestAuthorityResponsibleForImplementationAndOversightOfTheBusinessResponsibilityPolicyExplanatoryTextBlock","Capex","nonnum:textBlockItemType","duration","1) This is mandatory field.\n2) Please enter numeric value only."]
["DoesTheEntityHaveASpecifiedCommitteeOfTheBoardOrDirectorResponsibleForDecisionMakingOnSustainabilityRelatedIssues","2.  a. Does the entity have procedures in place for sustainable sourcing? (Yes/No)","in-capmkt-types:YesNoNA","duration","1) This is mandatory field.\n2) Please select value form dropdown only."]
["DetailsOfSpecifiedCommitteeOfTheBoardOrDirectorResponsibleForDecisionMakingOnSustainabilityRelatedIssuesExplanatoryTextBlock","b. If yes, what percentage of inputs were sourced sustainably?","nonnum:textBlockItemType","duration","1) This is mandatory field.\n2) If \"Yes\" is selected in \"Does the entity have procedures in place for sustainable sourcing? (Yes/No)\" field."]
["PercentageOfRAndD","4. Whether Extended Producer Responsibility (EPR) is applicable to the entity’s activities (Yes / No).","num:percentItemType","duration","1) This is mandatory field.\n2) Please select value form dropdown only."]
["PercentageOfCapex","If yes, whether the waste collection plan is in line with the Extended Producer Responsibility (EPR) plan submitted to Pollution Control Boards? ","num:percentItemType","duration","1) This is mandatory field.\n2) Please select value form dropdown only."]
["DetailsOfImprovementsInEnvironmentalAndSocialImpactsDueToRAndD","1. Has the entity conducted Life Cycle Perspective / Assessments (LCA) for any of its products (for manufacturing industry) or for its services (for service industry)?","xbrli:stringItemType","duration","1) This is mandatory field.\n2) Please select value form dropdown only."]
["DetailsOfImprovementsInEnvironmentalAndSocialImpactsDueToCapex","NIC Code","xbrli:stringItemType","duration","1) This is mandatory field.\n2) Please enter numeric value only."]
["DoesTheEntityHaveProceduresInPlaceForSustainableSourcing","Name of Product/Service","xbrli:booleanItemType","duration","This is mandatory field. "]
["PercentageOfInputsWereSourcedSustainably","% of total Turnover contributed","num:percentItemType","duration","1) This is mandatory field.\n2) Please enter numeric value and \"%\" sign only."]
["DescribeTheProcessesInPlaceToSafelyReclaimYourProductsForReusingRecyclingAndDisposingAtTheEndOfLifeForPlasticsIncludingPackagingExplanatoryTextBlock","Boundary for which the Life Cycle Perspective/Assessment was conducted","nonnum:textBlockItemType","duration","This is mandatory field. "]
["DescribeTheProcessesInPlaceToSafelyReclaimYourProductsForReusingRecyclingAndDisposingAtTheEndOfLifeForEWasteExplanatoryTextBlock","Whether conducted by independent external agency (Yes/No)","nonnum:textBlockItemType","duration","1) This is mandatory field.\n2) Please select value form dropdown only."]
["DescribeTheProcessesInPlaceToSafelyReclaimYourProductsForReusingRecyclingAndDisposingAtTheEndOfLifeForHazardousWasteExplanatoryTextBlock","Results communicated in public domain (Yes/No)","nonnum:textBlockItemType","duration","1) This is mandatory field.\n2) Please select value form dropdown only."]
["DescribeTheProcessesInPlaceToSafelyReclaimYourProductsForReusingRecyclingAndDisposingAtTheEndOfLifeForOtherWasteExplanatoryTextBlock","If yes, provide the web-link.","nonnum:textBlockItemType","duration","1) This is mandatory field.\n2) If \"Yes\" is selected in \"Results communicated in public domain (Yes/No)\" field. Please provide the weblink."]
["WhetherExtendedProducerResponsibilityIsApplicableToTheEntitySActivities","Name of Product/Service","xbrli:booleanItemType","duration","This is mandatory field. "]
["WhetherTheWasteCollectionPlanIsInLineWithTheExtendedProducerResponsibilityPlanSubmittedToPollutionControlBoards","Description of the risk/concern","xbrli:booleanItemType","duration","This is mandatory field. "]
["StepsTakenToAddressTheWasteCollectionPlanExplanatoryTextBlock","Action Taken","nonnum:textBlockItemType","duration","This is mandatory field. "]
["HasTheEntityConductedLifeCyclePerspectiveOrAssessmentsForAnyOfItsProductsOrForItsServices","Indicate input material","in-capmkt-types:YesNoNA","duration","This is mandatory field. "]
["NICCodeOfProductOrServiceOfConductedLifecyclePerspective","Recycled or re-used input material to total material","xbrli:stringItemType","duration","1) This is mandatory field.\n2) Please enter numeric value and \"%\" sign only."]
["NameOfProductOrServiceOfConductedLifecyclePerspective","Plastics (including packaging)","xbrli:stringItemType","duration","1) This is mandatory field.\n2) Please enter numeric value only."]
["PercentageOfTotalTurnoverContributedForConductedLifecyclePerspective","E waste","num:percentItemType","duration","1) This is mandatory field.\n2) Please enter numeric value only."]
["BoundaryForWhichTheLifeCyclePerspectiveOrAssessmentWasConducted","Hazardous waste","xbrli:stringItemType","duration","1) This is mandatory field.\n2) Please enter numeric value only."]
["WhetherConductedByIndependentExternalAgency","Name Of Other Waste","xbrli:booleanItemType","duration","This is mandatory field. "]
["ResultsCommunicatedInPublicDomain","Re-Used","xbrli:booleanItemType","duration","1) This is mandatory field.\n2) Please enter numeric value only."]
["WebLinkOfResultsOfLifeCycleAssessments","Recycled","xbrli:stringItemType","duration","1) This is mandatory field.\n2) Please enter numeric value only."]
["NameOfProductOrService","Safely Disposed","xbrli:stringItemType","duration","1) This is mandatory field.\n2) Please enter numeric value only."]
["DescriptionOfTheRiskOrConcern","Indicate product category","xbrli:stringItemType","duration","This is mandatory field. "]
["ActionTaken","Reclaimed products and their packaging materials as Percentage of total products sold in respective category","xbrli:stringItemType","duration","1) This is mandatory field.\n2) Please enter numeric value and \"%\" sign only."]
["IndicateInPutMaterial",null,"xbrli:stringItemType","duration"]
["RecycledOrReUsedInPutMaterialToTotalMaterial","Male","num:percentItemType","duration","1) This is mandatory field.\n2) Please enter numeric value only."]
["AmountOfReUsed","Female","num:massItemType","duration","1) This is mandatory field.\n2) Please enter numeric value only."]
["AmountOfRecycled","Other","num:massItemType","duration","1) This is mandatory field.\n2) Please enter numeric value only."]
["AmountOfSafelyDisposed","PF","num:massItemType","duration","1) This is mandatory field.\n2) Please enter numeric value and \"%\" sign only."]
["NameOfOtherWaste","Gratuity","xbrli:stringItemType","duration","1) This is mandatory field.\n2) Please enter numeric value and \"%\" sign only."]
["IndicateProductCategory","ESI","xbrli:stringItemType","duration","1) This is mandatory field.\n2) Please enter numeric value and \"%\" sign only."]
["ReclaimedProductsAndTheirPackagingMaterialsAsPercentageOfTotalProductsSoldInRespectiveCategory","Name of Benefits","num:percentItemType","duration","This is mandatory field. "]
["WhetherYourEntitysPolicyOrPoliciesCoverEachPrincipleAndItsCoreElementsOfTheNGRBCs","No. of employees covered as a % of total employees","in-capmkt-types:YesNoNA","duration","1) This is mandatory field.\n2) Please enter numeric value and \"%\" sign only."]
["HasThePolicyBeenApprovedByTheBoard","No. of workers covered as a % of total workers","in-capmkt-types:YesNoNA","duration","1) This is mandatory field.\n2) Please enter numeric value and \"%\" sign only."]
["WebLinkOfThePoliciesExplanatoryTextBlock","Deducted and deposited with the authority (Y/N/N.A.)","nonnum:textBlockItemType","duration","1) This is mandatory field.\n2) Please select value form dropdown only."]
["WhetherTheEntityHasTranslatedThePolicyIntoProcedures","Are the premises / offices of the entity accessible to differently abled employees and workers, as per the requirements of the Rights of Persons with Disabilities Act, 2016? ","in-capmkt-types:YesNoNA","duration","1) This is mandatory field.\n2) Please select value form dropdown only."]
["DoTheEnlistedPoliciesExtendToYourValueChainPartners","4. Does the entity have an equal opportunity policy as per the Rights of Persons with Disabilities Act, 2016?","in-capmkt-types:YesNoNA","duration","1) This is mandatory field.\n2) Please select value form dropdown only."]
["NameOfTheNationalAndInternationalCodesOrCertificationsOrLabelsOrStandardsAdoptedByYourEntityAndMappedToEachPrincipleExplanatoryTextBlock","6. Is there a mechanism available to receive and redress grievances for the following categories of employees and worker?","nonnum:textBlockItemType","duration","1) This is mandatory field.\n2) Please select value form dropdown only."]
["SpecificCommitmentsGoalsAndTargetsSetByTheEntityWithDefinedTimelinesExplanatoryTextBlock","Permanent Workers","nonnum:textBlockItemType","duration","1) This is mandatory field.\n2) Please select value form dropdown only."]
["PerformanceOfTheEntityAgainstTheSpecificCommitmentsGoalsAndTargetsAlongWithReasonsInCaseTheSameAreNotMetExplanatoryTextBlock","Other than Permanent Workers","nonnum:textBlockItemType","duration","1) This is mandatory field.\n2) Please select value form dropdown only."]
["DoesTheEntityHaveASpecifiedCommitteeOfTheBoardOrDirectorResponsibleForDecisionMakingOnSustainabilityRelatedIssues","Permanent Employees","in-capmkt-types:YesNoNA","duration","1) This is mandatory field.\n2) Please select value form dropdown only."]
["PerformanceAgainstAbovePoliciesAndFollowUpActionIndicateWhetherReviewWasUndertakenBy","Other than Permanent Employees","in-capmkt-types:NGRBCReviewBy","duration","1) This is mandatory field.\n2) Please select value form dropdown only."]
["ComplianceWithStatutoryRequirementsOfRelevanceToThePrinciplesAndRectificationOfAnyNonCompliancesIndicateWhetherReviewWasUndertakenBy","a.Whether an occupational health and safety management system has been implemented by the entity? (Yes/ No/ NA).","in-capmkt-types:NGRBCReviewBy","duration","1) This is mandatory field.\n2) Please select value form dropdown only."]
["PerformanceAgainstAbovePoliciesAndFollowUpActionFrequency","c. Whether you have processes for workers to report the work related hazards and to remove themselves from such risks?","xbrli:stringItemType","duration","1) This is mandatory field.\n2) Please select value form dropdown only."]
["ComplianceWithStatutoryRequirementsOfRelevanceToThePrinciplesAndRectificationOfAnyNonCompliancesFrequency","d. Do the employees/ worker of the entity have access to non-occupational medical and healthcare services?","xbrli:stringItemType","duration","1) This is mandatory field.\n2) Please select value form dropdown only."]
["HasTheEntityCarriedOutIndependentAssessmentEvaluationOfTheWorkingOfItsPoliciesByAnExternalAgency","Lost Time Injury Frequency Rate (LTIFR) (per one million-person hours worked)","xbrli:booleanItemType","duration","1) This is mandatory field.\n2) Please enter numeric value only.\n3) Upto 5 decimal value allowed."]
["NameOfTheAgencyIfTheEntityCarriedOutIndependentAssessmentEvaluationOfTheWorkingOfItsPoliciesByAnExternalAgencyExplanatoryTextBlock","Total recordable work-related injuries","nonnum:textBlockItemType","duration","1) This is mandatory field.\n2) Please enter numeric value only."]
["TheEntityDoesNotConsiderThePrinciplesMaterialToItsBusiness","No. of fatalities","xbrli:booleanItemType","duration","1) This is mandatory field.\n2) Please enter numeric value only."]
["TheEntityIsNotAtAStageWhereItIsInAPositionToFormulateAndImplementThePoliciesOnSpecifiedPrinciples","High consequence work related injury or ill-health (excluding fatalities)","xbrli:booleanItemType","duration","1) This is mandatory field.\n2) Please enter numeric value only."]
["TheEntityDoesNotHaveTheFinancialOrHumanAndTechnicalResourcesAvailableForTheTask","Working Conditions","xbrli:booleanItemType","duration","1) This is mandatory field.\n2) Please enter numeric value only."]
["ItIsPlannedToBeDoneInTheNextFinancialYear","Health & Safety","xbrli:booleanItemType","duration","1) This is mandatory field.\n2) Please enter numeric value only."]
["AnyOtherReasonsIfPoliciesNotCoverEachPrincipleAndItsCoreElementsOfTheNGRBCsExplanatoryTextBlock","Health and safety practices","nonnum:textBlockItemType","duration","1) This is mandatory field.\n2) Please enter numeric value and \"%\" sign only."]
["NumberOfWellBeingOfEmployeesOrWorkers","Working Conditions","xbrli:integerItemType","duration","1) This is mandatory field.\n2) Please enter numeric value and \"%\" sign only."]
["PercentageOfWellBeingOfEmployeesOrWorkers","(A) Employees (Y/N)","num:percentItemType","duration","1) This is mandatory field.\n2) Please select value form dropdown only."]
["NumberOfEmployeesCoveredAsPercentageOfTotalEmployees","(B) Workers (Y/N).","num:percentItemType","duration","1) This is mandatory field.\n2) Please select value form dropdown only."]
["NumberOfEmployeesCoveredAsPercentageOfTotalWorker","Employees","num:percentItemType","duration","1) This is mandatory field.\n2) Please enter numeric value only."]
["DeductedAndDepositedWithTheAuthority","Workers","in-capmkt-types:ISDeductedAndDepositedOrNotapplicable","duration","1) This is mandatory field.\n2) Please enter numeric value only."]
["NameOfOtherRetirementBenefits","4. Does the entity provide transition assistance programs to facilitate continued employability and the management of career endings resulting from retirement or termination of employment? (Yes/ No/ NA)","xbrli:stringItemType","duration","1) This is mandatory field.\n2) Please select value form dropdown only."]
["AreThePremisesOrOfficesOfTheEntityAccessibleToDifferentlyAbledEmployeesAndWorkers",null,"in-capmkt-types:YesNoNA","duration"]
["WhetherAnyStepsAreBeingTakenByTheEntityIfThePremisesOrOfficesOfTheEntityNotAccessibleToDifferentlyAbledEmployeesAndWorkersExplanatoryTextBlock","Stakeholder Group","nonnum:textBlockItemType","duration","This is mandatory field. "]
["DoesTheEntityHaveAnEqualOpportunityPolicyAsPerTheRightsOfPersonsWithDisabilitiesAct2016","Whether identified as Vulnerable & Marginalized Group","in-capmkt-types:YesNoNA","duration","1) This is mandatory field.\n2) Please select value form dropdown only."]
["WebLinkOfEqualOppertunityPolicyTextBlock","Channels of communication","nonnum:textBlockItemType","duration","1) This is mandatory field.\n2) Please select value form dropdown only."]
["ReturnToWorkRatePermanentEmployeesThatTookParentalLeave","Frequency of engagement","xbrli:decimalItemType","duration","1) This is mandatory field.\n2) Please select value form dropdown only."]
["RetentionRatesPermanentEmployeesThatTookParentalLeave","Purpose and scope of engagement including key topics and concerns raised during such engagement","xbrli:decimalItemType","duration","This is mandatory field. "]
["ReturnToWorkRatePermanentWorkersThatTookParentalLeave","2.Whether stakeholder consultation is used to support the identification and management of environmental, and social topics.","xbrli:decimalItemType","duration","1) This is mandatory field.\n2) Please select value form dropdown only."]
["RetentionRatesPermanentWorkersThatTookParentalLeave",null,"xbrli:decimalItemType","duration"]
["DetailsOfMechanismAvailableToReceiveAndRedressGrievancesForOtherThanPermanentWorkersExplanatoryTextBlock","Permanent","nonnum:textBlockItemType","duration","1) This is mandatory field.\n2) Please enter numeric value only."]
["DetailsOfMechanismAvailableToReceiveAndRedressGrievancesForPermanentEmployeesExplanatoryTextBlock","Other than permanent","nonnum:textBlockItemType","duration","1) This is mandatory field.\n2) Please enter numeric value only."]
["DetailsOfMechanismAvailableToReceiveAndRedressGrievancesForOtherThanPermanentEmployeesExplanatoryTextBlock",null,"nonnum:textBlockItemType","duration"]
["IsThereAMechanismAvailableToReceiveAndRedressGrievancesForTheFollowingCategoriesOfEmployeesAndWorker","Board of Directors (BoD)","xbrli:booleanItemType","duration","1) This is mandatory field.\n2) Please enter numeric value only."]
["IsThereAMechanismAvailableToReceiveAndRedressGrievancesForPermanentWorkers","Key Managerial Personnel","xbrli:booleanItemType","duration","1) This is mandatory field.\n2) Please enter numeric value only."]
["IsThereAMechanismAvailableToReceiveAndRedressGrievancesForOtherThanPermanentWorkers","Employees other than BoD and KMP","xbrli:booleanItemType","duration","1) This is mandatory field.\n2) Please enter numeric value only."]
["IsThereAMechanismAvailableToReceiveAndRedressGrievancesForPermanentEmployees","Workers","xbrli:booleanItemType","duration","1) This is mandatory field.\n2) Please enter numeric value only."]
["IsThereAMechanismAvailableToReceiveAndRedressGrievancesForOtherThanPermanentEmployees","4. Do you have a focal point (Individual/ Committee) responsible for addressing human rights impacts or issues caused or contributed to by the business?","xbrli:booleanItemType","duration","1) This is mandatory field.\n2) Please select value form dropdown only."]
["DetailsOfMechanismAvailableToReceiveAndRedressGrievancesForPermanentWorkersExplanatoryTextBlock","Sexual Harassment","nonnum:textBlockItemType","duration","1) This is mandatory field.\n2) Please enter numeric value only."]
["TotalNumberOfEmployeesOrWorkersForMembership","Discrimination at workplace","xbrli:integerItemType","duration","1) This is mandatory field.\n2) Please enter numeric value only."]
["NumberOfEmployeesOrWorkersArePartOfAssociationsOrUnion","Child Labour","xbrli:integerItemType","duration","1) This is mandatory field.\n2) Please enter numeric value only."]
["PercentageOfEmployeesOrWorkersArePartOfAssociationsOrUnionOfTotalNumberOfEmployee","Forced Labour/Involuntary Labour","num:percentItemType","duration","1) This is mandatory field.\n2) Please enter numeric value only."]
["NumberOfTrainedEmployeesOrWorkers","Wages","xbrli:integerItemType","duration","1) This is mandatory field.\n2) Please enter numeric value only."]
["PercentageOfTrainedEmployeesOrWorkers","Other human rights related issues","num:percentItemType","duration","1) This is mandatory field.\n2) Please enter numeric value only."]
["TotalNumberOfEmployeesOrWorkersForPerformanceAndCareerDevelopment","9. Do human rights requirements form part of your business agreements and contracts? (Yes/No/NA)","xbrli:integerItemType","duration","1) This is mandatory field.\n2) Please select value form dropdown only."]
["NumberOfEmployeesOrWorkerForPerformanceAndCareerDevelopment","Child labour ","xbrli:integerItemType","duration","1) This is mandatory field.\n2) Please enter numeric value and \"%\" sign only."]
["PercentageOfEmployeesOrWorkerForPerformanceAndCareerDevelopment","Forced/involuntary labour ","num:percentItemType","duration","1) This is mandatory field.\n2) Please enter numeric value and \"%\" sign only."]
["WhetherAnOccupationalHealthAndSafetyManagementSystemHasBeenImplementedByTheEntity","Sexual harassment","in-capmkt-types:YesNoNA","duration","1) This is mandatory field.\n2) Please enter numeric value and \"%\" sign only."]
["DetailsOfOccupationalHealthAndSafetyManagementSystemExplanatoryTextBlock","Discrimination at workplace ","nonnum:textBlockItemType","duration","1) This is mandatory field.\n2) Please enter numeric value and \"%\" sign only."]
["DesclosureOfTheProcessesUsedToIdentifyWorkRelatedHazardsAndAssessRisksOnARoutineAndNonRoutineBasisByTheEntityExplanatoryTextBlock","Wages ","nonnum:textBlockItemType","duration","1) This is mandatory field.\n2) Please enter numeric value and \"%\" sign only."]
["WhetherYouHaveProcessesForWorkersToReportTheWorkRelatedHazardsAndToRemoveThemselvesFromSuchRisks","Name of other assessment","in-capmkt-types:YesNoNA","duration","This is mandatory field. "]
["DoTheEmployeesOrWorkerOfTheEntityHaveAccessToNonOccupationalMedicalAndHealthcareServices","% of your plants and offices that were assessed(by entity or statutory authorities or third parties)","in-capmkt-types:YesNoNA","duration","1) This is mandatory field.\n2) Please enter numeric value and \"%\" sign only."]
["LostTimeInjuryFrequencyRatePerOneMillionPersonHoursWorked","3. Is the premise/office of the entity accessible to differently abled visitors, as per the requirements of the Rights of Persons with Disabilities Act, 2016?","xbrli:decimalItemType","duration","1) This is mandatory field.\n2) Please select value form dropdown only."]
["TotalRecordableWorkRelatedInjuries","Sexual harassment ","xbrli:decimalItemType","duration","1) This is mandatory field.\n2) Please enter numeric value and \"%\" sign only."]
["NumberOfFatalities","Discrimination at workplace ","xbrli:decimalItemType","duration","1) This is mandatory field.\n2) Please enter numeric value and \"%\" sign only."]
["HighConsequenceWorkRelatedInjuryOrIllHealthExcludingFatalities","Child Labour ","xbrli:decimalItemType","duration","1) This is mandatory field.\n2) Please enter numeric value and \"%\" sign only."]
["DescribeTheMeasuresTakenByTheEntityToEnsureASafeAndHealthyWorkPlaceExplanatoryTextBlock","Forced Labour/Involuntary Labour ","nonnum:textBlockItemType","duration","1) This is mandatory field.\n2) Please enter numeric value and \"%\" sign only."]
["NumberOfComplaintsFiledDuringTheYear","Wages ","xbrli:integerItemType","duration","1) This is mandatory field.\n2) Please enter numeric value and \"%\" sign only."]
["NumberOfComplaintsPendingResolutionAtTheEndOfYear","% of value chain partners (by value of business done with such partners) that were assessed","xbrli:integerItemType","instant","1) This is mandatory field.\n2) Please enter numeric value and \"%\" sign only."]
["RemarksforComplaintsExplanatoryTextBlock",null,"nonnum:textBlockItemType","duration"]
["PercentageOfHealthAndSafetyPracticesOfYourPlantsAndOfficesThatWereAssessedP3","Total electricity consumption (A)","num:percentItemType","duration","1) This is mandatory field.\n2) Please enter numeric value only."]
["PercentageOfWorkingConditionsOfYourPlantsAndOfficesThatWereAssessedP3","Total fuel consumption (B)","num:percentItemType","duration","1) This is mandatory field.\n2) Please enter numeric value only."]
["DetailsOfAnyCorrectiveActionTakenOrUnderwayToAddressSafetyRelatedIncidentsOfYourPlantsAndOfficesThatWereAssessedExplanatoryTextBlock","Energy consumption through other sources ©","nonnum:textBlockItemType","duration","1) This is mandatory field.\n2) Please enter numeric value only."]
["DoesTheEntityExtendAnyLifeInsuranceOrAnyCompensatoryPackageInTheEventOfDeathOfEmployees","Energy intensity per rupee of turnover (Total energy consumption/turnover in rupees)","xbrli:booleanItemType","duration","1) This is mandatory field.\n2) Please enter numeric value only."]
["DoesTheEntityExtendAnyLifeInsuranceOrAnyCompensatoryPackageInTheEventOfDeathOfWorkers","Energy intensity (optional) – the relevant metric may be selected by the entity","xbrli:booleanItemType","duration","1) This is mandatory field.\n2) Please enter numeric value only."]
["DetailsOfMeasuresUndertakenByTheEntityToEnsureThatStatutoryDuesHaveBeenDeductedAndDepositedByTheValueChainPartnersExplanatoryTextBlock","Note: Indicate if any independent assessment/ evaluation/assurance has been carried out by an external agency?","nonnum:textBlockItemType","duration","1) This is mandatory field.\n2) Please select value form dropdown only."]
["TotalNumberOfAffectedEmployees","2. Does the entity have any sites / facilities identified as designated consumers (DCs) under the Performance, Achieve and Trade (PAT) Scheme of the Government of India?","xbrli:integerItemType","duration","1) This is mandatory field.\n2) Please select value form dropdown only."]
["TotalNumberOfAffectedWorkers","(i) Surface water","xbrli:integerItemType","duration","1) This is mandatory field.\n2) Please enter numeric value only."]
["NumberOfEmployeesOrWhoseFamilyMembersRehabilitatedAndPlacedInSuitableEmployment","(ii) Groundwater","xbrli:integerItemType","duration","1) This is mandatory field.\n2) Please enter numeric value only."]
["NumberOfWorkersOrWhoseFamilyMembersRehabilitatedAndPlacedInSuitableEmployment","(iii) Third party water","xbrli:integerItemType","duration","1) This is mandatory field.\n2) Please enter numeric value only."]
["DoesTheEntityProvideTransitionAssistanceProgramsToFacilitateContinuedEmployabilityAndTheManagementOfCareerEndingsResultingFromRetirementOrTerminationOfEmployment","(iv) Seawater / desalinated water","in-capmkt-types:YesNoNA","duration","1) This is mandatory field.\n2) Please enter numeric value only."]
["PercentageOfHealthAndSafetyPracticesOfValueChainPartnersP3","(v) Others","num:percentItemType","duration","1) This is mandatory field.\n2) Please enter numeric value only."]
["PercentageOfWorkingConditionsOfValueChainPartnersP3","Total volume of water consumption (in kilolitres)","num:percentItemType","duration","1) This is mandatory field.\n2) Please enter numeric value only."]
["DetailsOfAnyCorrectiveActionTakenOrUnderwayToAddressSafetyRelatedIncidentsOnAssessmentOfValueChainPartnersExplanatoryTextBlock","Water intensity per rupee of turnover (Water consumed / turnover)","nonnum:textBlockItemType","duration","1) This is mandatory field.\n2) Please enter numeric value only."]
["DescribeTheProcessesForIdentifyingKeyStakeholderGroupsOfTheEntityExplanatoryTextBlock","Water intensity (optional) – the relevant metric may be selected by the entity","nonnum:textBlockItemType","duration","1) This is mandatory field.\n2) Please enter numeric value only."]
["ProvideTheProcessesForConsultationBetweenStakeholdersAndTheBoardOnEconomicEnvironmentalAndSocialTopicsOrIfConsultationIsDelegatedHowIsFeedbackFromSuchConsultationsProvidedToTheBoardExplanatoryTextBlock","Note: Indicate if any independent assessment/ evaluation/assurance has been carried out by an external agency? (Y/N)","nonnum:textBlockItemType","duration","1) This is mandatory field.\n2) Please select value form dropdown only."]
["WhetherStakeholderConsultationIsUsedToSupportTheIdentificationAndManagementOfEnvironmentalAndSocialTopics","5. Has the entity implemented a mechanism for Zero Liquid Discharge?","xbrli:booleanItemType","duration","1) This is mandatory field.\n2) Please select value form dropdown only."]
["DetailsOfInstancesAsToHowTheInputsReceivedFromStakeholdersOnTheseTopicsWereIncorporatedIntoPoliciesAndActivitiesOfTheEntityExplanatoryTextBlock","NOx","nonnum:textBlockItemType","duration","1) This is mandatory field. \n2) Please enter numeric value only."]
["DetailsOfInstancesOfEngagementWithAndActionsTakenToAddressTheConcernsOfVulnerableMarginalizedStakeholderGroupsExplanatoryTextBlock","SOx","nonnum:textBlockItemType","duration","1) This is mandatory field. \n2) Please enter numeric value only."]
["StakeholderGroup","Particulate matter (PM)","xbrli:stringItemType","duration","1) This is mandatory field. \n2) Please enter numeric value only."]
["WhetherIdentifiedAsVulnerableAndMarginalizedGroup","Persistent organic pollutants (POP)","xbrli:booleanItemType","duration","1) This is mandatory field. \n2) Please enter numeric value only."]
["ChannelsOfCommunication","Volatile organic compounds (VOC)","in-capmkt-types:TypeOfCommunication","duration","1) This is mandatory field. \n2) Please enter numeric value only."]
["FrequencyOfEngagement","Hazardous air pollutants (HAP)","xbrli:stringItemType","duration","1) This is mandatory field. \n2) Please enter numeric value only."]
["PurposeAndScopeOfEngagementIncludingKeyTopicsAndConcernsRaisedDuringSuchEngagement","Name of other air emission","xbrli:stringItemType","duration","This is mandatory field. "]
["TotalElectricityConsumption","Please specify unit","xbrli:decimalItemType","duration","1) This is mandatory field."]
["TotalFuelConsumption","Note: Indicate if any independent assessment/ evaluation/assurance has been carried out by an external agency? (Y/N)","xbrli:decimalItemType","duration","1) This is mandatory field.\n2) Please select value form dropdown only."]
["EnergyConsumptionThroughOtherSources","Total Scope 1 emissions (Break-up of the GHG into CO2, CH4, N2O, HFCs, PFCs, SF6, NF3, if available)","dtr-types:energyItemType","duration","1) This is mandatory field."]
["TotalEnergyConsumption","Total Scope 2 emissions (Break-up of the GHG into CO2, CH4, N2O, HFCs, PFCs, SF6, NF3, if available)","xbrli:decimalItemType","duration","1) This is mandatory field."]
["EnergyIntensityPerRupeeOfTurnover","Total Scope 1 and Scope 2 emissions per rupee of turnover","dtr-types:energyPerMonetaryItemType","duration","1) This is mandatory field.\n2) Please enter numeric value only."]
["EnergyIntensityTheRelevantMetricMayBeSelectedByTheEntity","Total Scope 1 and Scope 2 emission intensity (optional) – the relevant metric may be selected by the entity","dtr-types:energyItemType","duration","1) This is mandatory field.\n2) Please enter numeric value only."]
["AnyIndependentAssessmentOrEvaluationOrAssuranceHasBeenCarriedOutByAnExternalAgencyForEnergyConsumption","8. Does the entity have any project related to reducing Green House Gas emission? ","xbrli:booleanItemType","duration","1) This is mandatory field.\n2) Please select value form dropdown only."]
["NameOfTheExternalAgencyIfAnyIndependentAssessmentOrEvaluationOrAssuranceHasBeenCarriedOutByAnExternalAgencyForEnergyConsumptionExplanatoryTextBlock","Plastic waste (A)","nonnum:textBlockItemType","duration","1) This is mandatory field.\n2) Please enter numeric value only.\n3) Upto 5 decimal value allowed."]
["DoesTheEntityHaveAnySitesOrFacilitiesIdentifiedAsDesignatedConsumersUnderThePerformanceAchieveAndTradeSchemeOfTheGovernmentOfIndia","E-waste (B)","xbrli:booleanItemType","duration","1) This is mandatory field.\n2) Please enter numeric value only.\n3) Upto 5 decimal value allowed."]
["DiscloseWhetherTargetsSetUnderThePatSchemeHaveBeenAchievedInCaseTargetsHaveNotBeenAchievedThenProvideTheRemedialActionTakenExplanatoryTextBlock","Bio-medical waste (C)","nonnum:textBlockItemType","duration","1) This is mandatory field.\n2) Please enter numeric value only.\n3) Upto 5 decimal value allowed."]
["WaterWithdrawalBySurfaceWater","Construction and demolition waste (D)","xbrli:decimalItemType","duration","1) This is mandatory field.\n2) Please enter numeric value only.\n3) Upto 5 decimal value allowed."]
["WaterWithdrawalByGroundwater","Battery waste (E)","xbrli:decimalItemType","duration","1) This is mandatory field.\n2) Please enter numeric value only.\n3) Upto 5 decimal value allowed."]
["WaterWithdrawalByThirdPartyWater","Radioactive waste (F)","xbrli:decimalItemType","duration","1) This is mandatory field.\n2) Please enter numeric value only.\n3) Upto 5 decimal value allowed."]
["WaterWithdrawalBySeawaterOrDesalinatedWater","Other Hazardous waste. Please specify, if any. (G)","xbrli:decimalItemType","duration","1) This is mandatory field.\n2) Please enter numeric value only.\n3) Upto 5 decimal value allowed."]
["WaterWithdrawalByOthers","Other Non-hazardous waste generated (H). Please specify, if any. (Break-up by composition i.e. by materials relevant to the sector)","xbrli:decimalItemType","duration","1) This is mandatory field.\n2) Please enter numeric value only.\n3) Upto 5 decimal value allowed."]
["TotalVolumeOfWaterWithdrawal","(i) Recycled","xbrli:decimalItemType","duration","1) This is mandatory field.\n2) Please enter numeric value only.\n3) Upto 5 decimal value allowed."]
["TotalVolumeOfWaterConsumption","(ii) Re-used","xbrli:decimalItemType","duration","1) This is mandatory field.\n2) Please enter numeric value only.\n3) Upto 5 decimal value allowed."]
["WaterIntensityPerRupeeOfTurnover","(iii) Other recovery operations","xbrli:decimalItemType","duration","1) This is mandatory field.\n2) Please enter numeric value only.\n3) Upto 5 decimal value allowed."]
["WaterIntensityTheRelevantMetricMayBeSelectedByTheEntity","(i) Incineration","xbrli:decimalItemType","duration","1) This is mandatory field.\n2) Please enter numeric value only.\n3) Upto 5 decimal value allowed."]
["AnyIndependentAssessmentOrEvaluationOrAssuranceHasBeenCarriedOutByAnExternalAgencyForWaterWithdrawal","(ii) Landfilling","xbrli:booleanItemType","duration","1) This is mandatory field.\n2) Please enter numeric value only.\n3) Upto 5 decimal value allowed."]
["NameOfTheExternalAgencyInCaseAnyIndependentAssessmentOrEvaluationOrAssuranceHasBeenCarriedOutByAnExternalAgencyForWaterWithdrawalExplanatoryTextBlock","(iii) Other disposal operations","nonnum:textBlockItemType","duration","1) This is mandatory field.\n2) Please enter numeric value only.\n3) Upto 5 decimal value allowed."]
["HasTheEntityImplementedAMechanismForZeroLiquidDischarge","Location of operations/offices","in-capmkt-types:YesNoNA","duration","This is mandatory field. "]
["DetailsOfCoverageAndImplementationIfForZeroLiquidDischargeExplanatoryTextBlock","Type of operations","nonnum:textBlockItemType","duration","This is mandatory field. "]
["UnitOfNox","Whether the conditions of environmental approval / clearance are being complied with?","xbrli:stringItemType","duration","1) This is mandatory field.\n2) Please select value form dropdown only."]
["UnitOfSox","If no, the reasons thereof and corrective action taken, if any.","xbrli:stringItemType","duration","1) This is mandatory field.\n2) If \"No\" is selected in \"Whether the conditions of environmental approval / clearance are being complied with?\" field. Please enter the reason."]
["UnitOfParticulateMatter","Name and brief details of project","xbrli:stringItemType","duration","This is mandatory field. "]
["UnitOfPersistentOrganicPollutants","EIA Notification No.","xbrli:stringItemType","duration","1) This is mandatory field.\n2) Please enter numeric value only."]
["UnitOfVolatileOrganicCompounds","Date","xbrli:stringItemType","duration","1) This is mandatory field.\n2) Please enter date in dd-mm-yyyy format."]
["UnitOfHazardousAirPollutants","Whether conducted by independent external agency (Yes / No)","xbrli:stringItemType","duration","1) This is mandatory field.\n2) Please select value form dropdown only."]
["NOx","Results communicated in public domain (Yes / No)","xbrli:decimalItemType","duration","1) This is mandatory field.\n2) Please select value form dropdown only."]
["SOx","Relevant Web link","xbrli:decimalItemType","duration","This is mandatory field. "]
["ParticulateMatter","13. Is the entity compliant with the applicable environmental law/ regulations/ guidelines in India; such as the Water (Prevention and Control of Pollution) Act, Air (Prevention and Control of Pollution) Act, Environment protection act and rules thereunder (Y/N/NA).","xbrli:decimalItemType","duration","1) This is mandatory field.\n2) Please select value form dropdown only."]
["PersistentOrganicPollutants","Specify the law/regulation/ guidelines which was not complied with","xbrli:decimalItemType","duration","This is mandatory field. "]
["VolatileOrganicCompounds","Provide details of the non- compliance","xbrli:decimalItemType","duration","This is mandatory field. "]
["HazardousAirPollutants","Any fines / penalties / action taken by regulatory agencies such as pollution control boards or by courts","xbrli:decimalItemType","duration","This is mandatory field. "]
["NameOfOtherEmissions","Corrective action taken, if any","xbrli:stringItemType","duration","This is mandatory field. "]
["UnitOfOtherEmissions","Name of other parameter","xbrli:stringItemType","duration"]
["OtherEmissions","FY (2021-22)","xbrli:decimalItemType","duration"]
["IndicateIfAnyIndependentAssessmentOrEvaluationOrAssuranceHasBeenCarriedOutByAnExternalAgencyForAirEmissionsOtherThanGHGEmissions","PY (2020-21)","xbrli:booleanItemType","duration"]
["NameOfTheExternalAgencyIfAnyIndependentAssessmentOrEvaluationOrAssuranceHasBeenCarriedOutByAnExternalAgencyForAirEmissionsOtherThanGHGEmissionsExplanatoryTextBlock","Total electricity consumption (D)","nonnum:textBlockItemType","duration","1) This is mandatory field.\n2) Please enter numeric value only."]
["UnitOfTotalScope1Emissions","Total fuel consumption (E)","xbrli:stringItemType","duration","1) This is mandatory field.\n2) Please enter numeric value only."]
["UnitOfTotalScope2Emissions","No treatment","xbrli:stringItemType","duration","1) This is mandatory field.\n2) Please enter numeric value only.\n3) Upto 5 decimal value allowed."]
["UnitOfTotalScope1AndScope2EmissionsPerRupeeOfTurnover","With treatment – please specify level of treatment","xbrli:stringItemType","duration","1) This is mandatory field.\n2) Please enter numeric value only.\n3) Upto 5 decimal value allowed."]
["UnitOfTotalScope1AndScope2EmissionIntensity","Name of the area ","xbrli:stringItemType","duration","This is mandatory field. "]
["TotalScope1Emissions","Nature of operations ","dtr-types:ghgEmissionsItemType","duration","This is mandatory field. "]
["TotalScope2Emissions","Total Scope 3 emissions (Break-up of the GHG into CO2, CH4, N2O, HFCs, PFCs, SF6, NF3, if available)","dtr-types:ghgEmissionsItemType","duration","1) This is mandatory field.\n2) Please enter numeric value only."]
["TotalScope1AndScope2EmissionsIntensityPerRupeeOfTurnover","Total Scope 3 emissions\nper rupee of turnover","dtr-types:ghgEmissionsPerMonetaryItemType","duration","1) This is mandatory field.\n2) Please enter numeric value only."]
["TotalScope1AndScope2EmissionsIntensityPerRupeeOfTurnoverAdjustedForPurchasingPowerParity","Total Scope 3 emission intensity (optional) – the relevant metric may be selected by the entity","dtr-types:ghgEmissionsPerMonetaryItemType","duration","1) This is mandatory field.\n2) Please enter numeric value only."]
["WhetherAnyIndicateIfAnyIndependentAssessmentOrEvaluationOrAssuranceHasBeenCarriedOutByAnExternalAgencyForGreenHouseGasEmissions","Initiative undertaken","xbrli:booleanItemType","duration","This is mandatory field. "]
["NameOfTheExternalAgencyThatUndertookIndependentAssessmentOrEvaluationOrAssuranceForGreenHouseGasEmissionsExplanatoryTextBlock","Details of the initiative (Web-link, if any, may be provided along-with summary)","nonnum:textBlockItemType","duration","This is mandatory field. "]
["DoesTheEntityHaveAnyProjectRelatedToReducingGreenHouseGasEmission","Outcome of the initiative","in-capmkt-types:YesNoNA","duration","This is mandatory field. "]
["DetailsOfProjectRelatedToReducingGreenHouseGasEmissionExplanatoryTextBlock","Corrective action taken, if any","nonnum:textBlockItemType","duration","This is mandatory field. "]
["PlasticWaste","5. Does the entity have a business continuity and disaster management plan?","num:massItemType","duration","This is mandatory field, if \"NA\" selected in \"Does the entity have a business continuity and disaster management plan?\"."]
["EWaste","9. Percentage of value chain partners (by value of business done with such partners) that were assessed for environmental impacts.","num:massItemType","duration","1) This is mandatory field.\n2) Please enter numeric value and \"%\" sign only."]
["BioMedicalWaste","Total electricity consumption (A)","num:massItemType","duration","1) This is mandatory field.\n2) Please enter numeric value only."]
["ConstructionAndDemolitionWaste",null,"num:massItemType","duration"]
["BatteryWaste","Name of the trade and industry chambers/ associations","num:massItemType","duration","This is mandatory field. "]
["RadioactiveWaste","Reach of trade and industry chambers/ associations (State/National/International)","num:massItemType","duration","1) This is mandatory field.\n2) Please select value form dropdown only."]
["OtherHazardousWaste",null,"num:massItemType","duration"]
["OtherNonHazardousWasteGenerated",null,"num:massItemType","duration"]
["TotalWasteGenerated",null,"num:massItemType","duration"]
["TotalNumberOfEmployeesOrWorkersForTrainingOnHumanRightsIssues",null,"xbrli:integerItemType","duration"]
["NumberOfEmployeesOrWorkersCoveredForProvidedTrainingOnHumanRightsIssues",null,"xbrli:integerItemType","duration"]
["PercentageOfEmployeesOrWorkersCoveredForProvidedTrainingOnHumanRightsIssues",null,"num:percentItemType","duration"]
["TotalNumberOfEmployeesOrWorkersRelatedToMinimumWages",null,"xbrli:integerItemType","duration"]
["NumberOfEmployeesOrWorkersRelatedToMinimumWages","Name of authority","xbrli:integerItemType","duration","This is mandatory field. "]
["PercentageOfEmployeesOrWorkersRelatedToMinimumWages","Brief of the case","num:percentItemType","duration","This is mandatory field. "]
["NumberOfBoardOfDirectorsForRemunerationOrSalaryOrWages","Corrective action taken","xbrli:integerItemType","duration","This is mandatory field. "]
["NumberOfKeyManagerialPersonnelForRemunerationOrSalaryOrWages","Public policy advocated","xbrli:integerItemType","duration","This is mandatory field. "]
["NumberOfEmployeesOtherThanBodAndKMPForRemunerationOrSalaryOrWages","Method resorted for such advocacy","xbrli:integerItemType","duration","This is mandatory field. "]
["NumberOfWorkersForRemunerationOrSalaryOrWages","Whether information available in public domain? (Yes/No)","xbrli:integerItemType","duration","1) This is mandatory field.\n2) Please select value form dropdown only."]
["MedianOfRemunerationOrSalaryOrWagesOfBoardOfDirectors","Frequency of Review by Board","xbrli:monetaryItemType","duration","1) This is mandatory field.\n2) Please select value form dropdown only."]
["MedianOfRemunerationOrSalaryOrWagesOfKeyManagerialPersonnel","Web Link,if available","xbrli:monetaryItemType","duration","This is mandatory field. "]
["MedianOfRemunerationOrSalaryOrWagesOfEmployeesOtherThanBodAndKMP",null,"xbrli:monetaryItemType","duration"]
["MedianOfRemunerationOrSalaryOrWagesOfWorkers","Name and brief details of project","xbrli:monetaryItemType","duration","This is mandatory field. "]
["NumberOfComplaintsFiledDuringTheYear","SIA Notification No.","xbrli:integerItemType","duration","1) This is mandatory field.\n2) Please enter numeric value only."]
["NumberOfComplaintsPendingResolutionAtTheEndOfYear","Date of notification","xbrli:integerItemType","instant","1) This is mandatory field.\n2) Please enter date in dd-mm-yyyy format."]
["NameOfOtherAssessmentsOfPlantAndOffice","Whether conducted by independent external agency","xbrli:stringItemType","duration","1) This is mandatory field.\n2) Please select value form dropdown only."]
["PercentageOfOtherAssessmentsOfPlantAndOffice","Results communicated in public domain","num:percentItemType","duration","1) This is mandatory field.\n2) Please select value form dropdown only."]
["MechanismsToPreventAdverseConsequencesToTheComplainantInDiscriminationAndHarassmentCasesExplanatoryTextBlock","Relevant Web link","nonnum:textBlockItemType","duration","This is mandatory field. "]
["DoHumanRightsRequirementsFormPartOfYourBusinessAgreementsAndContracts","Name of Project for which R&R is ongoing","in-capmkt-types:YesNoNA","duration","This is mandatory field. "]
["PercentageOfChildLabourOfYourPlantsAndOfficesThatWereAssessedP5","State","num:percentItemType","duration","This is mandatory field. "]
["PercentageOfForcedLabourOrInvoluntaryLabourOfYourPlantsAndOfficesThatWereAssessedP5","District","num:percentItemType","duration","This is mandatory field. "]
["PercentageOfSexualHarassmentOfYourPlantsAndOfficesThatWereAssessedP5","No. of Project Affected Families (PAFs)","num:percentItemType","duration","1) This is mandatory field.\n2) Please enter numeric value only."]
["PercentageOfDiscriminationAtWorkPlaceOfYourPlantsAndOfficesThatWereAssessedP5","% of PAFs covered by R&R","num:percentItemType","duration","1) This is mandatory field.\n2) Please enter numeric value and \"%\" sign only."]
["PercentageOfWagesOfYourPlantsAndOfficesThatWereAssessedP5","Amounts paid to PAFs in the FY (In INR)","num:percentItemType","duration","1) This is mandatory field.\n2) Please enter numeric value only."]
["DoYouHaveAFocalPointResponsibleForAddressingHumanRightsImpactsOrIssuesCausedOrContributedToByTheBusiness","Directly sourced from MSMEs/ small producers","xbrli:booleanItemType","duration","1) This is mandatory field.\n2) Please enter numeric value and \"%\" sign only."]
["DescribeTheInternalMechanismsInPlaceToRedressGrievancesRelatedToHumanRightsIssuesExplanatoryTextBlock","Sourced directly from within the district and neighbouring districts","nonnum:textBlockItemType","duration","1) This is mandatory field.\n2) Please enter numeric value and \"%\" sign only."]
["DetailsOfAnyCorrectiveActionsTakenOrUnderwayToAddressSignificantRisksOrConcernsArisingFromTheAssessmentsOfPlantAndOfficeExplanatoryTextBlock","Details of negative social impact identified","nonnum:textBlockItemType","duration","This is mandatory field. "]
["DetailsOfABusinessProcessBeingModifiedOrIntroducedAsAResultOfAddressingHumanRightsGrievancesOrComplaintsExplanatoryTextBlock","Corrective action taken","nonnum:textBlockItemType","duration","This is mandatory field. "]
["DetailsOfTheScopeAndCoverageOfAnyHumanRightsDueDiligenceConductedExplanatoryTextBlock","State","nonnum:textBlockItemType","duration","This is mandatory field. "]
["IsThePremiseOrOfficeOfTheEntityAccessibleToDifferentlyAbledVisitorsAsPerTheRequirementsOfTheRightsOfPersonsWithDisabilitiesAct2016","Aspirational District","xbrli:booleanItemType","duration","This is mandatory field. "]
["PercentageOfSexualHarassmentOfValueChainPartnersP5","Amount spent (In INR)","num:percentItemType","duration","1) This is mandatory field.\n2) Please enter numeric value only."]
["PercentageOfDiscriminationAtWorkPlaceOfValueChainPartnersP5","3. (a) Do you have a preferential procurement policy where you give preference to purchase from suppliers comprising marginalized /vulnerable groups? (Yes/No/NA)","num:percentItemType","duration","1) This is mandatory field.\n2) Please select value form dropdown only."]
["PercentageOfChildLabourOfValueChainPartnersP5","(b) From which marginalized /vulnerable groups do you procure?","num:percentItemType","duration","This is mandatory field. "]
["PercentageOfForcedLabourOrInvoluntaryLabourOfValueChainPartnersP5","(c) What percentage of total procurement (by value) does it constitute?","num:percentItemType","duration","1) This is mandatory field.\n2) Please enter numeric value and \"%\" sign only."]
["PercentageOfWagesOfValueChainPartnersP5","Intellectual Property based on traditional knowledge","num:percentItemType","duration","This is mandatory field. "]
["DetailsOfAnyCorrectiveActionsTakenOrUnderwayToAddressSignificantRisksOrConcernsArisingFromTheAssessmentsOfValueChainPartnerExplanatoryTextBlock","Owned/ Acquired (Yes/No)","nonnum:textBlockItemType","duration","1) This is mandatory field.\n2) Please select value form dropdown only."]
["WebLinkAtAntiCorruptionOrAntiBriberyPolicyIsPlace","Benefit shared (Yes / No)","xbrli:stringItemType","instant","1) This is mandatory field.\n2) Please select value form dropdown only."]
["CorporateIdentityNumber","Basis of calculating benefit share","in-capmkt-types:CINNumber","duration","This is mandatory field. "]
["NameOfTheCompany","CSR Project","xbrli:stringItemType","instant","This is mandatory field. "]
["YearOfIncorporation","No. of persons benefitted from CSR Projects","xbrli:stringItemType","duration","1) This is mandatory field.\n2) Please enter numeric value only."]
["AddressOfRegisteredOfficeOfCompany","% of beneficiaries from vulnerable and marginalized groups","xbrli:stringItemType","duration","1) This is mandatory field.\n2) Please enter numeric value and \"%\" sign only."]
["AddressOfCorporateOfficeOfCompany",null,"xbrli:stringItemType","duration"]
["EMailOfTheCompany","Environmental and social parameters relevant to the product","xbrli:stringItemType","duration","1) This is mandatory field.\n2) Please enter numeric value and \"%\" sign only."]
["TelephoneOfCompany","Safe and responsible usage","xbrli:stringItemType","duration","1) This is mandatory field.\n2) Please enter numeric value and \"%\" sign only."]
["WebsiteOfCompany","Recycling and/or safe disposal","xbrli:stringItemType","duration","1) This is mandatory field.\n2) Please enter numeric value and \"%\" sign only."]
["DateOfStartOfFinancialYear","Data privacy","xbrli:dateItemType","duration","1) This is mandatory field.\n2) Please enter numeric value only."]
["DateOfStartOfPreviousYear","Advertising","xbrli:dateItemType","duration","1) This is mandatory field.\n2) Please enter numeric value only."]
["DateOfStartOfPriorToPreviousYear","Cyber-security","xbrli:dateItemType","duration","1) This is mandatory field.\n2) Please enter numeric value only."]
["NameOfStockExchangeWhereTheCompanyIsListed","Delivery of essential services","xbrli:stringItemType","duration","1) This is mandatory field.\n2) Please enter numeric value only."]
["ValueOfSharesPaidUp","Restrictive Trade Practices","xbrli:monetaryItemType","instant","1) This is mandatory field.\n2) Please enter numeric value only."]
["NameOfContactPerson","Unfair Trade Practices","xbrli:stringItemType","duration","1) This is mandatory field.\n2) Please enter numeric value only."]
["ContactNumberOfContactPerson","Other","xbrli:stringItemType","duration","1) This is mandatory field.\n2) Please enter numeric value only."]
["EMailOfContactPerson","Voluntary recalls","xbrli:stringItemType","duration","1) This is mandatory field.\n2) Please enter numeric value only."]
["ReportingBoundary","Forced recalls","in-capmkt-types:ReportingOnTheBasis","duration","1) This is mandatory field.\n2) Please enter numeric value only."]
["DateOfEndOfFinancialYear","5. Does the entity have a framework/ policy on cyber security and risks related to data privacy?","xbrli:dateItemType","duration","1) This is mandatory field.\n2) Please select value form dropdown only."]
["DateOfEndOfPreviousYear","If available, provide a web-link of the policy","xbrli:dateItemType","duration","1) This is mandatory field.\n2) If \"Yes\" is selected in \"Does the entity have a framework/ policy on cyber security and risks related to data privacy?\" field. Please provide weblink of the policy."]
["DateOfEndOfPriorToPreviousYear","4. Does the entity display product information on the product over and above what is mandated as per local laws?","xbrli:dateItemType","duration","1) This is mandatory field.\n2) Please select value form dropdown only."]
["DescriptionOfMainActivity","Did your entity carry out any survey with regard to consumer satisfaction relating to the major products / services of the entity, significant locations of operation of the entity or the entity as a whole?","xbrli:stringItemType","duration","1) This is mandatory field.\n2) Please select value form dropdown only."]
["DescriptionOfBusinessActivity","a. Number of instances of data breaches along-with impact","xbrli:stringItemType","duration","1) This is mandatory field.\n2) Please enter numeric value only."]
["PercentageOfTotalTurnoverForBusinessActivities","b. Percentage of data breaches involving personally identifiable information of customers","num:percentItemType","duration","1) This is mandatory field.\n2) Please enter numeric value only."]
["ProductOrServiceSoldByTheEntity","Note: Indicate if any independent assessment/ evaluation/assurance has been carried out by an external agency? (Y/N)","xbrli:stringItemType","duration","1) This is mandatory field.\n2) Please select value form dropdown only."]
["NICCodeOfProductOrServiceSoldByTheEntity","Water intensity (optional) – the relevant metric may be selected by the\nentity","xbrli:stringItemType","duration","1) This is mandatory field.\n2) Please enter numeric value only."]
["PercentageOfTotalTurnoverForProductOrServiceSold","With treatment – please specify level of treatment","num:percentItemType","duration","1) This is mandatory field.\n2) Please enter numeric value only."]
["NumberOfLocations","Brief of the Case","xbrli:integerItemType","duration","This is mandatory field. "]
["NumberOfStatesWhereMarketServedByTheEntity","Other than Permanent (E)","xbrli:integerItemType","duration","1) This is mandatory field.\n2) Please enter numeric value only."]
["NumberOfCountriesWhereMarketServedByTheEntity","Other than Permanent (G)","xbrli:integerItemType","duration","1) This is mandatory field.\n2) Please enter numeric value only."]
["PercentageOfContributionOfExportsInTheTotalTurnoverOfTheEntity",null,"num:percentItemType","duration"]
["ABriefOnTypesOfCustomersExplanatoryTextBlock",null,"nonnum:textBlockItemType","duration"]
["NumberOfEmployeesOrWorkersIncludingDifferentlyAbled","Total volume of water consumption (in kilolitres)","xbrli:integerItemType","duration","1) This is mandatory field.\n2) Please enter numeric value only."]
["PercentageOfEmployeesOrWorkersIncludingDifferentlyAbled","Water intensity per rupee of turnover (Water consumed / turnover)","num:percentItemType","duration","1) This is mandatory field.\n2) Please enter numeric value only."]
["NumberOfDifferentlyAbledEmployeesOrWorkers","Water intensity (optional) – the relevant metric may be selected by the entity","xbrli:integerItemType","duration","1) This is mandatory field.\n2) Please enter numeric value only."]
["PercentageOfDifferentlyAbledEmployeesOrWorkers","1. a. Number of affiliations with trade and industry chambers/ associations.","num:percentItemType","duration","1) This is mandatory field.\n2) Please enter numeric value only."]
["TotalNumberOfBoardOfDirectors",null,"xbrli:integerItemType","duration"]
["TotalNumberOfKeyManagementPersonnel",null,"xbrli:integerItemType","duration"]
["NumberOfFemaleBoardOfDirectors",null,"xbrli:integerItemType","duration"]
["NumberOfFemaleKeyManagementPersonnel",null,"xbrli:integerItemType","duration"]
["PercentageOfFemaleBoardOfDirectors",null,"num:percentItemType","duration"]
["PercentageOfFemaleKeyManagementPersonnel",null,"num:percentItemType","duration"]
["TurnoverRate",null,"num:percentItemType","duration"]
["NameOfTheHoldingOrSubsidiaryAssociateCompaniesOrJointVentures",null,"xbrli:stringItemType","duration"]
["CategoryOfCompany",null,"in-capmkt-types:NatureOfCompany","duration"]
["PercentageOfSharesHeldByListedEntity",null,"num:percentItemType","duration"]
["DoesCompanyParticipateInTheBusinessResponsibilityInitiativesOfTheListedEntity",null,"xbrli:booleanItemType","duration"]
["WhetherCSRIsApplicableAsPerSection135OfCompaniesAct2013",null,"xbrli:booleanItemType","duration"]
["Turnover",null,"xbrli:monetaryItemType","duration"]
["NetWorth",null,"xbrli:monetaryItemType","duration"]
["GrievanceRedressalMechanismInPlace",null,"in-capmkt-types:YesNoNA","duration"]
["WebLinkForGrievanceRedressPolicy",null,"xbrli:stringItemType","duration"]
["NumberOfComplaintsFiledFromStakeHolderGroupDuringTheYear",null,"xbrli:integerItemType","duration"]
["NumberOfComplaintsPendingFromStakeHolderGroupResolutionAtTheEndOfYear",null,"xbrli:integerItemType","instant"]
["RemarksStakeHolderGroupFromWhomComplaintIsReceived",null,"xbrli:stringItemType","duration"]
["NameOfStakeHolderGroup",null,"xbrli:stringItemType","instant"]
["MaterialIssueIdentified",null,"xbrli:stringItemType","duration"]
["IndicateWhetherRiskOrOpportunity",null,"in-capmkt-types:RiskOrOpportunity","duration"]
["RationaleForIdentifyingTheRiskOpportunity",null,"xbrli:stringItemType","duration"]
["InCaseOfRiskApproachToAdaptOrMitigate",null,"xbrli:stringItemType","duration"]
["FinancialImplicationsOfTheRiskOrOpportunity",null,"in-capmkt-types:FinancialImplications","duration"]
["TotalNumberOfTrainingAndAwarenessProgramsHeld",null,"xbrli:integerItemType","duration"]
["TopicsOrPrinciplesCoveredUnderTheTrainingAndItsImpact",null,"xbrli:stringItemType","duration"]
["PercentageOfPersonsInRespectiveCategoryCoveredByTheAwarenessProgrammes",null,"num:percentItemType","duration"]
["NGRBCPrincipleForPenaltyOrFine",null,"xbrli:stringItemType","duration"]
["NameOfTheRegulatoryOrEnforcementAgenciesOrJudicialInstitutionsForPenaltyOrFine",null,"xbrli:stringItemType","duration"]
["AmountOfFinesOrPenalties",null,"xbrli:monetaryItemType","duration"]
["BriefOfTheMonetaryCaseForPenaltyOrFineExplanatoryTextBlock",null,"nonnum:textBlockItemType","duration"]
["HasAnAppealBeenPreferredForPenaltyOrFine",null,"xbrli:booleanItemType","duration"]
["NGRBCPrincipleForSettlement",null,"xbrli:stringItemType","duration"]
["NameOfTheRegulatoryOrEnforcementAgenciesOrJudicialInstitutionsForSettlement",null,"xbrli:stringItemType","duration"]
["AmountOfSettlement",null,"xbrli:monetaryItemType","duration"]
["BriefOfTheMonetaryCaseForSettlementExplanatoryTextBlock",null,"nonnum:textBlockItemType","duration"]
["HasAnAppealBeenPreferredForSettlement",null,"xbrli:booleanItemType","duration"]
["NGRBCPrincipleForCompoundingFee",null,"xbrli:stringItemType","duration"]
["NameOfTheRegulatoryOrEnforcementAgenciesOrJudicialInstitutionsForCompoundingFee",null,"xbrli:stringItemType","duration"]
["AmountOfCompoundingFee",null,"xbrli:monetaryItemType","duration"]
["BriefOfTheMonetaryCaseForCompoundingFeeExplanatoryTextBlock",null,"nonnum:textBlockItemType","duration"]
["HasAnAppealBeenPreferredForCompoundingFee",null,"xbrli:booleanItemType","duration"]
["NGRBCPrincipleForImprisonment",null,"xbrli:stringItemType","duration"]
["BriefOfTheMonetaryCaseForImprisonmentExplanatoryTextBlock",null,"nonnum:textBlockItemType","duration"]
["NameOfTheRegulatoryOrEnforcementAgenciesOrJudicialInstitutionsForImprisonment",null,"xbrli:stringItemType","duration"]
["HasAnAppealBeenPreferredForImprisonment",null,"xbrli:booleanItemType","duration"]
["NGRBCPrincipleForPunishment",null,"xbrli:stringItemType","duration"]
["NameOfTheRegulatoryOrEnforcementAgenciesOrJudicialInstitutionsForPunishment",null,"xbrli:stringItemType","duration"]
["BriefOfTheMonetaryCaseForPunishmentExplanatoryTextBlock",null,"nonnum:textBlockItemType","duration"]
["HasAnAppealBeenPreferredForPunishment",null,"xbrli:booleanItemType","duration"]
["DetailsOfTheCase",null,"xbrli:stringItemType","duration"]
["NameOfTheRegulatoryOrEnforcementAgenciesOrJudicialInstitutions",null,"xbrli:stringItemType","duration"]
["DoesTheEntityHaveAnAntiCorruptionOrAntiBriberyPolicy",null,"in-capmkt-types:YesNoNA","duration"]
["AntiCorruptionOrAntiBriberyPolicyExplanatoryTextBlock",null,"nonnum:textBlockItemType","duration"]
["NumberOfDirectorsAgainstWhomDisciplinaryActionWasTaken",null,"xbrli:integerItemType","duration"]
["NumberOfKMPsAgainstWhomDisciplinaryActionWasTaken",null,"xbrli:integerItemType","duration"]
["NumberOfEmployeesAgainstWhomDisciplinaryActionWasTaken",null,"xbrli:integerItemType","duration"]
["NumberOfWorkersAgainstWhomDisciplinaryActionWasTaken",null,"xbrli:integerItemType","duration"]
["NumberOfComplaintsReceivedInRelationToIssuesOfConflictOfInterestOfTheDirectors",null,"xbrli:integerItemType","duration"]
["RemarksInCaseComplaintsReceivedInRelationToIssuesOfConflictOfInterestOfTheDirectors",null,"xbrli:stringItemType","duration"]
["NumberOfComplaintsReceivedInRelationToIssuesOfConflictOfInterestOfTheKMPs",null,"xbrli:integerItemType","duration"]
["RemarksInCaseComplaintsReceivedInRelationToIssuesOfConflictOfInterestOfTheKmps",null,"xbrli:stringItemType","duration"]
["DetailsOfAnyCorrectiveActionTakenOrUnderwayOnIssuesRelatedToFinesOrPenaltiesOrActionTakenByRegulatorsOrLawEnforcementAgenciesOrJudicialInstitutionsOnCasesOfCorruptionAndConflictsOfInterestExplanatoryTextBlock",null,"nonnum:textBlockItemType","duration"]
["TotalNumberOfAwarenessProgrammesHeld",null,"xbrli:integerItemType","duration"]
["TopicsOrPrinciplesCoveredUnderTheTraining",null,"xbrli:stringItemType","duration"]
["PercentageOfValueChainPartnersCoveredUnderTheAwarenessProgrammes",null,"num:percentItemType","duration"]
["DoesTheEntityHaveProcessesInPlaceToAvoidOrManageConflictOfInterestsInvolvingMembersOfTheBoard",null,"in-capmkt-types:YesNoNA","duration"]
["DetailsOfTheEntityHaveProcessesInPlaceToAvoidOrManageConflictOfInterestsInvolvingMembersOfTheBoardExplanatoryTextBlock",null,"nonnum:textBlockItemType","duration"]
["StatementByDirectorResponsibleForTheBusinessResponsibilityReportHighlightingESGRelatedChallengesTargetsAndAchievementsExplanatoryTextBlock",null,"nonnum:textBlockItemType","duration"]
["DetailsOfTheHighestAuthorityResponsibleForImplementationAndOversightOfTheBusinessResponsibilityPolicyExplanatoryTextBlock",null,"nonnum:textBlockItemType","duration"]
["DoesTheEntityHaveASpecifiedCommitteeOfTheBoardOrDirectorResponsibleForDecisionMakingOnSustainabilityRelatedIssues",null,"in-capmkt-types:YesNoNA","duration"]
["DetailsOfSpecifiedCommitteeOfTheBoardOrDirectorResponsibleForDecisionMakingOnSustainabilityRelatedIssuesExplanatoryTextBlock",null,"nonnum:textBlockItemType","duration"]
["PercentageOfRAndD",null,"num:percentItemType","duration"]
["PercentageOfCapex",null,"num:percentItemType","duration"]
["DetailsOfImprovementsInEnvironmentalAndSocialImpactsDueToRAndD",null,"xbrli:stringItemType","duration"]
["DetailsOfImprovementsInEnvironmentalAndSocialImpactsDueToCapex",null,"xbrli:stringItemType","duration"]
["DoesTheEntityHaveProceduresInPlaceForSustainableSourcing",null,"xbrli:booleanItemType","duration"]
["PercentageOfInputsWereSourcedSustainably",null,"num:percentItemType","duration"]
["DescribeTheProcessesInPlaceToSafelyReclaimYourProductsForReusingRecyclingAndDisposingAtTheEndOfLifeForPlasticsIncludingPackagingExplanatoryTextBlock",null,"nonnum:textBlockItemType","duration"]
["DescribeTheProcessesInPlaceToSafelyReclaimYourProductsForReusingRecyclingAndDisposingAtTheEndOfLifeForEWasteExplanatoryTextBlock",null,"nonnum:textBlockItemType","duration"]
["DescribeTheProcessesInPlaceToSafelyReclaimYourProductsForReusingRecyclingAndDisposingAtTheEndOfLifeForHazardousWasteExplanatoryTextBlock",null,"nonnum:textBlockItemType","duration"]
["DescribeTheProcessesInPlaceToSafelyReclaimYourProductsForReusingRecyclingAndDisposingAtTheEndOfLifeForOtherWasteExplanatoryTextBlock",null,"nonnum:textBlockItemType","duration"]
["WhetherExtendedProducerResponsibilityIsApplicableToTheEntitySActivities",null,"xbrli:booleanItemType","duration"]
["WhetherTheWasteCollectionPlanIsInLineWithTheExtendedProducerResponsibilityPlanSubmittedToPollutionControlBoards",null,"xbrli:booleanItemType","duration"]
["StepsTakenToAddressTheWasteCollectionPlanExplanatoryTextBlock","If not, provide steps taken to address the same.","nonnum:textBlockItemType","duration","This field is mandatory, if \"No\" selected in \"If yes, whether the waste collection plan is in line with the Extended Producer Responsibility (EPR) plan submitted to Pollution Control Boards?\""]
["HasTheEntityConductedLifeCyclePerspectiveOrAssessmentsForAnyOfItsProductsOrForItsServices",null,"in-capmkt-types:YesNoNA","duration"]
["NICCodeOfProductOrServiceOfConductedLifecyclePerspective",null,"xbrli:stringItemType","duration"]
["NameOfProductOrServiceOfConductedLifecyclePerspective",null,"xbrli:stringItemType","duration"]
["PercentageOfTotalTurnoverContributedForConductedLifecyclePerspective",null,"num:percentItemType","duration"]
["BoundaryForWhichTheLifeCyclePerspectiveOrAssessmentWasConducted",null,"xbrli:stringItemType","duration"]
["WhetherConductedByIndependentExternalAgency",null,"xbrli:booleanItemType","duration"]
["ResultsCommunicatedInPublicDomain",null,"xbrli:booleanItemType","duration"]
["WebLinkOfResultsOfLifeCycleAssessments",null,"xbrli:stringItemType","duration"]
["NameOfProductOrService",null,"xbrli:stringItemType","duration"]
["DescriptionOfTheRiskOrConcern",null,"xbrli:stringItemType","duration"]
["ActionTaken",null,"xbrli:stringItemType","duration"]
["IndicateInPutMaterial",null,"xbrli:stringItemType","duration"]
["RecycledOrReUsedInPutMaterialToTotalMaterial",null,"num:percentItemType","duration"]
["AmountOfReUsed",null,"num:massItemType","duration"]
["AmountOfRecycled",null,"num:massItemType","duration"]
["AmountOfSafelyDisposed",null,"num:massItemType","duration"]
["NameOfOtherWaste",null,"xbrli:stringItemType","duration"]
["IndicateProductCategory",null,"xbrli:stringItemType","duration"]
["ReclaimedProductsAndTheirPackagingMaterialsAsPercentageOfTotalProductsSoldInRespectiveCategory",null,"num:percentItemType","duration"]
["WhetherYourEntitysPolicyOrPoliciesCoverEachPrincipleAndItsCoreElementsOfTheNGRBCs",null,"in-capmkt-types:YesNoNA","duration"]
["HasThePolicyBeenApprovedByTheBoard",null,"in-capmkt-types:YesNoNA","duration"]
["WebLinkOfThePoliciesExplanatoryTextBlock",null,"nonnum:textBlockItemType","duration"]
["WhetherTheEntityHasTranslatedThePolicyIntoProcedures",null,"in-capmkt-types:YesNoNA","duration"]
["DoTheEnlistedPoliciesExtendToYourValueChainPartners",null,"in-capmkt-types:YesNoNA","duration"]
["NameOfTheNationalAndInternationalCodesOrCertificationsOrLabelsOrStandardsAdoptedByYourEntityAndMappedToEachPrincipleExplanatoryTextBlock",null,"nonnum:textBlockItemType","duration"]
["SpecificCommitmentsGoalsAndTargetsSetByTheEntityWithDefinedTimelinesExplanatoryTextBlock",null,"nonnum:textBlockItemType","duration"]
["PerformanceOfTheEntityAgainstTheSpecificCommitmentsGoalsAndTargetsAlongWithReasonsInCaseTheSameAreNotMetExplanatoryTextBlock",null,"nonnum:textBlockItemType","duration"]
["DoesTheEntityHaveASpecifiedCommitteeOfTheBoardOrDirectorResponsibleForDecisionMakingOnSustainabilityRelatedIssues",null,"in-capmkt-types:YesNoNA","duration"]
["PerformanceAgainstAbovePoliciesAndFollowUpActionIndicateWhetherReviewWasUndertakenBy",null,"in-capmkt-types:NGRBCReviewBy","duration"]
["ComplianceWithStatutoryRequirementsOfRelevanceToThePrinciplesAndRectificationOfAnyNonCompliancesIndicateWhetherReviewWasUndertakenBy",null,"in-capmkt-types:NGRBCReviewBy","duration"]
["PerformanceAgainstAbovePoliciesAndFollowUpActionFrequency",null,"xbrli:stringItemType","duration"]
["ComplianceWithStatutoryRequirementsOfRelevanceToThePrinciplesAndRectificationOfAnyNonCompliancesFrequency",null,"xbrli:stringItemType","duration"]
["HasTheEntityCarriedOutIndependentAssessmentEvaluationOfTheWorkingOfItsPoliciesByAnExternalAgency",null,"xbrli:booleanItemType","duration"]
["NameOfTheAgencyIfTheEntityCarriedOutIndependentAssessmentEvaluationOfTheWorkingOfItsPoliciesByAnExternalAgencyExplanatoryTextBlock",null,"nonnum:textBlockItemType","duration"]
["TheEntityDoesNotConsiderThePrinciplesMaterialToItsBusiness",null,"xbrli:booleanItemType","duration"]
["TheEntityIsNotAtAStageWhereItIsInAPositionToFormulateAndImplementThePoliciesOnSpecifiedPrinciples",null,"xbrli:booleanItemType","duration"]
["TheEntityDoesNotHaveTheFinancialOrHumanAndTechnicalResourcesAvailableForTheTask",null,"xbrli:booleanItemType","duration"]
["ItIsPlannedToBeDoneInTheNextFinancialYear",null,"xbrli:booleanItemType","duration"]
["AnyOtherReasonsIfPoliciesNotCoverEachPrincipleAndItsCoreElementsOfTheNGRBCsExplanatoryTextBlock",null,"nonnum:textBlockItemType","duration"]
["NumberOfWellBeingOfEmployeesOrWorkers",null,"xbrli:integerItemType","duration"]
["PercentageOfWellBeingOfEmployeesOrWorkers",null,"num:percentItemType","duration"]
["NumberOfEmployeesCoveredAsPercentageOfTotalEmployees",null,"num:percentItemType","duration"]
["NumberOfEmployeesCoveredAsPercentageOfTotalWorker",null,"num:percentItemType","duration"]
["DeductedAndDepositedWithTheAuthority",null,"in-capmkt-types:ISDeductedAndDepositedOrNotapplicable","duration"]
["NameOfOtherRetirementBenefits",null,"xbrli:stringItemType","duration"]
["AreThePremisesOrOfficesOfTheEntityAccessibleToDifferentlyAbledEmployeesAndWorkers",null,"in-capmkt-types:YesNoNA","duration"]
["WhetherAnyStepsAreBeingTakenByTheEntityIfThePremisesOrOfficesOfTheEntityNotAccessibleToDifferentlyAbledEmployeesAndWorkersExplanatoryTextBlock",null,"nonnum:textBlockItemType","duration"]
["DoesTheEntityHaveAnEqualOpportunityPolicyAsPerTheRightsOfPersonsWithDisabilitiesAct2016",null,"in-capmkt-types:YesNoNA","duration"]
["WebLinkOfEqualOppertunityPolicyTextBlock",null,"nonnum:textBlockItemType","duration"]
["ReturnToWorkRatePermanentEmployeesThatTookParentalLeave",null,"xbrli:decimalItemType","duration"]
["RetentionRatesPermanentEmployeesThatTookParentalLeave",null,"xbrli:decimalItemType","duration"]
["ReturnToWorkRatePermanentWorkersThatTookParentalLeave",null,"xbrli:decimalItemType","duration"]
["RetentionRatesPermanentWorkersThatTookParentalLeave",null,"xbrli:decimalItemType","duration"]
["DetailsOfMechanismAvailableToReceiveAndRedressGrievancesForOtherThanPermanentWorkersExplanatoryTextBlock",null,"nonnum:textBlockItemType","duration"]
["DetailsOfMechanismAvailableToReceiveAndRedressGrievancesForPermanentEmployeesExplanatoryTextBlock",null,"nonnum:textBlockItemType","duration"]
["DetailsOfMechanismAvailableToReceiveAndRedressGrievancesForOtherThanPermanentEmployeesExplanatoryTextBlock",null,"nonnum:textBlockItemType","duration"]
["IsThereAMechanismAvailableToReceiveAndRedressGrievancesForTheFollowingCategoriesOfEmployeesAndWorker",null,"xbrli:booleanItemType","duration"]
["IsThereAMechanismAvailableToReceiveAndRedressGrievancesForPermanentWorkers",null,"xbrli:booleanItemType","duration"]
["IsThereAMechanismAvailableToReceiveAndRedressGrievancesForOtherThanPermanentWorkers",null,"xbrli:booleanItemType","duration"]
["IsThereAMechanismAvailableToReceiveAndRedressGrievancesForPermanentEmployees",null,"xbrli:booleanItemType","duration"]
["IsThereAMechanismAvailableToReceiveAndRedressGrievancesForOtherThanPermanentEmployees",null,"xbrli:booleanItemType","duration"]
["DetailsOfMechanismAvailableToReceiveAndRedressGrievancesForPermanentWorkersExplanatoryTextBlock",null,"nonnum:textBlockItemType","duration"]
["TotalNumberOfEmployeesOrWorkersForMembership",null,"xbrli:integerItemType","duration"]
["NumberOfEmployeesOrWorkersArePartOfAssociationsOrUnion",null,"xbrli:integerItemType","duration"]
["PercentageOfEmployeesOrWorkersArePartOfAssociationsOrUnionOfTotalNumberOfEmployee",null,"num:percentItemType","duration"]
["NumberOfTrainedEmployeesOrWorkers",null,"xbrli:integerItemType","duration"]
["PercentageOfTrainedEmployeesOrWorkers",null,"num:percentItemType","duration"]
["TotalNumberOfEmployeesOrWorkersForPerformanceAndCareerDevelopment",null,"xbrli:integerItemType","duration"]
["NumberOfEmployeesOrWorkerForPerformanceAndCareerDevelopment",null,"xbrli:integerItemType","duration"]
["PercentageOfEmployeesOrWorkerForPerformanceAndCareerDevelopment",null,"num:percentItemType","duration"]
["WhetherAnOccupationalHealthAndSafetyManagementSystemHasBeenImplementedByTheEntity",null,"in-capmkt-types:YesNoNA","duration"]
["DetailsOfOccupationalHealthAndSafetyManagementSystemExplanatoryTextBlock",null,"nonnum:textBlockItemType","duration"]
["DesclosureOfTheProcessesUsedToIdentifyWorkRelatedHazardsAndAssessRisksOnARoutineAndNonRoutineBasisByTheEntityExplanatoryTextBlock",null,"nonnum:textBlockItemType","duration"]
["WhetherYouHaveProcessesForWorkersToReportTheWorkRelatedHazardsAndToRemoveThemselvesFromSuchRisks",null,"in-capmkt-types:YesNoNA","duration"]
["DoTheEmployeesOrWorkerOfTheEntityHaveAccessToNonOccupationalMedicalAndHealthcareServices",null,"in-capmkt-types:YesNoNA","duration"]
["LostTimeInjuryFrequencyRatePerOneMillionPersonHoursWorked",null,"xbrli:decimalItemType","duration"]
["TotalRecordableWorkRelatedInjuries",null,"xbrli:decimalItemType","duration"]
["NumberOfFatalities",null,"xbrli:decimalItemType","duration"]
["HighConsequenceWorkRelatedInjuryOrIllHealthExcludingFatalities",null,"xbrli:decimalItemType","duration"]
["DescribeTheMeasuresTakenByTheEntityToEnsureASafeAndHealthyWorkPlaceExplanatoryTextBlock",null,"nonnum:textBlockItemType","duration"]
["NumberOfComplaintsFiledDuringTheYear",null,"xbrli:integerItemType","duration"]
["NumberOfComplaintsPendingResolutionAtTheEndOfYear",null,"xbrli:integerItemType","instant"]
["RemarksforComplaintsExplanatoryTextBlock",null,"nonnum:textBlockItemType","duration"]
["PercentageOfHealthAndSafetyPracticesOfYourPlantsAndOfficesThatWereAssessedP3",null,"num:percentItemType","duration"]
["PercentageOfWorkingConditionsOfYourPlantsAndOfficesThatWereAssessedP3",null,"num:percentItemType","duration"]
["DetailsOfAnyCorrectiveActionTakenOrUnderwayToAddressSafetyRelatedIncidentsOfYourPlantsAndOfficesThatWereAssessedExplanatoryTextBlock",null,"nonnum:textBlockItemType","duration"]
["DoesTheEntityExtendAnyLifeInsuranceOrAnyCompensatoryPackageInTheEventOfDeathOfEmployees",null,"xbrli:booleanItemType","duration"]
["DoesTheEntityExtendAnyLifeInsuranceOrAnyCompensatoryPackageInTheEventOfDeathOfWorkers",null,"xbrli:booleanItemType","duration"]
["DetailsOfMeasuresUndertakenByTheEntityToEnsureThatStatutoryDuesHaveBeenDeductedAndDepositedByTheValueChainPartnersExplanatoryTextBlock",null,"nonnum:textBlockItemType","duration"]
["TotalNumberOfAffectedEmployees",null,"xbrli:integerItemType","duration"]
["TotalNumberOfAffectedWorkers",null,"xbrli:integerItemType","duration"]
["NumberOfEmployeesOrWhoseFamilyMembersRehabilitatedAndPlacedInSuitableEmployment",null,"xbrli:integerItemType","duration"]
["NumberOfWorkersOrWhoseFamilyMembersRehabilitatedAndPlacedInSuitableEmployment",null,"xbrli:integerItemType","duration"]
["DoesTheEntityProvideTransitionAssistanceProgramsToFacilitateContinuedEmployabilityAndTheManagementOfCareerEndingsResultingFromRetirementOrTerminationOfEmployment",null,"in-capmkt-types:YesNoNA","duration"]
["PercentageOfHealthAndSafetyPracticesOfValueChainPartnersP3",null,"num:percentItemType","duration"]
["PercentageOfWorkingConditionsOfValueChainPartnersP3",null,"num:percentItemType","duration"]
["DetailsOfAnyCorrectiveActionTakenOrUnderwayToAddressSafetyRelatedIncidentsOnAssessmentOfValueChainPartnersExplanatoryTextBlock",null,"nonnum:textBlockItemType","duration"]
["DescribeTheProcessesForIdentifyingKeyStakeholderGroupsOfTheEntityExplanatoryTextBlock",null,"nonnum:textBlockItemType","duration"]
["ProvideTheProcessesForConsultationBetweenStakeholdersAndTheBoardOnEconomicEnvironmentalAndSocialTopicsOrIfConsultationIsDelegatedHowIsFeedbackFromSuchConsultationsProvidedToTheBoardExplanatoryTextBlock",null,"nonnum:textBlockItemType","duration"]
["WhetherStakeholderConsultationIsUsedToSupportTheIdentificationAndManagementOfEnvironmentalAndSocialTopics",null,"xbrli:booleanItemType","duration"]
["DetailsOfInstancesAsToHowTheInputsReceivedFromStakeholdersOnTheseTopicsWereIncorporatedIntoPoliciesAndActivitiesOfTheEntityExplanatoryTextBlock",null,"nonnum:textBlockItemType","duration"]
["DetailsOfInstancesOfEngagementWithAndActionsTakenToAddressTheConcernsOfVulnerableMarginalizedStakeholderGroupsExplanatoryTextBlock",null,"nonnum:textBlockItemType","duration"]
["StakeholderGroup",null,"xbrli:stringItemType","duration"]
["WhetherIdentifiedAsVulnerableAndMarginalizedGroup",null,"xbrli:booleanItemType","duration"]
["ChannelsOfCommunication",null,"in-capmkt-types:TypeOfCommunication","duration"]
["FrequencyOfEngagement",null,"xbrli:stringItemType","duration"]
["PurposeAndScopeOfEngagementIncludingKeyTopicsAndConcernsRaisedDuringSuchEngagement",null,"xbrli:stringItemType","duration"]
["TotalElectricityConsumption",null,"xbrli:decimalItemType","duration"]
["TotalFuelConsumption",null,"xbrli:decimalItemType","duration"]
["EnergyConsumptionThroughOtherSources",null,"dtr-types:energyItemType","duration"]
["TotalEnergyConsumption",null,"xbrli:decimalItemType","duration"]
["EnergyIntensityPerRupeeOfTurnover",null,"xbrli:decimalItemType","duration"]
["EnergyIntensityTheRelevantMetricMayBeSelectedByTheEntity",null,"dtr-types:energyItemType","duration"]
["AnyIndependentAssessmentOrEvaluationOrAssuranceHasBeenCarriedOutByAnExternalAgencyForEnergyConsumption",null,"xbrli:booleanItemType","duration"]
["NameOfTheExternalAgencyIfAnyIndependentAssessmentOrEvaluationOrAssuranceHasBeenCarriedOutByAnExternalAgencyForEnergyConsumptionExplanatoryTextBlock",null,"nonnum:textBlockItemType","duration"]
["DoesTheEntityHaveAnySitesOrFacilitiesIdentifiedAsDesignatedConsumersUnderThePerformanceAchieveAndTradeSchemeOfTheGovernmentOfIndia",null,"xbrli:booleanItemType","duration"]
["DiscloseWhetherTargetsSetUnderThePatSchemeHaveBeenAchievedInCaseTargetsHaveNotBeenAchievedThenProvideTheRemedialActionTakenExplanatoryTextBlock",null,"nonnum:textBlockItemType","duration"]
["WaterWithdrawalBySurfaceWater",null,"xbrli:decimalItemType","duration"]
["WaterWithdrawalByGroundwater",null,"xbrli:decimalItemType","duration"]
["WaterWithdrawalByThirdPartyWater",null,"xbrli:decimalItemType","duration"]
["WaterWithdrawalBySeawaterOrDesalinatedWater",null,"xbrli:decimalItemType","duration"]
["WaterWithdrawalByOthers",null,"xbrli:decimalItemType","duration"]
["TotalVolumeOfWaterWithdrawal",null,"xbrli:decimalItemType","duration"]
["TotalVolumeOfWaterConsumption",null,"xbrli:decimalItemType","duration"]
["WaterIntensityPerRupeeOfTurnover",null,"xbrli:decimalItemType","duration"]
["WaterIntensityTheRelevantMetricMayBeSelectedByTheEntity",null,"xbrli:decimalItemType","duration"]
["AnyIndependentAssessmentOrEvaluationOrAssuranceHasBeenCarriedOutByAnExternalAgencyForWaterWithdrawal",null,"xbrli:booleanItemType","duration"]
["NameOfTheExternalAgencyInCaseAnyIndependentAssessmentOrEvaluationOrAssuranceHasBeenCarriedOutByAnExternalAgencyForWaterWithdrawalExplanatoryTextBlock",null,"nonnum:textBlockItemType","duration"]
["HasTheEntityImplementedAMechanismForZeroLiquidDischarge",null,"in-capmkt-types:YesNoNA","duration"]
["DetailsOfCoverageAndImplementationIfForZeroLiquidDischargeExplanatoryTextBlock",null,"nonnum:textBlockItemType","duration"]
["UnitOfNox",null,"xbrli:stringItemType","duration"]
["UnitOfSox",null,"xbrli:stringItemType","duration"]
["UnitOfParticulateMatter",null,"xbrli:stringItemType","duration"]
["UnitOfPersistentOrganicPollutants",null,"xbrli:stringItemType","duration"]
["UnitOfVolatileOrganicCompounds",null,"xbrli:stringItemType","duration"]
["UnitOfHazardousAirPollutants",null,"xbrli:stringItemType","duration"]
["NOx",null,"xbrli:decimalItemType","duration"]
["SOx",null,"xbrli:decimalItemType","duration"]
["ParticulateMatter",null,"xbrli:decimalItemType","duration"]
["PersistentOrganicPollutants",null,"xbrli:decimalItemType","duration"]
["VolatileOrganicCompounds",null,"xbrli:decimalItemType","duration"]
["HazardousAirPollutants",null,"xbrli:decimalItemType","duration"]
["NameOfOtherEmissions",null,"xbrli:stringItemType","duration"]
["UnitOfOtherEmissions",null,"xbrli:stringItemType","duration"]
["OtherEmissions",null,"xbrli:decimalItemType","duration"]
["IndicateIfAnyIndependentAssessmentOrEvaluationOrAssuranceHasBeenCarriedOutByAnExternalAgencyForAirEmissionsOtherThanGHGEmissions",null,"xbrli:booleanItemType","duration"]
["NameOfTheExternalAgencyIfAnyIndependentAssessmentOrEvaluationOrAssuranceHasBeenCarriedOutByAnExternalAgencyForAirEmissionsOtherThanGHGEmissionsExplanatoryTextBlock",null,"nonnum:textBlockItemType","duration"]
["UnitOfTotalScope1Emissions",null,"xbrli:stringItemType","duration"]
["UnitOfTotalScope2Emissions",null,"xbrli:stringItemType","duration"]
["UnitOfTotalScope1AndScope2EmissionsPerRupeeOfTurnover",null,"xbrli:stringItemType","duration"]
["UnitOfTotalScope1AndScope2EmissionIntensity",null,"xbrli:stringItemType","duration"]
["TotalScope1Emissions",null,"dtr-types:ghgEmissionsItemType","duration"]
["TotalScope2Emissions",null,"dtr-types:ghgEmissionsItemType","duration"]
["TotalScope1AndScope2EmissionsIntensityPerRupeeOfTurnover",null,"dtr-types:ghgEmissionsPerMonetaryItemType","duration"]
["TotalScope1AndScope2EmissionsIntensityPerRupeeOfTurnoverAdjustedForPurchasingPowerParity",null,"dtr-types:ghgEmissionsPerMonetaryItemType","duration"]
["WhetherAnyIndicateIfAnyIndependentAssessmentOrEvaluationOrAssuranceHasBeenCarriedOutByAnExternalAgencyForGreenHouseGasEmissions",null,"xbrli:booleanItemType","duration"]
["NameOfTheExternalAgencyThatUndertookIndependentAssessmentOrEvaluationOrAssuranceForGreenHouseGasEmissionsExplanatoryTextBlock",null,"nonnum:textBlockItemType","duration"]
["DoesTheEntityHaveAnyProjectRelatedToReducingGreenHouseGasEmission",null,"in-capmkt-types:YesNoNA","duration"]
["DetailsOfProjectRelatedToReducingGreenHouseGasEmissionExplanatoryTextBlock",null,"nonnum:textBlockItemType","duration"]
["PlasticWaste",null,"num:massItemType","duration"]
["EWaste",null,"num:massItemType","duration"]
["BioMedicalWaste",null,"num:massItemType","duration"]
["ConstructionAndDemolitionWaste",null,"num:massItemType","duration"]
["BatteryWaste",null,"num:massItemType","duration"]
["RadioactiveWaste",null,"num:massItemType","duration"]
["OtherHazardousWaste",null,"num:massItemType","duration"]
["OtherNonHazardousWasteGenerated",null,"num:massItemType","duration"]
["TotalWasteGenerated",null,"num:massItemType","duration"]
["TotalNumberOfEmployeesOrWorkersForTrainingOnHumanRightsIssues",null,"xbrli:integerItemType","duration"]
["NumberOfEmployeesOrWorkersCoveredForProvidedTrainingOnHumanRightsIssues",null,"xbrli:integerItemType","duration"]
["PercentageOfEmployeesOrWorkersCoveredForProvidedTrainingOnHumanRightsIssues",null,"num:percentItemType","duration"]
["TotalNumberOfEmployeesOrWorkersRelatedToMinimumWages",null,"xbrli:integerItemType","duration"]
["NumberOfEmployeesOrWorkersRelatedToMinimumWages",null,"xbrli:integerItemType","duration"]
["PercentageOfEmployeesOrWorkersRelatedToMinimumWages",null,"num:percentItemType","duration"]
["NumberOfBoardOfDirectorsForRemunerationOrSalaryOrWages",null,"xbrli:integerItemType","duration"]
["NumberOfKeyManagerialPersonnelForRemunerationOrSalaryOrWages",null,"xbrli:integerItemType","duration"]
["NumberOfEmployeesOtherThanBodAndKMPForRemunerationOrSalaryOrWages",null,"xbrli:integerItemType","duration"]
["NumberOfWorkersForRemunerationOrSalaryOrWages",null,"xbrli:integerItemType","duration"]
["MedianOfRemunerationOrSalaryOrWagesOfBoardOfDirectors",null,"xbrli:monetaryItemType","duration"]
["MedianOfRemunerationOrSalaryOrWagesOfKeyManagerialPersonnel",null,"xbrli:monetaryItemType","duration"]
["MedianOfRemunerationOrSalaryOrWagesOfEmployeesOtherThanBodAndKMP",null,"xbrli:monetaryItemType","duration"]
["MedianOfRemunerationOrSalaryOrWagesOfWorkers",null,"xbrli:monetaryItemType","duration"]
["NumberOfComplaintsFiledDuringTheYear",null,"xbrli:integerItemType","duration"]
["NumberOfComplaintsPendingResolutionAtTheEndOfYear",null,"xbrli:integerItemType","instant"]
["NameOfOtherAssessmentsOfPlantAndOffice",null,"xbrli:stringItemType","duration"]
["PercentageOfOtherAssessmentsOfPlantAndOffice",null,"num:percentItemType","duration"]
["MechanismsToPreventAdverseConsequencesToTheComplainantInDiscriminationAndHarassmentCasesExplanatoryTextBlock",null,"nonnum:textBlockItemType","duration"]
["DoHumanRightsRequirementsFormPartOfYourBusinessAgreementsAndContracts",null,"in-capmkt-types:YesNoNA","duration"]
["PercentageOfChildLabourOfYourPlantsAndOfficesThatWereAssessedP5",null,"num:percentItemType","duration"]
["PercentageOfForcedLabourOrInvoluntaryLabourOfYourPlantsAndOfficesThatWereAssessedP5",null,"num:percentItemType","duration"]
["PercentageOfSexualHarassmentOfYourPlantsAndOfficesThatWereAssessedP5",null,"num:percentItemType","duration"]
["PercentageOfDiscriminationAtWorkPlaceOfYourPlantsAndOfficesThatWereAssessedP5",null,"num:percentItemType","duration"]
["PercentageOfWagesOfYourPlantsAndOfficesThatWereAssessedP5",null,"num:percentItemType","duration"]
["DoYouHaveAFocalPointResponsibleForAddressingHumanRightsImpactsOrIssuesCausedOrContributedToByTheBusiness",null,"xbrli:booleanItemType","duration"]
["DescribeTheInternalMechanismsInPlaceToRedressGrievancesRelatedToHumanRightsIssuesExplanatoryTextBlock",null,"nonnum:textBlockItemType","duration"]
["DetailsOfAnyCorrectiveActionsTakenOrUnderwayToAddressSignificantRisksOrConcernsArisingFromTheAssessmentsOfPlantAndOfficeExplanatoryTextBlock",null,"nonnum:textBlockItemType","duration"]
["DetailsOfABusinessProcessBeingModifiedOrIntroducedAsAResultOfAddressingHumanRightsGrievancesOrComplaintsExplanatoryTextBlock",null,"nonnum:textBlockItemType","duration"]
["DetailsOfTheScopeAndCoverageOfAnyHumanRightsDueDiligenceConductedExplanatoryTextBlock",null,"nonnum:textBlockItemType","duration"]
["IsThePremiseOrOfficeOfTheEntityAccessibleToDifferentlyAbledVisitorsAsPerTheRequirementsOfTheRightsOfPersonsWithDisabilitiesAct2016",null,"xbrli:booleanItemType","duration"]
["PercentageOfSexualHarassmentOfValueChainPartnersP5",null,"num:percentItemType","duration"]
["PercentageOfDiscriminationAtWorkPlaceOfValueChainPartnersP5",null,"num:percentItemType","duration"]
["PercentageOfChildLabourOfValueChainPartnersP5",null,"num:percentItemType","duration"]
["PercentageOfForcedLabourOrInvoluntaryLabourOfValueChainPartnersP5",null,"num:percentItemType","duration"]
["PercentageOfWagesOfValueChainPartnersP5",null,"num:percentItemType","duration"]
["DetailsOfAnyCorrectiveActionsTakenOrUnderwayToAddressSignificantRisksOrConcernsArisingFromTheAssessmentsOfValueChainPartnerExplanatoryTextBlock",null,"nonnum:textBlockItemType","duration"]
["WasteRecoveredThroughRecycled",null,"num:massItemType","duration"]
["WasteRecoveredThroughReUsed",null,"num:massItemType","duration"]
["WasteRecoveredThroughOtherRecoveryOperations",null,"num:massItemType","duration"]
["TotalWasteRecovered",null,"num:massItemType","duration"]
["WasteDisposedByIncineration",null,"num:massItemType","duration"]
["WasteDisposedByLandfilling",null,"num:massItemType","duration"]
["WasteDisposedByOtherDisposalOperations",null,"num:massItemType","duration"]
["TotalWasteDisposed",null,"num:massItemType","duration"]
["WhetherAnyIndependentAssessmentOrEvaluationOrAssuranceHasBeenCarriedOutByAnExternalAgencyForWasteManagement",null,"xbrli:booleanItemType","duration"]
["LocationOfOperationsOrOffices",null,"xbrli:stringItemType","duration"]
["TypeOfOperations",null,"xbrli:stringItemType","instant"]
["WhetherTheConditionsOfEnvironmentalApprovalOrClearanceAreBeingCompliedWith",null,"xbrli:booleanItemType","duration"]
["ReasonsAndCorrectiveActionTakenIfTheConditionsOfEnvironmentalApprovalOrClearanceAreNotBeingCompliedWith",null,"xbrli:stringItemType","duration"]
["NameAndBriefDetailsOfProject",null,"xbrli:stringItemType","duration"]
["EIANotificationNumber",null,"xbrli:stringItemType","duration"]
["DateOfEnvironmentalImpactAssessments",null,"xbrli:dateItemType","duration"]
["WhetherConductedByIndependentExternalAgencyP6",null,"xbrli:booleanItemType","duration"]
["ResultsCommunicatedInPublicDomainP6",null,"xbrli:booleanItemType","duration"]
["WebLinkOfResultsOfLifeCycleAssessmentsP6",null,"xbrli:stringItemType","duration"]
["IsTheEntityCompliantWithTheApplicableEnvironmentalLaw",null,"in-capmkt-types:YesNoNA","duration"]
["NameOrDetailsOfTheLawOrRegulationOrGuidelinesWhichWasNotCompliedWith",null,"xbrli:stringItemType","duration"]
["AnyFinesOrPenaltiesOrActionTakenByRegulatoryAgenciesSuchAsPollutionControlBoardsOrByCourts",null,"xbrli:stringItemType","duration"]
["CorrectiveActionTakenForNonCompliance",null,"xbrli:stringItemType","duration"]
["TotalElectricityConsumptionFromRenewableSources",null,"dtr-types:energyItemType","duration"]
["TotalFuelConsumptionFromRenewableSources",null,"dtr-types:energyItemType","duration"]
["EnergyConsumptionThroughOtherSourcesFromRenewableSources",null,"dtr-types:energyItemType","duration"]
["TotalEnergyConsumedFromRenewableSources",null,"dtr-types:energyItemType","duration"]
["TotalElectricityConsumptionFromNonRenewableSources",null,"dtr-types:energyItemType","duration"]
["TotalFuelConsumptionFromNonRenewableSources",null,"dtr-types:energyItemType","duration"]
["EnergyConsumptionThroughOtherSourcesFromNonRenewableSources",null,"dtr-types:energyItemType","duration"]
["TotalEnergyConsumedFromNonRenewableSources",null,"dtr-types:energyItemType","duration"]
["NameOfOtherParameterOfEnergyConsumptionThroughOtherSourceFromRenewableSources",null,"xbrli:stringItemType","duration"]
["EnergyConsumptionThroughOtherSourcesFromRenewableSources",null,"dtr-types:energyItemType","duration"]
["NameOfOtherParameterOfEnergyConsumptionThroughOtherSourceFromNonRenewableSources",null,"xbrli:stringItemType","duration"]
["EnergyConsumptionThroughOtherSourcesFromNonRenewableSources",null,"dtr-types:energyItemType","duration"]
["WhetherAnyIndependentAssessmentOrEvaluationOrAssuranceHasBeenCarriedOutByAnExternalAgencyForEnergyConsumptionUnderLeadershipIndicators",null,"xbrli:booleanItemType","duration"]
["NameOfTheExternalAgencyThatUndertookIndependentAssessmentOrEvaluationOrAssuranceForEnergyConsumptionExplanatoryTextBlock",null,"nonnum:textBlockItemType","duration"]
["WaterDischargeToSurfaceWaterWithOutTreatment",null,"xbrli:decimalItemType","duration"]
["WaterDischargeToSurfaceWaterWithTreatment",null,"xbrli:decimalItemType","duration"]
["WaterDischargeToGroundwaterWithOutTreatment",null,"xbrli:decimalItemType","duration"]
["WaterDischargeToGroundwaterWithTreatment",null,"xbrli:decimalItemType","duration"]
["WaterDischargeToSeawaterWithOutTreatment",null,"xbrli:decimalItemType","duration"]
["WaterDischargeToSeawaterWithTreatment",null,"xbrli:decimalItemType","duration"]
["WaterDischargeBySentToThirdPartiesWithoutTreatment",null,"xbrli:decimalItemType","duration"]
["WaterDischargeBySentToThirdPartiesWithTreatment",null,"xbrli:decimalItemType","duration"]
["WaterDischargeToOthersWithoutTreatment",null,"xbrli:decimalItemType","duration"]
["WaterDischargeToOthersWithTreatment",null,"xbrli:decimalItemType","duration"]
["TotalWaterDischargedInKilolitres",null,"xbrli:decimalItemType","duration"]
["WhetherAnyIndependentAssessmentOrEvaluationOrAssuranceHasBeenCarriedOutByAnExternalAgencyForWaterDischarged",null,"xbrli:booleanItemType","duration"]
["NameOfTheExternalAgencyThatUndertookIndependentAssessmentOrEvaluationOrAssuranceForWaterDischargedExplanatoryTextBlock",null,"nonnum:textBlockItemType","duration"]
["IndicateIfAnyIndependentAssessmentOrEvaluationOrAssuranceHasBeenCarriedOutByAnExternalAgencyForAreasOfWaterStress",null,"xbrli:booleanItemType","duration"]
["NameOfTheExternalAgencyIfAnyIndependentAssessmentOrEvaluationOrAssuranceHasBeenCarriedOutByAnExternalAgencyForAreasOfWaterStressExplanatoryTextBlock",null,"nonnum:textBlockItemType","duration"]
["UnitOfTotalScope3Emissions",null,"xbrli:stringItemType","duration"]
["UnitOfTotalScope3EmissionsPerRupeeOfTurnover",null,"xbrli:stringItemType","duration"]
["UnitOfTotalScope3EmissionIntensity",null,"xbrli:stringItemType","duration"]
["TotalScope3Emissions",null,"dtr-types:ghgEmissionsItemType","duration"]
["TotalScope3EmissionsPerRupeeOfTurnover",null,"dtr-types:ghgEmissionsPerMonetaryItemType","duration"]
["TotalScope3EmissionIntensityTheRelevantMetricMayBeSelectedByTheEntity",null,"xbrli:decimalItemType","duration"]
["WhetherAnyIndependentAssessmentOrEvaluationOrAssuranceHasBeenCarriedOutByAnExternalAgencyForTotalScope3Emissions",null,"xbrli:booleanItemType","duration"]
["NameOfTheExternalAgencyThatUndertookIndependentAssessmentOrEvaluationOrAssuranceForTotalScope3EmissionsExplanatoryTextBlock",null,"nonnum:textBlockItemType","duration"]
["DetailsOfSignificantDirectAndIndirectImpactOfTheEntityOnBiodiversityInSuchAreasAlongWithPreventionAndRemediationActivitiesExplanatoryTextBlock",null,"nonnum:textBlockItemType","duration"]
["DoesTheEntityHaveABusinessContinuityAndDisasterManagementPlan",null,"in-capmkt-types:YesNoNA","duration"]
["DiscloseAnySignificantAdverseImpactToTheEnvironmentArisingFromTheValueChainOfTheEntityWhatMitigationOrAdaptationMeasuresHaveBeenTakenByTheEntityInThisRegardExplanatoryTextBlock",null,"nonnum:textBlockItemType","duration"]
["PercentageOfValueChainPartnersByValueOfBusinessDoneWithSuchPartnersThatWereAssessedForEnvironmentalImpacts",null,"num:percentItemType","duration"]
["InitiativeUndertaken",null,"xbrli:stringItemType","duration"]
["WebLinkForDetailsOfInitiativeTakenByEntity",null,"xbrli:stringItemType","duration"]
["OutcomeOfTheInitiative",null,"xbrli:stringItemType","duration"]
["CorrectiveActionTakenForInitiative",null,"xbrli:stringItemType","duration"]
["NameOfTheArea",null,"xbrli:stringItemType","duration"]
["NatureOfOperations",null,"xbrli:stringItemType","duration"]
["WaterWithdrawalBySurfaceWaterPerArea",null,"xbrli:decimalItemType","duration"]
["WaterWithdrawalByGroundwaterPerArea",null,"xbrli:decimalItemType","duration"]
["WaterWithdrawalByThirdPartyWaterPerArea",null,"xbrli:decimalItemType","duration"]
["WaterWithdrawalBySeawaterOrDesalinatedWaterPerArea",null,"xbrli:decimalItemType","duration"]
["WaterWithdrawalByOthersPerArea",null,"xbrli:decimalItemType","duration"]
["TotalVolumeOfWaterWithdrawalPerArea",null,"xbrli:decimalItemType","duration"]
["TotalVolumeOfWaterConsumptionPerArea",null,"xbrli:decimalItemType","duration"]
["WaterIntensityPerRupeeOfTurnoverPerArea",null,"xbrli:decimalItemType","duration"]
["WaterIntensity",null,"xbrli:decimalItemType","duration"]
["WaterDischargeToSurfaceWaterWithOutTreatmentPerArea",null,"xbrli:decimalItemType","duration"]
["WaterDischargeToSurfaceWaterWithTreatmentPerArea",null,"xbrli:decimalItemType","duration"]
["WaterDischargeToGroundwaterWithOutTreatmentPerArea",null,"xbrli:decimalItemType","duration"]
["WaterDischargeToGroundwaterWithTreatmentPerArea",null,"xbrli:decimalItemType","duration"]
["WaterDischargeToSeawaterWithOutTreatmentPerArea",null,"xbrli:decimalItemType","duration"]
["WaterDischargeToSeawaterWithTreatmentPerArea",null,"xbrli:decimalItemType","duration"]
["WaterDischargeBySentToThirdPartiesWithoutTreatmentPerArea",null,"xbrli:decimalItemType","duration"]
["WaterDischargeBySentToThirdPartiesWithTreatmentPerArea",null,"xbrli:decimalItemType","duration"]
["WaterDischargeToOthersWithoutTreatmentPerArea",null,"xbrli:decimalItemType","duration"]
["WaterDischargeToOthersWithTreatmentPerArea",null,"xbrli:decimalItemType","duration"]
["TotalWaterDischargedInKilolitresPerArea",null,"xbrli:decimalItemType","duration"]
["ProvideDetailsOfTheNonCompliance",null,"xbrli:stringItemType","duration"]
["NumberOfAffiliationsWithTradeAndIndustryChambersOrAssociations",null,"xbrli:integerItemType","duration"]
["NameOfTheTradeAndIndustryChambersOrAssociations",null,"xbrli:stringItemType","duration"]
["ReachOfTradeAndIndustryChambersOrAssociations",null,"xbrli:stringItemType","duration"]
["NameOfAuthority",null,"xbrli:stringItemType","duration"]
["BriefOfAnyIssuesRelatedToAntiCompetitiveConductByTheEntity",null,"xbrli:stringItemType","duration"]
["CorrectiveActionTakenForAnyIssuesRelatedToAntiCompetitiveConductByTheEntity",null,"xbrli:stringItemType","duration"]
["PublicPolicyAdvocated",null,"xbrli:stringItemType","duration"]
["MethodResortedForSuchAdvocacy",null,"xbrli:stringItemType","duration"]
["WhetherInformationAvailableInPublicDomain",null,"xbrli:booleanItemType","duration"]
["FrequencyOfReviewByBoard",null,"xbrli:stringItemType","duration"]
["WebLinkPublicPolicyPositionAdvocated",null,"xbrli:stringItemType","duration"]
["EnvironmentalAndSocialParametersRelevantToTheProductAsAPercentageToTotalTurnover",null,"num:percentItemType","duration"]
["SafeAndResponsibleUsageAsAPercentageToTotalTurnover",null,"num:percentItemType","duration"]
["RecyclingAndOrSafeDisposalAsAPercentageToTotalTurnover",null,"num:percentItemType","duration"]
["ConsumerComplaintsReceivedDuringTheYear",null,"xbrli:integerItemType","duration"]
["ConsumerComplaintsPendingResolutionAtEndOfYear",null,"xbrli:integerItemType","instant"]
["RemarkForConsumerComplaints",null,"xbrli:stringItemType","duration"]
["NumberOfVoluntaryRecalls",null,"xbrli:integerItemType","duration"]
["NumberOfForcedRecalls",null,"xbrli:integerItemType","duration"]
["ReasonsForVoluntaryRecall",null,"xbrli:stringItemType","duration"]
["ReasonsForForcedRecall",null,"xbrli:stringItemType","duration"]
["DoesTheEntityHaveAFrameworkOrPolicyOnCyberSecurityAndRisksRelatedToDataPrivacy",null,"in-capmkt-types:YesNoNA","duration"]
["WebLinkOfThePolicyOnCyberSecurityAndRisksRelatedToDataPrivacy",null,"xbrli:stringItemType","duration"]
["DetailsOfAnyCorrectiveActionsTakenOrUnderwayOnIssuesRelatingToAdvertisingAndDeliveryOfEssentialServicesOrCyberSecurityAndDataPrivacyOrRecallsOrPenaltyOrActionTakenByRegulatoryAuthoritiesOnSafetyOfProductsOrServicesExplanatoryTextBlock",null,"nonnum:textBlockItemType","duration"]
["DoesTheEntityDisplayProductInformationOnTheProductOverAndAboveWhatIsMandatedAsPerLocalLaws",null,"in-capmkt-types:YesNoNA","duration"]
["DidYourEntityCarryOutAnySurveyWithRegardToConsumerSatisfactionRelatingToTheMajorProductsOrServicesOfTheEntitySignificantLocationsOfOperationOfTheEntityOrTheEntityAsAWhole",null,"in-capmkt-types:YesNoNA","duration"]
["ProvideInformationRelatingToDataBreachesAbstract",null,"xbrli:stringItemType","duration"]
["NumberOfInstancesOfDataBreachesAlongWithImpact",null,"xbrli:integerItemType","duration"]
["PercentageOfDataBreachesInvolvingPersonallyIdentifiableInformationOfCustomers",null,"num:percentItemType","duration"]
["NameAndBriefDetailsOfProjectSIA",null,"xbrli:stringItemType","duration"]
["SIANotificationNumber",null,"xbrli:stringItemType","duration"]
["DateOfNotification",null,"xbrli:dateItemType","duration"]
["WhetherConductedByIndependentExternalAgencyForSIA",null,"xbrli:booleanItemType","duration"]
["ResultsCommunicatedInPublicDomainOfSIA",null,"xbrli:booleanItemType","duration"]
["WebLinkOfSIAOfProjects",null,"xbrli:stringItemType","duration"]
["IntellectualPropertyBasedOnTraditionalKnowledge",null,"xbrli:stringItemType","duration"]
["OwnedOrAcquired",null,"xbrli:booleanItemType","duration"]
["BenefitShared",null,"xbrli:booleanItemType","duration"]
["BasisOfCalculatingBenefitShare",null,"xbrli:stringItemType","duration"]
["DescribeTheMechanismsToReceiveAndRedressGrievancesOfTheCommunityExplanatoryTextBlock",null,"nonnum:textBlockItemType","duration"]
["DirectlySourcedFromMSMEsOrSmallProducers",null,"num:percentItemType","duration"]
["SourcedDirectlyFromWithinTheDistrictAndNeighbouringDistricts",null,"num:percentItemType","duration"]
["DetailsOfNegativeSocialImpactIdentified",null,"xbrli:stringItemType","duration"]
["CorrectiveActionTakenForNegativeSocialImpactIdentified",null,"xbrli:stringItemType","duration"]
["StateOfCSRProjectsUndertaken",null,"xbrli:stringItemType","duration"]
["AspirationalDistrictOfCSRProjectsUndertaken",null,"xbrli:stringItemType","duration"]
["AmountSpentForCSRProjectsUndertaken",null,"xbrli:monetaryItemType","duration"]
["NameOfProjectForWhichRehabilitationAndResettlementIsOnGoing",null,"xbrli:stringItemType","duration"]
["StateOfProject",null,"xbrli:stringItemType","duration"]
["DistrictOfProject",null,"xbrli:stringItemType","duration"]
["NumberOfProjectAffectedFamilies",null,"xbrli:integerItemType","duration"]
["AmountsPaidToPAFs",null,"xbrli:monetaryItemType","duration"]
["NameOfAuthorityForIntellectualPropertyRelatedDisputes",null,"xbrli:stringItemType","duration"]
["BriefOfTheCaseForIntellectualPropertyRelatedDisputes",null,"xbrli:stringItemType","duration"]
["CorrectiveActionTakenForIntellectualPropertyRelatedDisputes",null,"xbrli:stringItemType","duration"]
["CSRProject",null,"xbrli:stringItemType","duration"]
["NumberOfPersonsBenefittedFromCSRProjects",null,"xbrli:integerItemType","duration"]
["PercentageOfBeneficiariesFromVulnerableAndMarginalizedGroups",null,"num:percentItemType","duration"]
["DoYouHaveAPreferentialProcurementPolicyWhereYouGivePreferenceToPurchaseFromSuppliersComprisingMarginalizedOrVulnerableGroups",null,"in-capmkt-types:YesNoNA","duration"]
["FromWhichMarginalizedOrVulnerableGroupsDoYouProcure",null,"xbrli:stringItemType","duration"]
["WhatPercentageOfTotalProcurementByValueDoesItConstitute",null,"num:percentItemType","duration"]
["TotalElectricityConsumption",null,"xbrli:decimalItemType","duration"]
["TotalFuelConsumption",null,"xbrli:decimalItemType","duration"]
["EnergyConsumptionThroughOtherSources",null,"dtr-types:energyItemType","duration"]
["TotalEnergyConsumption",null,"xbrli:decimalItemType","duration"]
["EnergyIntensityPerRupeeOfTurnover",null,"xbrli:decimalItemType","duration"]
["EnergyIntensityTheRelevantMetricMayBeSelectedByTheEntity",null,"dtr-types:energyItemType","duration"]
["AnyIndependentAssessmentOrEvaluationOrAssuranceHasBeenCarriedOutByAnExternalAgencyForEnergyConsumption",null,"xbrli:booleanItemType","duration"]
["NameOfTheExternalAgencyIfAnyIndependentAssessmentOrEvaluationOrAssuranceHasBeenCarriedOutByAnExternalAgencyForEnergyConsumptionExplanatoryTextBlock",null,"nonnum:textBlockItemType","duration"]
["DoesTheEntityHaveAnySitesOrFacilitiesIdentifiedAsDesignatedConsumersUnderThePerformanceAchieveAndTradeSchemeOfTheGovernmentOfIndia",null,"xbrli:booleanItemType","duration"]
["DiscloseWhetherTargetsSetUnderThePatSchemeHaveBeenAchievedInCaseTargetsHaveNotBeenAchievedThenProvideTheRemedialActionTakenExplanatoryTextBlock",null,"nonnum:textBlockItemType","duration"]
["WaterWithdrawalBySurfaceWater",null,"xbrli:decimalItemType","duration"]
["WaterWithdrawalByGroundwater",null,"xbrli:decimalItemType","duration"]
["WaterWithdrawalByThirdPartyWater",null,"xbrli:decimalItemType","duration"]
["WaterWithdrawalBySeawaterOrDesalinatedWater",null,"xbrli:decimalItemType","duration"]
["WaterWithdrawalByOthers",null,"xbrli:decimalItemType","duration"]
["TotalVolumeOfWaterWithdrawal",null,"xbrli:decimalItemType","duration"]
["TotalVolumeOfWaterConsumption",null,"xbrli:decimalItemType","duration"]
["WaterIntensityPerRupeeOfTurnover",null,"xbrli:decimalItemType","duration"]
["WaterIntensityTheRelevantMetricMayBeSelectedByTheEntity",null,"xbrli:decimalItemType","duration"]
["AnyIndependentAssessmentOrEvaluationOrAssuranceHasBeenCarriedOutByAnExternalAgencyForWaterWithdrawal",null,"xbrli:booleanItemType","duration"]
["NameOfTheExternalAgencyInCaseAnyIndependentAssessmentOrEvaluationOrAssuranceHasBeenCarriedOutByAnExternalAgencyForWaterWithdrawalExplanatoryTextBlock",null,"nonnum:textBlockItemType","duration"]
["HasTheEntityImplementedAMechanismForZeroLiquidDischarge",null,"in-capmkt-types:YesNoNA","duration"]
["DetailsOfCoverageAndImplementationIfForZeroLiquidDischargeExplanatoryTextBlock",null,"nonnum:textBlockItemType","duration"]
["UnitOfNox",null,"xbrli:stringItemType","duration"]
["UnitOfSox",null,"xbrli:stringItemType","duration"]
["UnitOfParticulateMatter",null,"xbrli:stringItemType","duration"]
["UnitOfPersistentOrganicPollutants",null,"xbrli:stringItemType","duration"]
["UnitOfVolatileOrganicCompounds",null,"xbrli:stringItemType","duration"]
["UnitOfHazardousAirPollutants",null,"xbrli:stringItemType","duration"]
["NOx",null,"xbrli:decimalItemType","duration"]
["SOx",null,"xbrli:decimalItemType","duration"]
["ParticulateMatter",null,"xbrli:decimalItemType","duration"]
["PersistentOrganicPollutants",null,"xbrli:decimalItemType","duration"]
["VolatileOrganicCompounds",null,"xbrli:decimalItemType","duration"]
["HazardousAirPollutants",null,"xbrli:decimalItemType","duration"]
["NameOfOtherEmissions",null,"xbrli:stringItemType","duration"]
["UnitOfOtherEmissions",null,"xbrli:stringItemType","duration"]
["OtherEmissions",null,"xbrli:decimalItemType","duration"]
["IndicateIfAnyIndependentAssessmentOrEvaluationOrAssuranceHasBeenCarriedOutByAnExternalAgencyForAirEmissionsOtherThanGHGEmissions",null,"xbrli:booleanItemType","duration"]
["NameOfTheExternalAgencyIfAnyIndependentAssessmentOrEvaluationOrAssuranceHasBeenCarriedOutByAnExternalAgencyForAirEmissionsOtherThanGHGEmissionsExplanatoryTextBlock",null,"nonnum:textBlockItemType","duration"]
["UnitOfTotalScope1Emissions",null,"xbrli:stringItemType","duration"]
["UnitOfTotalScope2Emissions",null,"xbrli:stringItemType","duration"]
["UnitOfTotalScope1AndScope2EmissionsPerRupeeOfTurnover",null,"xbrli:stringItemType","duration"]
["UnitOfTotalScope1AndScope2EmissionIntensity",null,"xbrli:stringItemType","duration"]
["TotalScope1Emissions",null,"dtr-types:ghgEmissionsItemType","duration"]
["TotalScope2Emissions",null,"dtr-types:ghgEmissionsItemType","duration"]
["TotalScope1AndScope2EmissionsIntensityPerRupeeOfTurnover",null,"dtr-types:ghgEmissionsPerMonetaryItemType","duration"]
["TotalScope1AndScope2EmissionsIntensityPerRupeeOfTurnoverAdjustedForPurchasingPowerParity",null,"dtr-types:ghgEmissionsPerMonetaryItemType","duration"]
["WhetherAnyIndicateIfAnyIndependentAssessmentOrEvaluationOrAssuranceHasBeenCarriedOutByAnExternalAgencyForGreenHouseGasEmissions",null,"xbrli:booleanItemType","duration"]
["NameOfTheExternalAgencyThatUndertookIndependentAssessmentOrEvaluationOrAssuranceForGreenHouseGasEmissionsExplanatoryTextBlock",null,"nonnum:textBlockItemType","duration"]
["DoesTheEntityHaveAnyProjectRelatedToReducingGreenHouseGasEmission",null,"in-capmkt-types:YesNoNA","duration"]
["DetailsOfProjectRelatedToReducingGreenHouseGasEmissionExplanatoryTextBlock",null,"nonnum:textBlockItemType","duration"]
["PlasticWaste",null,"num:massItemType","duration"]
["EWaste",null,"num:massItemType","duration"]
["BioMedicalWaste",null,"num:massItemType","duration"]
["ConstructionAndDemolitionWaste",null,"num:massItemType","duration"]
["BatteryWaste",null,"num:massItemType","duration"]
["RadioactiveWaste",null,"num:massItemType","duration"]
["OtherHazardousWaste",null,"num:massItemType","duration"]
["OtherNonHazardousWasteGenerated",null,"num:massItemType","duration"]
["TotalWasteGenerated",null,"num:massItemType","duration"]
["TotalNumberOfEmployeesOrWorkersForTrainingOnHumanRightsIssues",null,"xbrli:integerItemType","duration"]
["NumberOfEmployeesOrWorkersCoveredForProvidedTrainingOnHumanRightsIssues",null,"xbrli:integerItemType","duration"]
["PercentageOfEmployeesOrWorkersCoveredForProvidedTrainingOnHumanRightsIssues",null,"num:percentItemType","duration"]
["TotalNumberOfEmployeesOrWorkersRelatedToMinimumWages",null,"xbrli:integerItemType","duration"]
["NumberOfEmployeesOrWorkersRelatedToMinimumWages",null,"xbrli:integerItemType","duration"]
["PercentageOfEmployeesOrWorkersRelatedToMinimumWages",null,"num:percentItemType","duration"]
["NumberOfBoardOfDirectorsForRemunerationOrSalaryOrWages",null,"xbrli:integerItemType","duration"]
["NumberOfKeyManagerialPersonnelForRemunerationOrSalaryOrWages",null,"xbrli:integerItemType","duration"]
["NumberOfEmployeesOtherThanBodAndKMPForRemunerationOrSalaryOrWages",null,"xbrli:integerItemType","duration"]
["NumberOfWorkersForRemunerationOrSalaryOrWages",null,"xbrli:integerItemType","duration"]
["MedianOfRemunerationOrSalaryOrWagesOfBoardOfDirectors",null,"xbrli:monetaryItemType","duration"]
["MedianOfRemunerationOrSalaryOrWagesOfKeyManagerialPersonnel",null,"xbrli:monetaryItemType","duration"]
["MedianOfRemunerationOrSalaryOrWagesOfEmployeesOtherThanBodAndKMP",null,"xbrli:monetaryItemType","duration"]
["MedianOfRemunerationOrSalaryOrWagesOfWorkers",null,"xbrli:monetaryItemType","duration"]
["NumberOfComplaintsFiledDuringTheYear",null,"xbrli:integerItemType","duration"]
["NumberOfComplaintsPendingResolutionAtTheEndOfYear",null,"xbrli:integerItemType","instant"]
["NameOfOtherAssessmentsOfPlantAndOffice",null,"xbrli:stringItemType","duration"]
["PercentageOfOtherAssessmentsOfPlantAndOffice",null,"num:percentItemType","duration"]
["MechanismsToPreventAdverseConsequencesToTheComplainantInDiscriminationAndHarassmentCasesExplanatoryTextBlock",null,"nonnum:textBlockItemType","duration"]
["DoHumanRightsRequirementsFormPartOfYourBusinessAgreementsAndContracts",null,"in-capmkt-types:YesNoNA","duration"]
["PercentageOfChildLabourOfYourPlantsAndOfficesThatWereAssessedP5",null,"num:percentItemType","duration"]
["PercentageOfForcedLabourOrInvoluntaryLabourOfYourPlantsAndOfficesThatWereAssessedP5",null,"num:percentItemType","duration"]
["PercentageOfSexualHarassmentOfYourPlantsAndOfficesThatWereAssessedP5",null,"num:percentItemType","duration"]
["PercentageOfDiscriminationAtWorkPlaceOfYourPlantsAndOfficesThatWereAssessedP5",null,"num:percentItemType","duration"]
["PercentageOfWagesOfYourPlantsAndOfficesThatWereAssessedP5",null,"num:percentItemType","duration"]
["DoYouHaveAFocalPointResponsibleForAddressingHumanRightsImpactsOrIssuesCausedOrContributedToByTheBusiness",null,"xbrli:booleanItemType","duration"]
["DescribeTheInternalMechanismsInPlaceToRedressGrievancesRelatedToHumanRightsIssuesExplanatoryTextBlock",null,"nonnum:textBlockItemType","duration"]
["DetailsOfAnyCorrectiveActionsTakenOrUnderwayToAddressSignificantRisksOrConcernsArisingFromTheAssessmentsOfPlantAndOfficeExplanatoryTextBlock",null,"nonnum:textBlockItemType","duration"]
["DetailsOfABusinessProcessBeingModifiedOrIntroducedAsAResultOfAddressingHumanRightsGrievancesOrComplaintsExplanatoryTextBlock",null,"nonnum:textBlockItemType","duration"]
["DetailsOfTheScopeAndCoverageOfAnyHumanRightsDueDiligenceConductedExplanatoryTextBlock",null,"nonnum:textBlockItemType","duration"]
["IsThePremiseOrOfficeOfTheEntityAccessibleToDifferentlyAbledVisitorsAsPerTheRequirementsOfTheRightsOfPersonsWithDisabilitiesAct2016",null,"xbrli:booleanItemType","duration"]
["PercentageOfSexualHarassmentOfValueChainPartnersP5",null,"num:percentItemType","duration"]
["PercentageOfDiscriminationAtWorkPlaceOfValueChainPartnersP5",null,"num:percentItemType","duration"]
["PercentageOfChildLabourOfValueChainPartnersP5",null,"num:percentItemType","duration"]
["PercentageOfForcedLabourOrInvoluntaryLabourOfValueChainPartnersP5",null,"num:percentItemType","duration"]
["PercentageOfWagesOfValueChainPartnersP5",null,"num:percentItemType","duration"]
["DetailsOfAnyCorrectiveActionsTakenOrUnderwayToAddressSignificantRisksOrConcernsArisingFromTheAssessmentsOfValueChainPartnerExplanatoryTextBlock",null,"nonnum:textBlockItemType","duration"]
["WasteRecoveredThroughRecycled",null,"num:massItemType","duration"]
["WasteRecoveredThroughReUsed",null,"num:massItemType","duration"]
["WasteRecoveredThroughOtherRecoveryOperations",null,"num:massItemType","duration"]
["TotalWasteRecovered",null,"num:massItemType","duration"]
["WasteDisposedByIncineration",null,"num:massItemType","duration"]
["WasteDisposedByLandfilling",null,"num:massItemType","duration"]
["WasteDisposedByOtherDisposalOperations",null,"num:massItemType","duration"]
["TotalWasteDisposed",null,"num:massItemType","duration"]
["WhetherAnyIndependentAssessmentOrEvaluationOrAssuranceHasBeenCarriedOutByAnExternalAgencyForWasteManagement",null,"xbrli:booleanItemType","duration"]
["NameOfTheExternalAgencyThatUndertookIndependentAssessmentOrEvaluationOrAssuranceRelatedToWasteManagement",null,"nonnum:textBlockItemType","duration"]
["DetailsOfWasteManagementPracticesAdoptedInYourEstablishmentsAndTheStrategyAdoptedByCompanyToReduceUsageOfHazardousAndToxicChemicals",null,"nonnum:textBlockItemType","duration"]
["LocationOfOperationsOrOffices",null,"xbrli:stringItemType","duration"]
["TypeOfOperations",null,"xbrli:stringItemType","instant"]
["WhetherTheConditionsOfEnvironmentalApprovalOrClearanceAreBeingCompliedWith",null,"xbrli:booleanItemType","duration"]
["ReasonsAndCorrectiveActionTakenIfTheConditionsOfEnvironmentalApprovalOrClearanceAreNotBeingCompliedWith",null,"xbrli:stringItemType","duration"]
["PercentageOfDirectlySourcedFromMSMEsOrSmallProducers",null,"num:percentItemType","duration"]
["PercentageOfSourcedDirectlyFromWithinTheDistrictAndNeighbouringDistricts",null,"num:percentItemType","duration"]
["PercentageOfPAFsCoveredByRehabilitationAndResettlement",null,"num:percentItemType","duration"]
["DescribeTheMechanismsInPlaceToReceiveAndRespondToConsumerComplaintsAndFeedbackExplanatoryTextBlock",null,"nonnum:textBlockItemType","duration"]
["DetailsOfProductInformationOnTheProductOverAndAboveWhatIsMandatedAsPerLocalLawsExplanatoryTextBlock",null,"nonnum:textBlockItemType","duration"]
["MechanismsInPlaceToInformConsumersOfAnyRiskOfDisruptionOrDiscontinuationOfEssentialServicesExplanatoryTextBlock",null,"nonnum:textBlockItemType","duration"]
["WeblinkWhereInformationOnProductsAndServicesOfTheEntityCanBeAccessedExplanatoryTextBlock",null,"nonnum:textBlockItemType","duration"]
["StepsTakenToInformAndEducateConsumersAboutSafeAndResponsibleUsageOfProductsAndOrServicesExplanatoryTextBlock",null,"nonnum:textBlockItemType","duration"]
["NameOfTheExternalAgencyThatUndertookIndependentAssessmentOrEvaluationOrAssuranceRelatedToWasteManagementExplanatoryTextBlock",null,"nonnum:textBlockItemType","duration"]
["DetailsOfWasteManagementPracticesAdoptedInYourEstablishmentsAndTheStrategyAdoptedByCompanyToReduceUsageOfHazardousAndToxicChemicalsExplanatoryTextBlock",null,"nonnum:textBlockItemType","duration"]
["DisclosureWebLinkOfEntityAtWhichBusinessContinuityAndDisasterManagementPlanIsPlaced",null,"nonnum:textBlockItemType","instant"]
["WaterDischargeToSurfaceWater",null,"xbrli:decimalItemType","duration"]
["WaterDischargeToGroundwater",null,"xbrli:decimalItemType","duration"]
["WaterDischargeToSeawater",null,"xbrli:decimalItemType","duration"]
["WaterDischargeBySentToThirdParties",null,"xbrli:decimalItemType","duration"]
["WaterDischargeToOthers",null,"xbrli:decimalItemType","duration"]
["WaterDischargeToSurfaceWaterPerArea",null,"xbrli:decimalItemType","duration"]
["WaterDischargeToGroundwaterPerArea",null,"xbrli:decimalItemType","duration"]
["WaterDischargeToSeawaterPerArea",null,"xbrli:decimalItemType","duration"]
["WaterDischargeBySentToThirdPartiesPerArea",null,"xbrli:decimalItemType","duration"]
["WaterDischargeToOthersPerArea",null,"xbrli:decimalItemType","duration"]
["NameOfOtherAssessmentOfValueChainPartner",null,"xbrli:stringItemType","duration"]
["PercentageOfOtherAssessmentOfValueChainPartner",null,"num:percentItemType","duration"]
[null,"Name of the Stock exchange ",null,null,"1) This is mandatory field.\n2) Please select value form dropdown only."]
[null,"Name of the Country",null,null,"1) This is mandatory field."]
[null,"Description of other stock exchange",null,null,"1) This is mandatory field."]
["NotesGeneralDisclosureExplanatoryTextBlock",null,"nonnum:textBlockItemType","duration"]
["NotesManagementAndProcessDisclosuresExplanatoryTextBlock",null,"nonnum:textBlockItemType","duration"]
["NotesPrinciple1ExplanatoryTextBlock",null,"nonnum:textBlockItemType","duration"]
["NotesPrinciple2ExplanatoryTextBlock",null,"nonnum:textBlockItemType","duration"]
["NotesPrinciple3ExplanatoryTextBlock",null,"nonnum:textBlockItemType","duration"]
["NotesPrinciple4ExplanatoryTextBlock",null,"nonnum:textBlockItemType","duration"]
["NotesPrinciple5ExplanatoryTextBlock",null,"nonnum:textBlockItemType","duration"]
["NotesPrinciple6ExplanatoryTextBlock",null,"nonnum:textBlockItemType","duration"]
["NotesPrinciple7ExplanatoryTextBlock",null,"nonnum:textBlockItemType","duration"]
["NotesPrinciple8ExplanatoryTextBlock",null,"nonnum:textBlockItemType","duration"]
["NotesPrinciple9ExplanatoryTextBlock",null,"nonnum:textBlockItemType","duration"]
["NameOfStockExchangeWhereTheCompanyIsListed",null,"in-capmkt-types:Exchange","duration"]
["DescriptionOfOtherStockExchangeWhereTheCompanyIsListed",null,"xbrli:stringItemType","duration"]
["CountryOfOtherStockExchange",null,"xbrli:stringItemType","duration"]
[null,null,null,null,"1) This is mandatory field."]
[null,"(If NA, then provide the reason)",null,null,"This field is mandatory, if \"NA\" selected in \"Grievance Redressal Mechanism in Place (Yes/No/NA)\"."]
[null,"Details of Any other Committee",null,null,"1) This is mandatory field."]
[null,"Details of Any other Committee1",null,null,"1) This is mandatory field."]
[null,"Details of Other Channels of communication",null,null,"1) This is mandatory field."]
[null,"Details of Other Frequency of engagement",null,null,"1) This is mandatory field."]
["DetailsForGrievanceRedressalMechanismInPlaceIsNotApplicableExplanatoryTextBlock","Details for grievance redressal mechanism in place is not applicable [Text block]","nonnum:textBlockItemType","duration"]
["TheEntityHasNotApplicableASpecifiedCommitteeForDecisionMakingOnSustainabilityRelatedIssuesExplanatoryTextBlock","The entity has not applicable a specified committee for decision making on sustainability related issues [Text block]","nonnum:textBlockItemType","duration"]
["DescriptionOfOtherCommitteeForPerformanceAgainstAbovePoliciesAndFollowUpAction","Description of other committee for performance against above policies and follow up action","xbrli:stringItemType","duration","This is mandatory field, if \"Any other Committee\" selected in \"Performance against above policies and follow up action\"."]
["DescriptionOfOtherCommitteeForComplianceWithStatutoryRequirementsOfRelevanceToThePrinciplesAndRectification","Description of other committee for compliance with statutory requirements of relevance to the principles and rectification","xbrli:stringItemType","duration","This is mandatory field, if \"Any other Committee\" selected in \"Compliance with statutory requirements of relevance to the principles and rectification of any non-compliances\"."]
["DetailsForTheEntityHaveNotApplicableAnAntiCorruptionOrAntiBriberyPolicyExplanatoryTextBlock","Details for the entity have not applicable an anti-corruption or anti bribery policy [Text block]","nonnum:textBlockItemType","duration"]
["DetailsOfTheEntityHaveNotApplicableProcessesInPlaceToAvoidOrManageConflictOfInterestsInvolvingMembersOfTheBoardExplanatoryTextBlock","Details of the entity have not applicable processes in place to avoid or manage conflict of interests involving members of the board [Text block]","nonnum:textBlockItemType","duration"]
["TheEntityHasNotApplicableConductedLifeCyclePerspectiveOrAssessmentsForAnyOfItsProductsOrForItsServicesExplanatoryTextBlock","The entity has not applicable conducted life cycle perspective or assessments for any of its products or for its services [Text block]","nonnum:textBlockItemType","duration"]
["AnOccupationalHealthAndSafetyManagementSystemHasBeenNotApplicableToTheEntityExplanatoryTextBlock","An occupational health and safety management system has been not applicable to the entity [Text block]","nonnum:textBlockItemType","duration"]
["ProcessesForWorkersToReportTheWorkRelatedHazardsAndToRemoveThemselvesFromSuchRisksIsNotApplicableExplanatoryTextBlock","Processes for workers to report the work-related hazards and to remove themselves from such risks is not applicable [Text block]","nonnum:textBlockItemType","duration"]
["DetailsIfTheEmployeesOrWorkerOfTheEntityHaveAccessToNonOccupationalMedicalAndHealthcareServicesIsNotApplicableExplanatoryTextBlock","Details if the employees or worker of the entity have access to non-occupational medical and healthcare services is not applicable [Text block]","nonnum:textBlockItemType","duration"]
["TheEntityHasNotApplicableTransitionAssistanceProgramsToFacilitateContinuedEmployabilityAndTheManagementOfCareerEndingsResultingFromRetirementOrTerminationOfEmploymentExplanatoryTextBlock","The entity has not applicable transition assistance programs to facilitate continued employability and the management of career endings resulting from retirement or termination of employment [Text block]","nonnum:textBlockItemType","duration"]
["DetailsOfOtherChannelsOfCommunication","Details of other channels of communication","xbrli:stringItemType","duration"]
["DetailsOfOtherFrequencyOfEngagement","Details of other frequency of engagement","xbrli:stringItemType","duration"]
["HumanRightsRequirementsFormPartOfYourBusinessAgreementsAndContractsIsNotApplicableExplanatoryTextBlock","Human rights requirements form part of your business agreements and contracts is not applicable [Text block]","nonnum:textBlockItemType","duration"]
["AMechanismForZeroLiquidDischargeIsNotApplicableToTheEntityExplanatoryTextBlock","A mechanism for zero liquid discharge is not applicable to the entity [Text block]","nonnum:textBlockItemType","duration"]
["ProjectRelatedToReducingGreenHouseGasEmissionIsNotApplicableToTheEntityExplanatoryTextBlock","Project related to reducing greenhouse gas emission is not applicable to the entity [Text block]","nonnum:textBlockItemType","duration"]
["TheEntityHasNotApplicableEnvironmentalLawExplanatoryTextBlock","The entity has not applicable environmental law [Text block]","nonnum:textBlockItemType","duration"]
["TheEntityHasNotApplicableABusinessContinuityAndDisasterManagementPlanExplanatoryTextBlock","The entity has not applicable a business continuity and disaster management plan [Text block]","nonnum:textBlockItemType","duration"]
["TheEntityHasNotApplicableAPreferentialProcurementPolicyExplanatoryTextBlock","The entity has not applicable a preferential procurement policy [Text block]","nonnum:textBlockItemType","duration"]
["TheEntityHasNotApplicableAFrameworkOrPolicyOnCyberSecurityAndRisksRelatedToDataPrivacyExplanatoryTextBlock","The entity has not applicable a framework or policy on cyber security and risks related to data privacy [Text block]","nonnum:textBlockItemType","duration"]
["TheEntityHasNotApplicableProductInformationOnTheProductOverAndAboveWhatIsMandatedAsPerLocalLawsExplanatoryTextBlock","The entity has not applicable product information on the product over and above what is mandated as per local laws [Text block]","nonnum:textBlockItemType","duration"]
["TheEntityHasNotApplicableCarryOutAnySurveyWithRegardToConsumerSatisfactionRelatingToTheMajorProductsOrServicesExplanatoryTextBlock","The entity has not applicable carry out any survey with regard to consumer satisfaction relating to the major products or services [Text block]","nonnum:textBlockItemType","duration"]
["ThePremisesOrOfficesOfTheEntityAccessibleToDifferentlyAbledEmployeesAndWorkersAreNotApplicableExplanatoryTextBlock","The premises or offices of the entity accessible to differently abled employees and workers are not applicable [Text block]","nonnum:textBlockItemType","duration"]
["TheEntityHasNotApplicableAnEqualOpportunityPolicyAsPerTheRightsOfPersonsWithDisabilitiesAct2016ExplanatoryTextBlock","The entity has not applicable an equal opportunity policy as per the rights of persons with disabilities act 2016 [Text block]","nonnum:textBlockItemType","duration"]
["AmountOfAccountsPayableDuringTheYear",null,"xbrli:monetaryItemType","duration"]
["CostOfGoodsOrServicesProcuredDuringTheYear",null,"xbrli:monetaryItemType","duration"]
["NumberOfDaysOfAccountsPayable",null,"xbrli:durationItemType","duration"]
["AmountOfPurchasesFromTradingHouses",null,"xbrli:monetaryItemType","duration"]
["AmountOfTotalPurchases",null,"xbrli:monetaryItemType","duration"]
["PercentageOfPurchasesFromTradingHousesInTotalPurchasesForConcentrationOfPurchases",null,"num:percentItemType","duration"]
["NumberOfTradingHousesWherePurchasesAreMade",null,"xbrli:integerItemType","duration"]
["AmountOfPurchasesFromTopTenTradingHouses",null,"xbrli:monetaryItemType","duration"]
["AmountOfTotalPurchasesFromTradingHouses",null,"xbrli:monetaryItemType","duration"]
["PercentageOfPurchasesFromTopTenTradingHousesInTotalPurchasesFromTradingHouses",null,"num:percentItemType","duration"]
["AmountOfSalesToDealersOrDistributors",null,"xbrli:monetaryItemType","duration"]
["AmountOfTotalSales",null,"xbrli:monetaryItemType","duration"]
["PercentageOfSalesToDealersOrDistributorsInTotalSales",null,"num:percentItemType","duration"]
["NumberOfDealersOrDistributorsToWhomSalesAreMade",null,"xbrli:integerItemType","duration"]
["AmountOfSalesToTopTenDealersOrDistributors",null,"xbrli:monetaryItemType","duration"]
["AmountOfTotalSalesToDealersOrDistributors",null,"xbrli:monetaryItemType","duration"]
["PercentageOfSalesToTopTenDealersOrDistributorsInTotalSalesToDealersOrDistributors",null,"num:percentItemType","duration"]
["AmountOfPurchasesFromRelatedParties",null,"xbrli:monetaryItemType","duration"]
["AmountOfTotalPurchasesForShareOfRelatedPartyTransactions",null,"xbrli:monetaryItemType","duration"]
["PercentageOfPurchasesFromRelatedPartiesInTotalPurchasesForShareOfRelatedPartyTransactions",null,"num:percentItemType","duration"]
["AmountOfSalesToRelatedParties",null,"xbrli:monetaryItemType","duration"]
["AmountOfTotalSalesForShareOfRelatedPartyTransactions",null,"xbrli:monetaryItemType","duration"]
["PercentageOfSalesToRelatedPartiesInTotalSalesForShareOfRelatedPartyTransactions",null,"num:percentItemType","duration"]
["AmountOfLoansAndAdvancesGivenToRelatedParties",null,"xbrli:monetaryItemType","duration"]
["AmountOfTotalLoansAndAdvances",null,"xbrli:monetaryItemType","duration"]
["PercentageOfLoansAndAdvancesGivenToRelatedPartiesInTotalLoansAndAdvances",null,"num:percentItemType","duration"]
["AmountOfInvestmentsInRelatedParties",null,"xbrli:monetaryItemType","duration"]
["AmountOfTotalInvestments",null,"xbrli:monetaryItemType","duration"]
["PercentageOfInvestmentsInRelatedPartiesInTotalInvestments",null,"num:percentItemType","duration"]
[]
["principle 7","Notes"]
[]
[]
[]
[]
[]
[]
[]
[]
[]
[]
[]
[]
[]
[]
[]
[]
["Details of Assurance Provider"]
["NameOfTheCompanyOrLLPOrFirmOfAssessmentOrAssuranceProvider","Company / LLP / Firm Name*","xbrli:stringItemType","duration","1) This is mandatory field. \n2) Maximum 100 characters allowed."]
["CompanyIDOrLLPIDOrFirmIDOfAssessmentOrAssuranceProvider","Company ID / LLP ID / Firm Registration No.*","xbrli:stringItemType","duration","1) This is mandatory field. \n2) Maximum 100 characters allowed."]
["NameOfTheAssessorOrAssurer","Name of assessment or assurance provider","xbrli:stringItemType","duration","1) This is mandatory field. \n2) Maximum 100 characters allowed."]
["DesignationOfAssessorOrAssurer","Designation of assessor or assurer ","xbrli:stringItemType","duration","1) This is mandatory field. \n2) Maximum 100 characters allowed."]
["DateOfSigningByAssessorOrAssurer","Date of signing","xbrli:dateItemType","duration","1) This is mandatory field. \n2) Enter date in \"DD-MM-YYYY\" format.\n3) Enter a valid Date."]
["General Disclosures"]
["WhetherTheCompanyHasUndertakenAssessmentOrAssuranceOfTheBRSRCore","Whether the company has undertaken assessment or assurance of the BRSR Core?","in-capmkt-types:AssessmentOrAssurance","duration","1) This is mandatory field.\n2) Please select value form dropdown only."]
[null,"Details of business activities (accounting for 90% of the turnover)"]
["\tMGT and process disclosure"]
[null,"If yes, provide details.",null,null,"This is mandatory field, if \"Yes\" selected in \"Does the entity have a specified Committee of the Board/ Director responsible for decision making on sustainability related issues? (Yes / No/ NA).\"."]
["DetailsOfYourEntitysPolicyOrPoliciesHasNotApplicableEachPrincipleAndItsCoreElementsOfTheNGRBCsExplanatoryTextBlock",null,"nonnum:textBlockItemType","duration"]
["DetailsOfTheEntityHasNotApplicableTranslatedThePolicyIntoProceduresExplanatoryTextBlock",null,"nonnum:textBlockItemType","duration"]
["TheEnlistedPoliciesDoNotApplicableExtendToYourValueChainPartnersExplanatoryTextBlock",null,"nonnum:textBlockItemType","duration"]
["DescriptionOfOtherFrequencyForPerformanceAgainstAbovePoliciesAndFollowUpAction",null,"xbrli:stringItemType","duration"]
["DescriptionOfOtherFrequencyForComplianceWithStatutoryRequirementsOfRelevanceToThePrinciplesAndRectificationOfAnyNonCompliances",null,"xbrli:stringItemType","duration"]
["DetailsOfThePolicyIsNotApplicableExplanatoryTextBlock",null,"xbrli:stringItemType","duration"]
[null,"7. Statement by director responsible for the business responsibility report, highlighting ESG related challenges, targets and achievements (listed entity has flexibility regarding the placement of this disclosure)","xbrli:stringItemType","duration"]
[null,"8. Details of the highest authority responsible for implementation and oversight of the Business Responsibility policy (ies).","xbrli:stringItemType","duration","This is mandatory field."]
[null,"If Yes, Provide name of the agency"]
["PRINCIPLE 1"]
[null,"If Yes, provide details in brief",null,null,"This is mandatory field, if \"Yes\" selected in \"Does the entity have anti-corruption or anti-bribery policy?\"."]
[null,"If Yes, provide details of the same.",null,null,"This is mandatory field, if \"Yes\" selected in \"Does the entity have processes in place to avoid/ manage conflict of interests involving members of the Board?\"."]
[null,"i) Accounts payable x 365 days",null,null,"1) This is mandatory field, if \"Yes assessment\" or \"Yes assurance\" selected for \"Whether the company has undertaken assessment or assurance of the BRSR Core?\" field in \"General Disclosures\" sheet.\n2) Upto 2 decimal value allowed."]
[null,"ii) Cost of goods/services procured",null,null,"1) This is mandatory field, if \"Yes assessment\" or \"Yes assurance\" selected for \"Whether the company has undertaken assessment or assurance of the BRSR Core?\" field in \"General Disclosures\" sheet.\n2) Upto 2 decimal value allowed."]
[null,"a. i) Purchases from trading houses",null,null,"1) This is mandatory field, if \"Yes assessment\" or \"Yes assurance\" selected for \"Whether the company has undertaken assessment or assurance of the BRSR Core?\" field in \"General Disclosures\" sheet.\n2) Upto 2 decimal value allowed."]
[null,"ii) Total purchases",null,null,"1) This is mandatory field, if \"Yes assessment\" or \"Yes assurance\" selected for \"Whether the company has undertaken assessment or assurance of the BRSR Core?\" field in \"General Disclosures\" sheet.\n2) Upto 2 decimal value allowed."]
[null,"b. Number of trading houses where purchases are made",null,null,"1) This is mandatory field, if \"Yes assessment\" or \"Yes assurance\" selected for \"Whether the company has undertaken assessment or assurance of the BRSR Core?\" field in \"General Disclosures\" sheet.\n2) Only whole numer allowed."]
[null,"c. i) Purchases from top 10 trading houses",null,null,"1) This is mandatory field, if \"Yes assessment\" or \"Yes assurance\" selected for \"Whether the company has undertaken assessment or assurance of the BRSR Core?\" field in \"General Disclosures\" sheet.\n2) Upto 2 decimal value allowed."]
[null,"ii) Total purchases from trading houses",null,null,"1) This is mandatory field, if \"Yes assessment\" or \"Yes assurance\" selected for \"Whether the company has undertaken assessment or assurance of the BRSR Core?\" field in \"General Disclosures\" sheet.\n2) Upto 2 decimal value allowed."]
[null,"a. i) Sales to dealer / distributors",null,null,"1) This is mandatory field, if \"Yes assessment\" or \"Yes assurance\" selected for \"Whether the company has undertaken assessment or assurance of the BRSR Core?\" field in \"General Disclosures\" sheet.\n2) Upto 2 decimal value allowed."]
[null,"ii) Total Sales",null,null,"1) This is mandatory field, if \"Yes assessment\" or \"Yes assurance\" selected for \"Whether the company has undertaken assessment or assurance of the BRSR Core?\" field in \"General Disclosures\" sheet.\n2) Upto 2 decimal value allowed."]
[null,"b. Number of  dealers / distributors to whom sales are made",null,null,"1) This is mandatory field, if \"Yes assessment\" or \"Yes assurance\" selected for \"Whether the company has undertaken assessment or assurance of the BRSR Core?\" field in \"General Disclosures\" sheet.\n2) Only whole numer allowed."]
[null,"c. i) Sales to top 10 dealers / distributors",null,null,"1) This is mandatory field, if \"Yes assessment\" or \"Yes assurance\" selected for \"Whether the company has undertaken assessment or assurance of the BRSR Core?\" field in \"General Disclosures\" sheet.\n2) Upto 2 decimal value allowed."]
[null,"ii) Total Sales to dealer / distributors",null,null,"1) This is mandatory field, if \"Yes assessment\" or \"Yes assurance\" selected for \"Whether the company has undertaken assessment or assurance of the BRSR Core?\" field in \"General Disclosures\" sheet.\n2) Upto 2 decimal value allowed."]
[null,"a. i) Purchases (Purchases with related parties)",null,null,"1) This is mandatory field, if \"Yes assessment\" or \"Yes assurance\" selected for \"Whether the company has undertaken assessment or assurance of the BRSR Core?\" field in \"General Disclosures\" sheet.\n2) Upto 2 decimal value allowed."]
[null,"ii) Total Purchases",null,null,"1) This is mandatory field, if \"Yes assessment\" or \"Yes assurance\" selected for \"Whether the company has undertaken assessment or assurance of the BRSR Core?\" field in \"General Disclosures\" sheet.\n2) Upto 2 decimal value allowed."]
[null,"b. i) . Sales (Sales to related parties)",null,null,"1) This is mandatory field, if \"Yes assessment\" or \"Yes assurance\" selected for \"Whether the company has undertaken assessment or assurance of the BRSR Core?\" field in \"General Disclosures\" sheet.\n2) Upto 2 decimal value allowed."]
[null,"ii) Total Sales",null,null,"1) This is mandatory field, if \"Yes assessment\" or \"Yes assurance\" selected for \"Whether the company has undertaken assessment or assurance of the BRSR Core?\" field in \"General Disclosures\" sheet.\n2) Upto 2 decimal value allowed."]
[null,"c. i) Loans & advances given to related parties",null,null,"1) This is mandatory field, if \"Yes assessment\" or \"Yes assurance\" selected for \"Whether the company has undertaken assessment or assurance of the BRSR Core?\" field in \"General Disclosures\" sheet.\n2) Upto 2 decimal value allowed."]
[null,"ii) Total loans & advances",null,null,"1) This is mandatory field, if \"Yes assessment\" or \"Yes assurance\" selected for \"Whether the company has undertaken assessment or assurance of the BRSR Core?\" field in \"General Disclosures\" sheet.\n2) Upto 2 decimal value allowed."]
[null,"d. i) Investments in related parties",null,null,"1) This is mandatory field, if \"Yes assessment\" or \"Yes assurance\" selected for \"Whether the company has undertaken assessment or assurance of the BRSR Core?\" field in \"General Disclosures\" sheet.\n2) Upto 2 decimal value allowed."]
[null,"ii) Total Investments made",null,null,"1) This is mandatory field, if \"Yes assessment\" or \"Yes assurance\" selected for \"Whether the company has undertaken assessment or assurance of the BRSR Core?\" field in \"General Disclosures\" sheet.\n2) Upto 2 decimal value allowed."]
[null,"7. Provide details of any corrective action taken or underway on issues related to fines / penalties / action taken by regulators/ law enforcement agencies/ judicial institutions, on cases of corruption and conflicts of interest."]
["PRINCIPLE 2"]
[null,"(a) Plastics (including packaging)"]
[null,"(b) E-waste"]
[null,"(c) Hazardous waste"]
[null,"(d) other waste"]
[]
[]
["PRINCIPLE 3"]
[null,"If not, whether any steps are being taken by the entity in this regard.",null,null,"This is mandatory field, if \"No\" selected in \"Are the premises / offices of the entity accessible to differently abled employees and workers, as per the requirements of the Rights of Persons with Disabilities Act, 2016?\"."]
[null,"If so, provide a web-link to the policy.",null,null,"This is mandatory field, if \"Yes\" selected in \"Does the entity have an equal opportunity policy as per the Rights of Persons with Disabilities Act, 2016?\"."]
[null,"If yes, the coverage such system?",null,null,"This is mandatory field, if \"Yes\" selected in \"Whether an occupational health and safety management system has been implemented by the entity? (Yes/ No/ NA).\"."]
[null,"i) Cost incurred on wellbeing measures\n(well-being measures means well-being of employees and workers (including male, female, permanent and other than permanent employees and workers)",null,null,"1) This is mandatory field, if \"Yes assessment\" or \"Yes assurance\" selected for \"Whether the company has undertaken assessment or assurance of the BRSR Core?\" field in \"General Disclosures\" sheet.\n2) Upto 2 decimal value allowed."]
[null,"ii) Total revenue of the company",null,null,"1) This is mandatory field, if \"Yes assessment\" or \"Yes assurance\" selected for \"Whether the company has undertaken assessment or assurance of the BRSR Core?\" field in \"General Disclosures\" sheet.\n2) Upto 2 decimal value allowed."]
["AmountOfCostIncurredOnWellBeingMeasures",null,"xbrli:monetaryItemType","duration"]
["TotalRevenueOfTheCompany",null,"xbrli:monetaryItemType","duration"]
["PercentageOfCostIncurredOnWellBeingMeasuresWithRespectToTotalRevenueOfTheCompany",null,"num:percentItemType","duration"]
[null,"Total",null,null,"1) This is mandatory field.\n2) Please enter numeric value only."]
[null,"b. What are the processes used to identify work-related hazards and assess risks on a routine and non-routine basis by the entity?"]
[null,"15. Provide details of any corrective action taken or underway to address safety-related incidents (if any) and on significant risks / concerns arising from assessments of health & safety practices and working conditions."]
[null,"12. Describe the measures taken by the entity to ensure a safe and healthy work place."]
[]
["PRINCIPLE 4"]
[null,"1. Describe the processes for identifying key stakeholder groups of the entity."]
[null,"2. List stakeholder groups identified as key for your entity and the frequency of engagement with each stakeholder group."]
[]
["PRINCIPLE 5"]
[null,"Gross wages paid to females",null,null,"1) This is mandatory field, if \"Yes assessment\" or \"Yes assurance\" selected for \"Whether the company has undertaken assessment or assurance of the BRSR Core?\" field in \"General Disclosures\" sheet.\n2) Upto 2 decimal value allowed."]
[null,"Total wages",null,null,"1) This is mandatory field, if \"Yes assessment\" or \"Yes assurance\" selected for \"Whether the company has undertaken assessment or assurance of the BRSR Core?\" field in \"General Disclosures\" sheet.\n2) Upto 2 decimal value allowed."]
[null,"i) Total Complaints reported under Sexual Harassment on of Women at Workplace (Prevention, Prohibition and Redressal) Act, 2013 (POSH)",null,null,"1) This is mandatory field, if \"Yes assessment\" or \"Yes assurance\" selected for \"Whether the company has undertaken assessment or assurance of the BRSR Core?\" field in \"General Disclosures\" sheet.\n2) Only whole numer allowed."]
[null,"ii) Average number of female employees/workers at the beginning of the year and as at end of the year",null,null,"1) This is mandatory field, if \"Yes assessment\" or \"Yes assurance\" selected for \"Whether the company has undertaken assessment or assurance of the BRSR Core?\" field in \"General Disclosures\" sheet.\n2) Only whole numer allowed."]
[null,"iv) Complaints on POSH upheld",null,null,"1) This is mandatory field, if \"Yes assessment\" or \"Yes assurance\" selected for \"Whether the company has undertaken assessment or assurance of the BRSR Core?\" field in \"General Disclosures\" sheet.\n2) Only whole numer allowed."]
[null,"8. Mechanisms to prevent adverse consequences to the complainant in discrimination and harassment cases."]
[null,"11. Provide details of any corrective actions taken or underway to address significant risks / concerns arising from the assessments at Question 10 above."]
["GrossWagesPaidToFemale",null,"xbrli:monetaryItemType","duration"]
["TotalWagesPaid",null,"xbrli:monetaryItemType","duration"]
["PercentageOfGrossWagesPaidToFemaleToTotalWagesPaid",null,"num:percentItemType","duration"]
["TotalComplaintsReportedUnderSexualHarassmentOfWomenAtWorkplace",null,"xbrli:integerItemType","duration"]
["AverageNumberOfFemaleEmployeesOrWorkersAtTheBeginningOfTheYearAndAsAtEndOfTheYear",null,"xbrli:integerItemType","duration"]
["PercentageOfComplaintsInRespectOfNumberOfEmployeesOrWorker",null,"num:percentItemType","duration"]
["ComplaintsOnPOSHUpHeld",null,"xbrli:integerItemType","duration"]
[null,"5. Describe the internal mechanisms in place to redress grievances related to human rights issues."]
["PRINCIPLE 6"]
[null,"If so, provide details of instances as to how the inputs received from stakeholders on these topics were incorporated into policies and activities of the entity.",null,null,"This is mandatory field, if \"Yes\" selected in \"Whether stakeholder consultation is used to support the identification and management of environmental, and social topics.\"."]
[null,"If yes, name of the external agency.",null,null,"This is mandatory field, if \"Yes\" selected in \"Indicate if any independent assessment/ evaluation/assurance has been carried out by an external agency? (Y/N)\"."]
[null,"If yes, disclose whether targets set under the PAT scheme have been achieved. In case targets have not been achieved, provide the remedial action taken, if any.",null,null,"This is mandatory field, if \"Yes\" selected in \"Does the entity have any sites / facilities identified as designated consumers (DCs) under the Performance, Achieve and Trade (PAT) Scheme of the Government of India?\"."]
[null,"If yes, provide details of its coverage and implementation.",null,null,"This is mandatory field, if \"Yes\" selected in \"Has the entity implemented a mechanism for Zero Liquid Discharge?\"."]
[null,"Total Scope 3 emissions per rupee of turnover",null,null,"1) This is mandatory field.\n2) Please enter numeric value only."]
[null,"If Yes, then provide details.",null,null,"This is mandatory field, if \"Yes\" selected in \"Does the entity have any project related to reducing Green House Gas emission?\"."]
[null,"If not, provide details of all such non-compliances, in the following format:",null,null,"This is mandatory field, if \"No\" selected in \"Is the entity compliant with the applicable environmental law/ regulations/ guidelines in India; such as the Water (Prevention and Control of Pollution) Act, Air (Prevention and Control of Pollution) Act, Environment protection act and rules thereunder (Y/N/NA)\"."]
[null,"Energy intensity per rupee of turnover (Total energy consumed / Revenue from operations)",null,null,"1) This is mandatory field.\n2) Please enter numeric value only."]
[null,"Energy intensity per rupee of turnover adjusted for Purchasing Power Parity (PPP)\n(Total energy consumed / Revenue from operations adjusted for PPP)",null,null,"1) This is mandatory field.\n2) Please enter numeric value only."]
[null,"Energy intensity in terms of physical Output",null,null,"1) This is mandatory field.\n2) Please enter numeric value only."]
[null,"Water intensity per rupee of turnover (Total water consumption / Revenue from operations)",null,null,"1) This is mandatory field.\n2) Please enter numeric value only."]
[null,"Water intensity per rupee of turnover adjusted for Purchasing Power Parity (PPP)\n(Total water consumption / Revenue from operations adjusted for PPP)",null,null,"1) This is mandatory field.\n2) Please enter numeric value only."]
[null,"Water intensity in terms of physical output",null,null,"1) This is mandatory field.\n2) Please enter numeric value only."]
[null,"Total Scope 1 and Scope 2 emission intensity per rupee of turnover\n(Total Scope 1 and Scope 2 GHG emissions / Revenue from operations)",null,null,"1) This is mandatory field.\n2) Please enter numeric value only."]
[null,"Total Scope 1 and Scope 2 emission intensity per rupee of turnover adjusted for Purchasing Power Parity (PPP)\n(Total Scope 1 and Scope 2 GHG emissions / Revenue from operations adjusted for PPP)",null,null,"1) This is mandatory field.\n2) Please enter numeric value only."]
[null,"Total Scope 1 and Scope 2 emission intensity in terms of physical output",null,null,"1) This is mandatory field.\n2) Please enter numeric value only."]
[null,"Total Scope 1 and Scope 2 emission intensity (optional) – the relevant metric may be selected by the entity",null,null,"1) This is mandatory field.\n2) Please enter numeric value only."]
[null,"Waste intensity per rupee of turnover\n(Total waste generated / Revenue from operations)",null,null,"1) This is mandatory field.\n2) Please enter numeric value only."]
[null,"Waste intensity per rupee of turnover adjusted for Purchasing Power Parity (PPP)\n(Total waste generated / Revenue from operations adjusted for PPP)",null,null,"1) This is mandatory field.\n2) Please enter numeric value only."]
[null,"Waste intensity in terms of physical output",null,null,"1) This is mandatory field.\n2) Please enter numeric value only."]
[null,"Waste intensity (optional) – the relevant metric may be selected by the entity",null,null,"1) This is mandatory field.\n2) Please enter numeric value only."]
[null,"Details of entity at which business continuity and disaster management plan is placed or weblink.",null,null,"This is mandatory field, if \"Yes\" selected in \"Does the entity have a business continuity and disaster management plan?\"."]
[null,"Whether total energy consumption and energy intensity is applicable to the company?",null,null,"1) This is mandatory field.\n2) Please select value form dropdown only."]
[null,"Whether air emissions (other than GHG emissions) by the entity is applicable to the company?",null,null,"1) This is mandatory field.\n2) Please select value form dropdown only."]
["NumberOfGreenCreditsHaveBeenGeneratedOrProcuredByTheListedEntity","a. By the listed entity","xbrli:integerItemType","duration","Only numeric value allowed."]
["NumberOfGreenCreditsHaveBeenGeneratedOrProcuredByTheTopTenValueChainPartners","b. By the top ten (in terms of value of purchases and sales, respectively) value chain partners","xbrli:integerItemType","duration","Only numeric value allowed."]
[null,"Whether greenhouse gas emissions (Scope 1 and Scope 2 emissions) & its intensity is applicable to the company?",null,null,"1) This is mandatory field.\n2) Please select value form dropdown only."]
[null,"Whether total Scope 3 emissions & its intensity is applicable to the company?",null,null,"1) This is mandatory field.\n2) Please select value form dropdown only."]
["WhetherDetailsOfTotalEnergyConsumptionAndEnergyIntensityApplicableToTheCompany",null,"xbrli:booleanItemType","duration"]
["TotalEnergyConsumedFromRenewableAndNonRenewableSources",null,"dtr-types:energyItemType","duration"]
["EnergyIntensityPerRupeeOfTurnover",null,"dtr-types:energyPerMonetaryItemType","duration"]
["EnergyIntensityPerRupeeOfTurnoverAdjustingForPurchasingPowerParity",null,"dtr-types:energyPerMonetaryItemType","duration"]
["EnergyIntensityInTermOfPhysicalOutput",null,"dtr-types:energyItemType","duration"]
["WaterIntensityPerRupeeOfTurnoverAdjustingForPurchasingPowerParity",null,"xbrli:decimalItemType","duration"]
["WaterIntensityInTermOfPhysicalOutput",null,"xbrli:decimalItemType","duration"]
["WasteIntensityPerRupeeOfTurnover",null,"xbrli:decimalItemType","duration"]
["WasteIntensityPerRupeeOfTurnoverAdjustingForPurchasingPowerParity",null,"xbrli:decimalItemType","duration"]
["WasteIntensityInTermOfPhysicalOutput",null,"num:massItemType","duration"]
["WasteIntensityTheRelevantMetricMayBeSelectedByTheEntity",null,"num:massItemType","duration"]
["TheEntityHasNotApplicableEnvironmentalLawExplanatoryTextBlockAddByHiren",null,"xbrli:integerItemType","duration"]
["WhetherTotalScope3EmissionsAndItsIntensityIsApplicableToTheCompany",null,"xbrli:booleanItemType","duration"]
["WhetherDetailsOfGreenHouseGasEmissionsAndItsIntensityIsApplicableToTheCompany",null,"xbrli:booleanItemType","duration"]
["WasteIntensityTheRelevantMetricMayBeSelectedByTheEntityPerArea",null,"xbrli:decimalItemType","duration"]
["TotalScope1AndScope2EmissionsIntensityInTermOfPhysicalOutput",null,"dtr-types:ghgEmissionsItemType","duration"]
["TotalScope1AndScope2EmissionsIntensityTheRelevantMetricMayBeSelectedByTheEntity",null,"dtr-types:ghgEmissionsItemType","duration"]
["WhetherDetailsOfAirEmissionsOtherThanGhgEmissionsByTheEntityIsApplicableToTheCompany",null,"xbrli:booleanItemType","duration"]
["RevenueFromOperations","Revenue from operations (in Rs.)","xbrli:monetaryItemType","duration","1) This is mandatory field.\n2) Please enter numeric value only."]
[null,"10. Briefly describe the waste management practices adopted in your establishments. Describe the strategy adopted by your company to reduce usage of hazardous and toxic chemicals in your products and processes and the practices adopted to manage such wastes."]
[]
["PRINCIPLE 8"]
[null,"i) Disclose wages paid to persons employed (including employees or workers employed on a permanent or non-permanent / on contract basis)",null,0,"1) This is mandatory field, if \"Yes assessment\" or \"Yes assurance\" selected for \"Whether the company has undertaken assessment or assurance of the BRSR Core?\" field in \"General Disclosures\" sheet.\n2) Upto 2 decimal value allowed."]
[null,"ii) Total Wage Cost",null,null,"1) This is mandatory field, if \"Yes assessment\" or \"Yes assurance\" selected for \"Whether the company has undertaken assessment or assurance of the BRSR Core?\" field in \"General Disclosures\" sheet.\n2) Upto 2 decimal value allowed."]
[null,"i) Disclose wages paid to persons employed (including employees or workers employed on a permanent or non-permanent / on contract basis)",null,null,"1) This is mandatory field, if \"Yes assessment\" or \"Yes assurance\" selected for \"Whether the company has undertaken assessment or assurance of the BRSR Core?\" field in \"General Disclosures\" sheet.\n2) Upto 2 decimal value allowed."]
[null,"ii) Total Wage Cost",null,null,"1) This is mandatory field, if \"Yes assessment\" or \"Yes assurance\" selected for \"Whether the company has undertaken assessment or assurance of the BRSR Core?\" field in \"General Disclosures\" sheet.\n2) Upto 2 decimal value allowed."]
[null,"i) Disclose wages paid to persons employed (including employees or workers employed on a permanent or non-permanent / on contract basis)",null,null,"1) This is mandatory field, if \"Yes assessment\" or \"Yes assurance\" selected for \"Whether the company has undertaken assessment or assurance of the BRSR Core?\" field in \"General Disclosures\" sheet.\n2) Upto 2 decimal value allowed."]
[null,"ii) Total Wage Cost",null,null,"1) This is mandatory field, if \"Yes assessment\" or \"Yes assurance\" selected for \"Whether the company has undertaken assessment or assurance of the BRSR Core?\" field in \"General Disclosures\" sheet.\n2) Upto 2 decimal value allowed."]
[null,"i) Disclose wages paid to persons employed (including employees or workers employed on a permanent or non-permanent / on contract basis)",null,null,"1) This is mandatory field, if \"Yes assessment\" or \"Yes assurance\" selected for \"Whether the company has undertaken assessment or assurance of the BRSR Core?\" field in \"General Disclosures\" sheet.\n2) Upto 2 decimal value allowed."]
[null,"ii) Total Wage Cost",null,null,"1) This is mandatory field, if \"Yes assessment\" or \"Yes assurance\" selected for \"Whether the company has undertaken assessment or assurance of the BRSR Core?\" field in \"General Disclosures\" sheet.\n2) Upto 2 decimal value allowed."]
["DiscloseWagesPaidToPersonsEmployed",null,"xbrli:monetaryItemType","duration"]
["TotalWageCost",null,"xbrli:monetaryItemType","duration"]
["PercentageOfJobCreation",null,"num:percentItemType","duration"]
[null,"3. Describe the mechanisms to receive and redress grievances of the community."]
[]
["PRINCIPLE 9"]
[null,"If yes, provide details in brief.",null,null,"This is mandatory field, if \"Yes\" selected in \"Does the entity display product information on the product over and above what is mandated as per local laws?\"."]
[null,"c. Impact, if any, of the data breaches"]
["NotesPrinciple9ExplanatoryTextBlock",null,"nonnum:textBlockItemType","duration"]
["DetailsOfImpactOfDataBreachesExplanatoryTextBlock",null,"nonnum:textBlockItemType","duration"]
[null,"1. Describe the mechanisms in place to receive and respond to consumer complaints and feedback."]
[null,"6. Provide details of any corrective actions taken or underway on issues relating to advertising, and delivery of essential services; cyber security and data privacy of customers; re-occurrence of instances of product recalls; penalty / action taken by regulatory authorities on safety of products / services."]
["Details of Assurance",null,null,"duration"]
[null,"Corporate Identity Number (CIN) of the Listed Entity",null,"duration","1) This is mandatory field.\n2) Please select value form dropdown only.","1) This is mandatory field, if \"Yes\" selected in \"Assessment / Assurance\".\n2) Please select value form dropdown only."]
[null,"Name of the Listed Entity",null,"duration","1) This is mandatory field.\n2) Please select value form dropdown only.","1) This is mandatory field, if \"Yes\" selected in \"Assessment / Assurance\".\n2) Please select value form dropdown only."]
[null,"Date of Incorporation",null,"duration","1) This is mandatory field.\n2) Please select value form dropdown only.","1) This is mandatory field, if \"Yes\" selected in \"Assessment / Assurance\".\n2) Please select value form dropdown only."]
[null,"Registered office address",null,"duration","1) This is mandatory field.\n2) Please select value form dropdown only.","1) This is mandatory field, if \"Yes\" selected in \"Assessment / Assurance\".\n2) Please select value form dropdown only."]
[null,"Corporate address",null,"duration","1) This is mandatory field.\n2) Please select value form dropdown only.","1) This is mandatory field, if \"Yes\" selected in \"Assessment / Assurance\".\n2) Please select value form dropdown only."]
[null,"E-mail",null,"duration","1) This is mandatory field.\n2) Please select value form dropdown only.","1) This is mandatory field, if \"Yes\" selected in \"Assessment / Assurance\".\n2) Please select value form dropdown only."]
[null,"Telephone",null,"duration","1) This is mandatory field.\n2) Please select value form dropdown only.","1) This is mandatory field, if \"Yes\" selected in \"Assessment / Assurance\".\n2) Please select value form dropdown only."]
[null,"Website",null,"duration","1) This is mandatory field.\n2) Please select value form dropdown only.","1) This is mandatory field, if \"Yes\" selected in \"Assessment / Assurance\".\n2) Please select value form dropdown only."]
[null,"Financial year for which reporting is being done",null,"duration","1) This is mandatory field.\n2) Please select value form dropdown only.","1) This is mandatory field, if \"Yes\" selected in \"Assessment / Assurance\".\n2) Please select value form dropdown only."]
[null,"Name of the Stock Exchange(s) where shares are listed",null,"duration","1) This is mandatory field.\n2) Please select value form dropdown only.","1) This is mandatory field, if \"Yes\" selected in \"Assessment / Assurance\".\n2) Please select value form dropdown only."]
[null,"Paid-up Capital (In Rs)",null,"duration","1) This is mandatory field.\n2) Please select value form dropdown only.","1) This is mandatory field, if \"Yes\" selected in \"Assessment / Assurance\".\n2) Please select value form dropdown only."]
[null,"Name and contact details (telephone, email address) of the person who may be contacted in case of any queries on the BRSR report",null,"duration","1) This is mandatory field.\n2) Please select value form dropdown only.","1) This is mandatory field, if \"Yes\" selected in \"Assessment / Assurance\".\n2) Please select value form dropdown only."]
[null,"Reporting boundary - Are the disclosures under this report made on a standalone basis (i.e. only for the entity) or on a consolidated basis (i.e. for the entity and all the entities which form a part of its consolidated financial statements, taken, together).",null,"duration","1) This is mandatory field.\n2) Please select value form dropdown only.","1) This is mandatory field, if \"Yes\" selected in \"Assessment / Assurance\".\n2) Please select value form dropdown only."]
[null,"Details of business activities  (accounting for 90% of the Turnover)",null,"duration","1) This is mandatory field.\n2) Please select value form dropdown only.","1) This is mandatory field, if \"Yes\" selected in \"Assessment / Assurance\".\n2) Please select value form dropdown only."]
[null,"Products/Services sold by the entity (accounting for 90% of the entity’s Turnover)",null,"duration",null,"1) This is mandatory field, if \"Yes\" selected in \"Assessment / Assurance\".\n2) Please select value form dropdown only."]
[null,"Number of locations where plants and/or operations/offices of the entity are situated",null,"duration","1) This is mandatory field.\n2) Please select value form dropdown only.","1) This is mandatory field, if \"Yes\" selected in \"Assessment / Assurance\".\n2) Please select value form dropdown only."]
[null,"Markets served by the entity",null,"duration","1) This is mandatory field.\n2) Please select value form dropdown only.","1) This is mandatory field, if \"Yes\" selected in \"Assessment / Assurance\".\n2) Please select value form dropdown only."]
[null,"Number of Locations - National /International",null,"duration","1) This is mandatory field.\n2) Please select value form dropdown only.","1) This is mandatory field, if \"Yes\" selected in \"Assessment / Assurance\".\n2) Please select value form dropdown only."]
[null,"What is the contribution of exports as a percentage of the total turnover of the entity?",null,"duration","1) This is mandatory field.\n2) Please select value form dropdown only.","1) This is mandatory field, if \"Yes\" selected in \"Assessment / Assurance\".\n2) Please select value form dropdown only."]
[null,"A brief on types of customers",null,"duration","1) This is mandatory field.","1) This is mandatory field, if \"Yes\" selected in \"Assessment / Assurance\".\n2) Please select value form dropdown only."]
[null,"Details as at the end of Financial Year",null,"duration","1) This is mandatory field.\n2) Please select value form dropdown only.","1) This is mandatory field, if \"Yes\" selected in \"Assessment / Assurance\".\n2) Please select value form dropdown only."]
[null,"Participation/Inclusion/Representation of women",null,"duration","1) This is mandatory field.\n2) Please select value form dropdown only.","1) This is mandatory field, if \"Yes\" selected in \"Assessment / Assurance\".\n2) Please select value form dropdown only."]
[null,"Turnover rate for permanent employees and workers (Disclose trends for the past 3 years)",null,"duration","1) This is mandatory field.\n2) Please select value form dropdown only.","1) This is mandatory field, if \"Yes\" selected in \"Assessment / Assurance\".\n2) Please select value form dropdown only."]
[null,"Names of holding / subsidiary / associate companies / joint ventures",null,"duration","1) This is mandatory field.\n2) Please select value form dropdown only.","1) This is mandatory field, if \"Yes\" selected in \"Assessment / Assurance\".\n2) Please select value form dropdown only."]
[null,"Whether CSR is applicable as per section 135 of Companies Act, 2013 / Turnover / Networth",null,"duration","1) This is mandatory field.\n2) Please select value form dropdown only.","1) This is mandatory field, if \"Yes\" selected in \"Assessment / Assurance\".\n2) Please select value form dropdown only."]
[null,"Complaints/Grievances on any of the principles (Principles 1 to 9) under the National Guidelines on Responsible Business Conduct",null,"duration","1) This is mandatory field.\n2) Please select value form dropdown only.","1) This is mandatory field, if \"Yes\" selected in \"Assessment / Assurance\".\n2) Please select value form dropdown only."]
[null,"Overview of the entity’s material responsible business conduct issues - Please indicate material responsible business conduct and sustainability issues pertaining to environmental and social matters that present a risk or an opportunity to your business, rationale for identifying the same, approach to adapt or mitigate the risk along-with its financial implications, as per the following format",null,"duration","1) This is mandatory field.\n2) Please select value form dropdown only.","1) This is mandatory field, if \"Yes\" selected in \"Assessment / Assurance\".\n2) Please select value form dropdown only."]
[null,"BRSR Table (Policy and management processes)",null,"duration","1) This is mandatory field.\n2) Please select value form dropdown only.","1) This is mandatory field, if \"Yes\" selected in \"Assessment / Assurance\".\n2) Please select value form dropdown only."]
[null,"Whether your entity’s policy/policies cover each principle and its core elements of the NGRBCs.",null,"duration","1) This is mandatory field.\n2) Please select value form dropdown only.","1) This is mandatory field, if \"Yes\" selected in \"Assessment / Assurance\".\n2) Please select value form dropdown only."]
[null,"Whether the entity has translated the policy into procedures. ",null,"duration","1) This is mandatory field.\n2) Please select value form dropdown only.","1) This is mandatory field, if \"Yes\" selected in \"Assessment / Assurance\".\n2) Please select value form dropdown only."]
[null,"Do the enlisted policies extend to your value chain partners?",null,"duration","1) This is mandatory field.\n2) Please select value form dropdown only.","1) This is mandatory field, if \"Yes\" selected in \"Assessment / Assurance\".\n2) Please select value form dropdown only."]
[null,"Name of the national and international codes/certifications/labels/ standards (e.g. Forest Stewardship Council, Fairtrade, Rainforest Alliance, Trustea) standards (e.g. SA 8000, OHSAS, ISO, BIS) adopted by your entity and mapped to each principle.",null,"duration","1) This is mandatory field.\n2) Please select value form dropdown only.","1) This is mandatory field, if \"Yes\" selected in \"Assessment / Assurance\".\n2) Please select value form dropdown only."]
[null,"Specific commitments, goals and targets set by the entity with defined timelines, if any",null,"duration","1) This is mandatory field.\n2) Please select value form dropdown only.","1) This is mandatory field, if \"Yes\" selected in \"Assessment / Assurance\".\n2) Please select value form dropdown only."]
[null,"Performance of the entity against the specific commitments, goals and targets along-with reasons in case the same are not met.",null,"duration","1) This is mandatory field.\n2) Please select value form dropdown only.","1) This is mandatory field, if \"Yes\" selected in \"Assessment / Assurance\".\n2) Please select value form dropdown only."]
[null,"Statement by director responsible for the business responsibility report, highlighting ESG related challenges, targets and achievements (listed entity has flexibility regarding the placement of this disclosure)",null,"duration","1) This is mandatory field.\n2) Please select value form dropdown only.","1) This is mandatory field, if \"Yes\" selected in \"Assessment / Assurance\".\n2) Please select value form dropdown only."]
[null,"Details of the highest authority responsible for implementation and oversight of the Business Responsibility policy (ies)",null,"duration","1) This is mandatory field.\n2) Please select value form dropdown only.","1) This is mandatory field, if \"Yes\" selected in \"Assessment / Assurance\".\n2) Please select value form dropdown only."]
[null,"Does the entity have a specified Committee of the Board/ Director responsible for decision making on sustainability related issues? ",null,"duration","1) This is mandatory field.\n2) Please select value form dropdown only.","1) This is mandatory field, if \"Yes\" selected in \"Assessment / Assurance\".\n2) Please select value form dropdown only."]
[null,"Details of Review of NGRBCs by the Company: Performance against above policies and follow up action",null,"duration","1) This is mandatory field.\n2) Please select value form dropdown only.","1) This is mandatory field, if \"Yes\" selected in \"Assessment / Assurance\".\n2) Please select value form dropdown only."]
[null,"Details of Review of NGRBCs by the Company: Compliance with statutory requirements of relevance to the principles, and, rectification of any non-compliances",null,"duration","1) This is mandatory field.\n2) Please select value form dropdown only.","1) This is mandatory field, if \"Yes\" selected in \"Assessment / Assurance\".\n2) Please select value form dropdown only."]
[null,"Has the entity carried out independent assessment/ evaluation of the working of its policies by an external agency?",null,"duration","1) This is mandatory field.\n2) Please select value form dropdown only.","1) This is mandatory field, if \"Yes\" selected in \"Assessment / Assurance\".\n2) Please select value form dropdown only."]
[null,"If answer to question 1 above is No i.e. not all principles are covered by a policy reasons to be stated;",null,"duration","1) This is mandatory field.\n2) Please select value form dropdown only.","1) This is mandatory field, if \"Yes\" selected in \"Assessment / Assurance\".\n2) Please select value form dropdown only."]
[null,"Percentage coverage by training and awareness programmes on any of the principles during the financial year -BOD/ KMP / Employees / Workers",null,"duration","1) This is mandatory field.\n2) Please select value form dropdown only.","1) This is mandatory field, if \"Yes\" selected in \"Assessment / Assurance\".\n2) Please select value form dropdown only."]
[null,"Details of fines / penalties /punishment/ award/ compounding fees/ settlement amount paid in proceedings (by the entity or by directors / KMPs) with regulators/ law enforcement agencies/ judicial institutions, in the financial year, in the following format (Note: the entity shall make disclosures on the basis of materiality as specified in Regulation 30 of SEBI (Listing Obligations and Disclosure Obligations) Regulations, 2015 and as disclosed on the entity’s website)",null,"duration","1) This is mandatory field.\n2) Please select value form dropdown only.","1) This is mandatory field, if \"Yes\" selected in \"Assessment / Assurance\".\n2) Please select value form dropdown only."]
[null,"Of the instances disclosed in Question 2 above, details of the Appeal/ Revision preferred in cases where monetary or non-monetary action has been appealed",null,"duration","1) This is mandatory field.\n2) Please select value form dropdown only.","1) This is mandatory field, if \"Yes\" selected in \"Assessment / Assurance\".\n2) Please select value form dropdown only."]
[null,"Does the entity have an anti-corruption or anti-bribery policy? If yes, provide details in brief and if available, provide a web-link to the policy",null,"duration","1) This is mandatory field.\n2) Please select value form dropdown only.","1) This is mandatory field, if \"Yes\" selected in \"Assessment / Assurance\".\n2) Please select value form dropdown only."]
[null,"Number of Directors/KMPs/employees/workers against whom disciplinary action was taken by any law enforcement agency for the charges of bribery/ corruption",null,"duration","1) This is mandatory field.\n2) Please select value form dropdown only.","1) This is mandatory field, if \"Yes\" selected in \"Assessment / Assurance\".\n2) Please select value form dropdown only."]
[null,"Details of complaints with regard to conflict of interest",null,"duration","1) This is mandatory field.\n2) Please select value form dropdown only.","1) This is mandatory field, if \"Yes\" selected in \"Assessment / Assurance\".\n2) Please select value form dropdown only."]
[null,"Provide details of any corrective action taken or underway on issues related to fines / penalties / action taken by regulators/ law enforcement agencies/ judicial institutions, on cases of corruption and conflicts of interest",null,"duration","1) This is mandatory field.\n2) Please select value form dropdown only.","1) This is mandatory field, if \"Yes\" selected in \"Assessment / Assurance\".\n2) Please select value form dropdown only."]
[null,"Number of days of accounts payables",null,"duration","1) This is mandatory field.\n2) Please select value form dropdown only.","1) This is mandatory field, if \"Yes\" selected in \"Assessment / Assurance\".\n2) Please select value form dropdown only.","This is mandatory field, if \"No\" selected in \"Assessment / Assurance\"."]
[null,"Open-ness of business",null,"duration","1) This is mandatory field.\n2) Please select value form dropdown only.","1) This is mandatory field, if \"Yes\" selected in \"Assessment / Assurance\".\n2) Please select value form dropdown only.","This is mandatory field, if \"No\" selected in \"Assessment / Assurance\"."]
[null,"Awareness programmes conducted for value chain partners on any of the principles during the financial year",null,"duration","1) This is mandatory field.\n2) Please select value form dropdown only.","1) This is mandatory field, if \"Yes\" selected in \"Assessment / Assurance\".\n2) Please select value form dropdown only."]
[null,"Does the entity have processes in place to avoid/ manage conflict of interests involving members of the Board? ",null,"duration","1) This is mandatory field.\n2) Please select value form dropdown only.","1) This is mandatory field, if \"Yes\" selected in \"Assessment / Assurance\".\n2) Please select value form dropdown only."]
[null,"Percentage of R&D and capital expenditure (capex) investments in specific technologies to improve the environmental and social impacts of product and processes to total R&D and capex investments made by the entity, respectively",null,"duration","1) This is mandatory field.\n2) Please select value form dropdown only.","1) This is mandatory field, if \"Yes\" selected in \"Assessment / Assurance\".\n2) Please select value form dropdown only."]
[null,"Does the entity have procedures in place for sustainable sourcing - if Yes, what %?",null,"duration","1) This is mandatory field.\n2) Please select value form dropdown only.","1) This is mandatory field, if \"Yes\" selected in \"Assessment / Assurance\".\n2) Please select value form dropdown only."]
[null,"Describe the processes in place to safely reclaim your products for reusing, recycling and disposing at the end of life, for (a) Plastics (including packaging) (b) E-waste (c) Hazardous waste and (d) other waste",null,"duration","1) This is mandatory field.\n2) Please select value form dropdown only.","1) This is mandatory field, if \"Yes\" selected in \"Assessment / Assurance\".\n2) Please select value form dropdown only."]
[null,"Whether Extended Producer Responsibility (EPR) is applicable to the entity’s activities (Yes / No). If yes, whether the waste collection plan is in line with the Extended Producer Responsibility (EPR) plan submitted to Pollution Control Boards? If not, provide steps taken to address the same",null,"duration","1) This is mandatory field.\n2) Please select value form dropdown only.","1) This is mandatory field, if \"Yes\" selected in \"Assessment / Assurance\".\n2) Please select value form dropdown only."]
[null,"Has the entity conducted Life Cycle Perspective / Assessments (LCA) for any of its products (for manufacturing industry) or for its services (for service industry)? If yes, provide details in the following format?",null,"duration","1) This is mandatory field.\n2) Please select value form dropdown only.","1) This is mandatory field, if \"Yes\" selected in \"Assessment / Assurance\".\n2) Please select value form dropdown only."]
[null,"If there are any significant social or environmental concerns and/or risks arising from production or disposal of your products / services, as identified in the Life Cycle Perspective / Assessments (LCA) or through any other means, briefly describe the same along-with action taken to mitigate the same",null,"duration","1) This is mandatory field.\n2) Please select value form dropdown only.","1) This is mandatory field, if \"Yes\" selected in \"Assessment / Assurance\".\n2) Please select value form dropdown only."]
[null,"Percentage of recycled or reused input material to total material (by value) used in production (for manufacturing industry) or providing services (for service industry)",null,"duration","1) This is mandatory field.\n2) Please select value form dropdown only.","1) This is mandatory field, if \"Yes\" selected in \"Assessment / Assurance\".\n2) Please select value form dropdown only."]
[null,"Of the products and packaging reclaimed at end of life of products, amount (in metric tonnes) reused, recycled, and safely disposed, as per the following format:",null,"duration","1) This is mandatory field.\n2) Please select value form dropdown only.","1) This is mandatory field, if \"Yes\" selected in \"Assessment / Assurance\".\n2) Please select value form dropdown only."]
[null,"Reclaimed products and their packaging materials (as percentage of products sold) for each product category",null,"duration","1) This is mandatory field.\n2) Please select value form dropdown only.","1) This is mandatory field, if \"Yes\" selected in \"Assessment / Assurance\".\n2) Please select value form dropdown only."]
[null,"a. Details of measures for the well-being of employees                                                                                                                                  b. Details of measures for the well-being of workers\nc. spending on measures towards well-being of employees and workers",null,"duration","1) This is mandatory field.\n2) Please select value form dropdown only.","1) This is mandatory field, if \"Yes\" selected in \"Assessment / Assurance\".\n2) Please select value form dropdown only.","This is mandatory field, if \"No\" selected in \"Assessment / Assurance\"."]
[null,"Details of retirement benefits, for Current FY and Previous Financial Year",null,"duration","1) This is mandatory field.\n2) Please select value form dropdown only.","1) This is mandatory field, if \"Yes\" selected in \"Assessment / Assurance\".\n2) Please select value form dropdown only."]
[null,"Accessibility of workplaces\nAre the premises / offices of the entity accessible to differently abled employees and workers, as per the requirements of the Rights of Persons with Disabilities Act, 2016? If not, whether any steps are being taken by the entity in this regard",null,"duration","1) This is mandatory field.\n2) Please select value form dropdown only.","1) This is mandatory field, if \"Yes\" selected in \"Assessment / Assurance\".\n2) Please select value form dropdown only."]
[null,"Does the entity have an equal opportunity policy as per the Rights of Persons with Disabilities Act, 2016? If so, provide a web-link to the policy",null,"duration","1) This is mandatory field.\n2) Please select value form dropdown only.","1) This is mandatory field, if \"Yes\" selected in \"Assessment / Assurance\".\n2) Please select value form dropdown only."]
[null,"Return to work and Retention rates of permanent employees and workers that took parental leave",null,"duration","1) This is mandatory field.\n2) Please select value form dropdown only.","1) This is mandatory field, if \"Yes\" selected in \"Assessment / Assurance\".\n2) Please select value form dropdown only."]
[null,"Is there a mechanism available to receive and redress grievances for the following categories of employees and worker? If yes, give details of the mechanism in brief",null,"duration","1) This is mandatory field.\n2) Please select value form dropdown only.","1) This is mandatory field, if \"Yes\" selected in \"Assessment / Assurance\".\n2) Please select value form dropdown only."]
[null,"Membership of employees and worker in association(s) or Unions recognised by the listed entity",null,"duration","1) This is mandatory field.\n2) Please select value form dropdown only.","1) This is mandatory field, if \"Yes\" selected in \"Assessment / Assurance\".\n2) Please select value form dropdown only."]
[null,"Details of training given to employees and workers",null,"duration","1) This is mandatory field.\n2) Please select value form dropdown only.","1) This is mandatory field, if \"Yes\" selected in \"Assessment / Assurance\".\n2) Please select value form dropdown only."]
[null,"Details of performance and career development reviews of employees and worker -\nMale /Female",null,"duration","1) This is mandatory field.\n2) Please select value form dropdown only.","1) This is mandatory field, if \"Yes\" selected in \"Assessment / Assurance\".\n2) Please select value form dropdown only."]
[null,"Health and safety management system:\na. Whether an occupational health and safety management system has been implemented by the entity? (Yes/ No). If yes, the coverage such system?\nb. What are the processes used to identify work-related hazards and assess risks on a routine and non-routine basis by the entity?\nc. Whether you have processes for workers to report the work-related hazards and to remove themselves from such risks\nd. Do the employees/ worker of the entity have access to non-occupational medical and healthcare services?",null,"duration","1) This is mandatory field.\n2) Please select value form dropdown only.","1) This is mandatory field, if \"Yes\" selected in \"Assessment / Assurance\".\n2) Please select value form dropdown only."]
[null,"Details of safety related incidents, in the following format",null,"duration","1) This is mandatory field.\n2) Please select value form dropdown only.","1) This is mandatory field, if \"Yes\" selected in \"Assessment / Assurance\".\n2) Please select value form dropdown only."]
[null,"Describe the measures taken by the entity to ensure a safe and healthy work place",null,"duration","1) This is mandatory field.\n2) Please select value form dropdown only.","1) This is mandatory field, if \"Yes\" selected in \"Assessment / Assurance\".\n2) Please select value form dropdown only."]
[null,"Number of Complaints on the following made by employees and workers",null,"duration","1) This is mandatory field.\n2) Please select value form dropdown only.","1) This is mandatory field, if \"Yes\" selected in \"Assessment / Assurance\".\n2) Please select value form dropdown only."]
[null,"Assessments for the year",null,"duration","1) This is mandatory field.\n2) Please select value form dropdown only.","1) This is mandatory field, if \"Yes\" selected in \"Assessment / Assurance\".\n2) Please select value form dropdown only."]
[null,"Provide details of any corrective action taken or underway to address safety-related incidents (if any) and on significant risks / concerns arising from assessments of health & safety practices and working conditions",null,"duration","1) This is mandatory field.\n2) Please select value form dropdown only.","1) This is mandatory field, if \"Yes\" selected in \"Assessment / Assurance\".\n2) Please select value form dropdown only."]
[null,"Does the entity extend any life insurance or any compensatory package in the event of death of (A) Employees (Y/N) (B) Workers (Y/N)",null,"duration","1) This is mandatory field.\n2) Please select value form dropdown only.","1) This is mandatory field, if \"Yes\" selected in \"Assessment / Assurance\".\n2) Please select value form dropdown only."]
[null,"Provide the measures undertaken by the entity to ensure that statutory dues have been deducted and deposited by the value chain partners",null,"duration","1) This is mandatory field.\n2) Please select value form dropdown only.","1) This is mandatory field, if \"Yes\" selected in \"Assessment / Assurance\".\n2) Please select value form dropdown only."]
[null,"Provide the number of employees / workers having suffered high consequence work-related injury / ill-health / fatalities (as reported in Q11 of Essential Indicators above), who have been are rehabilitated and placed in suitable employment or whose family members have been placed in suitable employment:",null,"duration","1) This is mandatory field.\n2) Please select value form dropdown only.","1) This is mandatory field, if \"Yes\" selected in \"Assessment / Assurance\".\n2) Please select value form dropdown only."]
[null,"Does the entity provide transition assistance programs to facilitate continued employability and the management of career endings resulting from retirement or termination of employment?",null,"duration","1) This is mandatory field.\n2) Please select value form dropdown only.","1) This is mandatory field, if \"Yes\" selected in \"Assessment / Assurance\".\n2) Please select value form dropdown only."]
[null,"Details on assessment of value chain partners",null,"duration","1) This is mandatory field.\n2) Please select value form dropdown only.","1) This is mandatory field, if \"Yes\" selected in \"Assessment / Assurance\".\n2) Please select value form dropdown only."]
[null,"Provide details of any corrective actions taken or underway to address significant risks / concerns arising from assessments of health and safety practices and working conditions of value chain partners",null,"duration","1) This is mandatory field.\n2) Please select value form dropdown only.","1) This is mandatory field, if \"Yes\" selected in \"Assessment / Assurance\".\n2) Please select value form dropdown only."]
[null,"Describe the processes for identifying key stakeholder groups of the entity",null,"duration","1) This is mandatory field.\n2) Please select value form dropdown only.","1) This is mandatory field, if \"Yes\" selected in \"Assessment / Assurance\".\n2) Please select value form dropdown only."]
[null,"List stakeholder groups identified as key for your entity and the frequency of engagement with each stakeholder group",null,"duration","1) This is mandatory field.\n2) Please select value form dropdown only.","1) This is mandatory field, if \"Yes\" selected in \"Assessment / Assurance\".\n2) Please select value form dropdown only."]
[null,"Provide the processes for consultation between stakeholders and the Board on economic, environmental, and social topics or if consultation is delegated, how is feedback from such consultations provided to the Board",null,"duration","1) This is mandatory field.\n2) Please select value form dropdown only.","1) This is mandatory field, if \"Yes\" selected in \"Assessment / Assurance\".\n2) Please select value form dropdown only."]
[null,"Whether stakeholder consultation is used to support the identification and management of environmental, and social topics (Yes / No). If so, provide details of instances as to how the inputs received from stakeholders on these topics were incorporated into policies and activities of the entity",null,"duration","1) This is mandatory field.\n2) Please select value form dropdown only.","1) This is mandatory field, if \"Yes\" selected in \"Assessment / Assurance\".\n2) Please select value form dropdown only."]
[null,"Provide details of instances of engagement with, and actions taken to, address the concerns of vulnerable/ marginalized stakeholder groups",null,"duration","1) This is mandatory field.\n2) Please select value form dropdown only.","1) This is mandatory field, if \"Yes\" selected in \"Assessment / Assurance\".\n2) Please select value form dropdown only."]
[null,"Employees and workers who have been provided training on human rights issues and policy(ies) of the entity, in the following format:",null,"duration","1) This is mandatory field.\n2) Please select value form dropdown only.","1) This is mandatory field, if \"Yes\" selected in \"Assessment / Assurance\".\n2) Please select value form dropdown only."]
[null,"Details of minimum wages paid to employees and workers, in the following format:",null,"duration","1) This is mandatory field.\n2) Please select value form dropdown only.","1) This is mandatory field, if \"Yes\" selected in \"Assessment / Assurance\".\n2) Please select value form dropdown only."]
[null,"Details of remuneration/salary/wages, in the following format:\na. median remuneration /wages\nb. gross wages paid to females as percentage of total wages",null,"duration","1) This is mandatory field.\n2) Please select value form dropdown only.","1) This is mandatory field, if \"Yes\" selected in \"Assessment / Assurance\".\n2) Please select value form dropdown only.","This is mandatory field, if \"No\" selected in \"Assessment / Assurance\"."]
[null,"Do you have a focal point (Individual/ Committee) responsible for addressing human rights impacts or issues caused or contributed to by the business?",null,"duration","1) This is mandatory field.\n2) Please select value form dropdown only.","1) This is mandatory field, if \"Yes\" selected in \"Assessment / Assurance\".\n2) Please select value form dropdown only."]
[null,"Describe the internal mechanisms in place to redress grievances related to human rights issues",null,"duration","1) This is mandatory field.\n2) Please select value form dropdown only.","1) This is mandatory field, if \"Yes\" selected in \"Assessment / Assurance\".\n2) Please select value form dropdown only."]
[null,"Number of Complaints on the following made by employees and workers:",null,"duration","1) This is mandatory field.\n2) Please select value form dropdown only.","1) This is mandatory field, if \"Yes\" selected in \"Assessment / Assurance\".\n2) Please select value form dropdown only."]
[null,"Complaints filed under the sexual harassment of women at workplace",null,"duration","1) This is mandatory field.\n2) Please select value form dropdown only.","1) This is mandatory field, if \"Yes\" selected in \"Assessment / Assurance\".\n2) Please select value form dropdown only.","This is mandatory field, if \"No\" selected in \"Assessment / Assurance\"."]
[null,"Mechanisms to prevent adverse consequences to the complainant in discrimination and harassment cases",null,"duration","1) This is mandatory field.\n2) Please select value form dropdown only.","1) This is mandatory field, if \"Yes\" selected in \"Assessment / Assurance\".\n2) Please select value form dropdown only."]
[null,"Do human rights requirements form part of your business agreements and contracts?",null,"duration","1) This is mandatory field.\n2) Please select value form dropdown only.","1) This is mandatory field, if \"Yes\" selected in \"Assessment / Assurance\".\n2) Please select value form dropdown only."]
[null,"Assessments for the year",null,"duration","1) This is mandatory field.\n2) Please select value form dropdown only.","1) This is mandatory field, if \"Yes\" selected in \"Assessment / Assurance\".\n2) Please select value form dropdown only."]
[null,"Provide details of any corrective actions taken or underway to address significant risks / concerns arising from the assessments at Question 9 above",null,"duration","1) This is mandatory field.\n2) Please select value form dropdown only.","1) This is mandatory field, if \"Yes\" selected in \"Assessment / Assurance\".\n2) Please select value form dropdown only."]
[null,"Details of a business process being modified / introduced as a result of addressing human rights grievances/complaints",null,"duration","1) This is mandatory field.\n2) Please select value form dropdown only.","1) This is mandatory field, if \"Yes\" selected in \"Assessment / Assurance\".\n2) Please select value form dropdown only."]
[null,"Details of the scope and coverage of any Human rights due-diligence conducted",null,"duration","1) This is mandatory field.\n2) Please select value form dropdown only.","1) This is mandatory field, if \"Yes\" selected in \"Assessment / Assurance\".\n2) Please select value form dropdown only."]
[null,"Is the premise/office of the entity accessible to differently abled visitors, as per the requirements of the Rights of Persons with Disabilities Act, 2016?",null,"duration","1) This is mandatory field.\n2) Please select value form dropdown only.","1) This is mandatory field, if \"Yes\" selected in \"Assessment / Assurance\".\n2) Please select value form dropdown only."]
[null,"Details on assessment of value chain partners:",null,"duration","1) This is mandatory field.\n2) Please select value form dropdown only.","1) This is mandatory field, if \"Yes\" selected in \"Assessment / Assurance\".\n2) Please select value form dropdown only."]
[null,"Provide details of any corrective actions taken or underway to address significant risks / concerns arising from the assessments at Question 4 above",null,"duration","1) This is mandatory field.\n2) Please select value form dropdown only.","1) This is mandatory field, if \"Yes\" selected in \"Assessment / Assurance\".\n2) Please select value form dropdown only."]
[null,"Details of total energy consumption (in Joules or multiples) and energy intensity, in the following format:",null,"duration","1) This is mandatory field.\n2) Please select value form dropdown only.","1) This is mandatory field, if \"Yes\" selected in \"Assessment / Assurance\".\n2) Please select value form dropdown only.","This is mandatory field, if \"No\" selected in \"Assessment / Assurance\"."]
[null,"Does the entity have any sites / facilities identified as designated consumers (DCs) under the Performance, Achieve and Trade (PAT) Scheme of the Government of India? (Y/N)\nIf yes, disclose whether targets set under the PAT scheme have been achieved. In case targets have not been achieved, provide the remedial action taken, if any",null,"duration","1) This is mandatory field.\n2) Please select value form dropdown only.","1) This is mandatory field, if \"Yes\" selected in \"Assessment / Assurance\".\n2) Please select value form dropdown only."]
[null,"Provide details of the following disclosures related to water, in the following format:",null,"duration","1) This is mandatory field.\n2) Please select value form dropdown only.","1) This is mandatory field, if \"Yes\" selected in \"Assessment / Assurance\".\n2) Please select value form dropdown only.","This is mandatory field, if \"No\" selected in \"Assessment / Assurance\"."]
[null,"Provide the following details related to water discharged:",null,"duration","1) This is mandatory field.\n2) Please select value form dropdown only.","1) This is mandatory field, if \"Yes\" selected in \"Assessment / Assurance\".\n2) Please select value form dropdown only.","This is mandatory field, if \"No\" selected in \"Assessment / Assurance\"."]
[null,"Has the entity implemented a mechanism for Zero Liquid Discharge? If yes, provide details of its coverage and implementation",null,"duration","1) This is mandatory field.\n2) Please select value form dropdown only.","1) This is mandatory field, if \"Yes\" selected in \"Assessment / Assurance\".\n2) Please select value form dropdown only."]
[null,"Please provide details of air emissions (other than GHG emissions) by the entity, in the following format:",null,"duration","1) This is mandatory field.\n2) Please select value form dropdown only.","1) This is mandatory field, if \"Yes\" selected in \"Assessment / Assurance\".\n2) Please select value form dropdown only."]
[null,"Provide details of greenhouse gas emissions (Scope 1 and Scope 2 emissions) & its intensity, in the following format:",null,"duration","1) This is mandatory field.\n2) Please select value form dropdown only.","1) This is mandatory field, if \"Yes\" selected in \"Assessment / Assurance\".\n2) Please select value form dropdown only.","This is mandatory field, if \"No\" selected in \"Assessment / Assurance\"."]
[null,"Does the entity have any project related to reducing Green House Gas emission? If Yes, then provide details",null,"duration","1) This is mandatory field.\n2) Please select value form dropdown only.","1) This is mandatory field, if \"Yes\" selected in \"Assessment / Assurance\".\n2) Please select value form dropdown only."]
[null,"Provide details related to waste management by the entity, in the following format:",null,"duration","1) This is mandatory field.\n2) Please select value form dropdown only.","1) This is mandatory field, if \"Yes\" selected in \"Assessment / Assurance\".\n2) Please select value form dropdown only."]
[null,"Briefly describe the waste management practices adopted in your establishments. Describe the strategy adopted by your company to reduce usage of hazardous and toxic chemicals in your products and processes and the practices adopted to manage such wastes",null,"duration","1) This is mandatory field.\n2) Please select value form dropdown only.","1) This is mandatory field, if \"Yes\" selected in \"Assessment / Assurance\".\n2) Please select value form dropdown only."]
[null,"If the entity has operations/offices in/around ecologically sensitive areas (such as national parks, wildlife sanctuaries, biosphere reserves, wetlands, biodiversity hotspots, forests, coastal regulation zones etc.) where environmental approvals / clearances are required, please specify details in the following form",null,"duration","1) This is mandatory field.\n2) Please select value form dropdown only.","1) This is mandatory field, if \"Yes\" selected in \"Assessment / Assurance\".\n2) Please select value form dropdown only."]
[null,"Details of environmental impact assessments of projects undertaken by the entity based on applicable laws, in the current financial year",null,"duration","1) This is mandatory field.\n2) Please select value form dropdown only.","1) This is mandatory field, if \"Yes\" selected in \"Assessment / Assurance\".\n2) Please select value form dropdown only."]
[null,"Is the entity compliant with the applicable environmental law/ regulations/ guidelines in India; such as the Water (Prevention and Control of Pollution) Act, Air (Prevention and Control of Pollution) Act, Environment protection act and rules thereunder (Y/N/NA). If not, provide details of all such non-compliances, in the following format:",null,"duration","1) This is mandatory field.\n2) Please select value form dropdown only.","1) This is mandatory field, if \"Yes\" selected in \"Assessment / Assurance\".\n2) Please select value form dropdown only."]
[null,"Water withdrawal, consumption and discharge in areas of water stress (in kilolitres)",null,"duration","1) This is mandatory field.\n2) Please select value form dropdown only.","1) This is mandatory field, if \"Yes\" selected in \"Assessment / Assurance\".\n2) Please select value form dropdown only."]
[null,"Please provide details of total Scope 3 emissions & its intensity, in the following format",null,"duration","1) This is mandatory field.\n2) Please select value form dropdown only.","1) This is mandatory field, if \"Yes\" selected in \"Assessment / Assurance\".\n2) Please select value form dropdown only."]
[null,"With respect to the ecologically sensitive areas reported at Question 10 of Essential Indicators above, provide details of significant direct & indirect impact of the entity on biodiversity in such areas along-with prevention and remediation activities",null,"duration","1) This is mandatory field.\n2) Please select value form dropdown only.","1) This is mandatory field, if \"Yes\" selected in \"Assessment / Assurance\".\n2) Please select value form dropdown only."]
[null,"If the entity has undertaken any specific initiatives or used innovative technology or solutions to improve resource efficiency, or reduce impact due to emissions / effluent discharge / waste generated, please provide details of the same as well as outcome of such initiatives, as per the following format",null,"duration","1) This is mandatory field.\n2) Please select value form dropdown only.","1) This is mandatory field, if \"Yes\" selected in \"Assessment / Assurance\".\n2) Please select value form dropdown only."]
[null,"Does the entity have a business continuity and disaster management plan? Give details in 100 words/ web link",null,"duration","1) This is mandatory field.\n2) Please select value form dropdown only.","1) This is mandatory field, if \"Yes\" selected in \"Assessment / Assurance\".\n2) Please select value form dropdown only."]
[null,"Disclose any significant adverse impact to the environment, arising from the value chain of the entity. What mitigation or adaptation measures have been taken by the entity in this regard",null,"duration","1) This is mandatory field.\n2) Please select value form dropdown only.","1) This is mandatory field, if \"Yes\" selected in \"Assessment / Assurance\".\n2) Please select value form dropdown only."]
[null,"Percentage of value chain partners (by value of business done with such partners) that were assessed for environmental impacts",null,"duration","1) This is mandatory field.\n2) Please select value form dropdown only.","1) This is mandatory field, if \"Yes\" selected in \"Assessment / Assurance\".\n2) Please select value form dropdown only."]
[null,"How many Green Credits have been generated or procured:\na. By the listed entity\nb. By the top ten (in terms of value of purchases and sales, respectively) value chain partners",null,"duration","1) This is mandatory field.\n2) Please select value form dropdown only.","1) This is mandatory field, if \"Yes\" selected in \"Assessment / Assurance\".\n2) Please select value form dropdown only."]
[null,"a. Number of affiliations with trade and industry chambers/ associations                                                 b. List the top 10 trade and industry chambers/ associations (determined based on the total members of such body) the entity is a member of/ affiliated to",null,"duration","1) This is mandatory field.\n2) Please select value form dropdown only.","1) This is mandatory field, if \"Yes\" selected in \"Assessment / Assurance\".\n2) Please select value form dropdown only."]
[null,"Provide details of corrective action taken or underway on any issues related to anti-competitive conduct by the entity, based on adverse orders from regulatory authorities",null,"duration","1) This is mandatory field.\n2) Please select value form dropdown only.","1) This is mandatory field, if \"Yes\" selected in \"Assessment / Assurance\".\n2) Please select value form dropdown only."]
[null,"Details of public policy positions advocated by the entity",null,"duration","1) This is mandatory field.\n2) Please select value form dropdown only.","1) This is mandatory field, if \"Yes\" selected in \"Assessment / Assurance\".\n2) Please select value form dropdown only."]
[null,"Details of Social Impact Assessments (SIA) of projects undertaken by the entity based on applicable laws, in the current financial year",null,"duration","1) This is mandatory field.\n2) Please select value form dropdown only.","1) This is mandatory field, if \"Yes\" selected in \"Assessment / Assurance\".\n2) Please select value form dropdown only."]
[null,"Provide information on project(s) for which ongoing Rehabilitation and Resettlement (R&R) is being undertaken by your entity, in the following format:",null,"duration","1) This is mandatory field.\n2) Please select value form dropdown only.","1) This is mandatory field, if \"Yes\" selected in \"Assessment / Assurance\".\n2) Please select value form dropdown only."]
[null,"Describe the mechanisms to receive and redress grievances of the community",null,"duration","1) This is mandatory field.\n2) Please select value form dropdown only.","1) This is mandatory field, if \"Yes\" selected in \"Assessment / Assurance\".\n2) Please select value form dropdown only."]
[null,"Percentage of input material (inputs to total inputs by value) sourced from suppliers",null,"duration","1) This is mandatory field.\n2) Please select value form dropdown only.","1) This is mandatory field, if \"Yes\" selected in \"Assessment / Assurance\".\n2) Please select value form dropdown only."]
[null,"Job creation in smaller towns",null,"duration","1) This is mandatory field.\n2) Please select value form dropdown only.","1) This is mandatory field, if \"Yes\" selected in \"Assessment / Assurance\".\n2) Please select value form dropdown only.","This is mandatory field, if \"No\" selected in \"Assessment / Assurance\"."]
[null,"Provide details of actions taken to mitigate any negative social impacts identified in the Social Impact Assessments (Reference: Question 1 of Essential Indicators above:",null,"duration","1) This is mandatory field.\n2) Please select value form dropdown only.","1) This is mandatory field, if \"Yes\" selected in \"Assessment / Assurance\".\n2) Please select value form dropdown only."]
[null,"Provide the following information on CSR projects undertaken by your entity in designated aspirational districts as identified by government bodies",null,"duration","1) This is mandatory field.\n2) Please select value form dropdown only.","1) This is mandatory field, if \"Yes\" selected in \"Assessment / Assurance\".\n2) Please select value form dropdown only."]
[null,"(a) Do you have a preferential procurement policy where you give preference to purchase from suppliers comprising marginalized /vulnerable groups?\n(b) From which marginalized /vulnerable groups do you procure?\n(c) What percentage of total procurement (by value) does it constitute?",null,"duration","1) This is mandatory field.\n2) Please select value form dropdown only.","1) This is mandatory field, if \"Yes\" selected in \"Assessment / Assurance\".\n2) Please select value form dropdown only."]
[null,"Details of the benefits derived and shared from the intellectual properties owned or acquired by your entity (in the current financial year), based on traditional knowledge",null,"duration","1) This is mandatory field.\n2) Please select value form dropdown only.","1) This is mandatory field, if \"Yes\" selected in \"Assessment / Assurance\".\n2) Please select value form dropdown only."]
[null,"Details of corrective actions taken or underway, based on any adverse order in intellectual property related disputes wherein usage of traditional knowledge is involved",null,"duration","1) This is mandatory field.\n2) Please select value form dropdown only.","1) This is mandatory field, if \"Yes\" selected in \"Assessment / Assurance\".\n2) Please select value form dropdown only."]
[null,"Details of beneficiaries of CSR Projects",null,"duration","1) This is mandatory field.\n2) Please select value form dropdown only.","1) This is mandatory field, if \"Yes\" selected in \"Assessment / Assurance\".\n2) Please select value form dropdown only."]
[null,"Describe the mechanisms in place to receive and respond to consumer complaints and feedback",null,"duration","1) This is mandatory field.\n2) Please select value form dropdown only.","1) This is mandatory field, if \"Yes\" selected in \"Assessment / Assurance\".\n2) Please select value form dropdown only."]
[null,"Turnover of products and/ services as a percentage of turnover from all products/service that carry information about",null,"duration","1) This is mandatory field.\n2) Please select value form dropdown only.","1) This is mandatory field, if \"Yes\" selected in \"Assessment / Assurance\".\n2) Please select value form dropdown only."]
[null,"Number of consumer complaints in respect of the following:",null,"duration","1) This is mandatory field.\n2) Please select value form dropdown only.","1) This is mandatory field, if \"Yes\" selected in \"Assessment / Assurance\".\n2) Please select value form dropdown only."]
[null,"Details of instances of product recalls on account of safety issues",null,"duration","1) This is mandatory field.\n2) Please select value form dropdown only.","1) This is mandatory field, if \"Yes\" selected in \"Assessment / Assurance\".\n2) Please select value form dropdown only."]
[null,"Does the entity have a framework/ policy on cyber security and risks related to data privacy? (Yes/No) If available, provide a web-link of the policy",null,"duration","1) This is mandatory field.\n2) Please select value form dropdown only.","1) This is mandatory field, if \"Yes\" selected in \"Assessment / Assurance\".\n2) Please select value form dropdown only."]
[null,"Provide details of any corrective actions taken or underway on issues relating to advertising, and delivery of essential services; cyber security and data privacy of customers; re-occurrence of instances of product recalls; penalty / action taken by regulatory authorities on safety of products / services",null,"duration","1) This is mandatory field.\n2) Please select value form dropdown only.","1) This is mandatory field, if \"Yes\" selected in \"Assessment / Assurance\".\n2) Please select value form dropdown only."]
[null,"Provide the following information relating to data breaches:\na. Number of instances of data breaches along-with impact\nb. Percentage of data breaches involving personally identifiable information of customers",null,"duration","1) This is mandatory field.\n2) Please select value form dropdown only.","1) This is mandatory field, if \"Yes\" selected in \"Assessment / Assurance\".\n2) Please select value form dropdown only."]
[null,"Channels / platforms where information on products and services of the entity can be accessed (provide web link, if available)",null,"duration","1) This is mandatory field.\n2) Please select value form dropdown only.","1) This is mandatory field, if \"Yes\" selected in \"Assessment / Assurance\".\n2) Please select value form dropdown only."]
[null,"Steps taken to inform and educate consumers about safe and responsible usage of products and/or services",null,"duration","1) This is mandatory field.\n2) Please select value form dropdown only.","1) This is mandatory field, if \"Yes\" selected in \"Assessment / Assurance\".\n2) Please select value form dropdown only."]
[null,"Mechanisms in place to inform consumers of any risk of disruption/discontinuation of essential services",null,"duration","1) This is mandatory field.\n2) Please select value form dropdown only.","1) This is mandatory field, if \"Yes\" selected in \"Assessment / Assurance\".\n2) Please select value form dropdown only."]
[null,"Does the entity display product information on the product over and above what is mandated as per local laws? (Yes/No/Not Applicable)\nIf yes, provide details in brief. Did your entity carry out any survey with regard to consumer satisfaction relating to the major products / services of the entity, significant locations of operation of the entity or the entity as a whole?",null,"duration","1) This is mandatory field.\n2) Please select value form dropdown only.","1) This is mandatory field, if \"Yes\" selected in \"Assessment / Assurance\".\n2) Please select value form dropdown only."]
[null,"Details of the listed entity",null,null,"1) This is mandatory field.\n2) Please select value form dropdown only."]
[null,"Products/services",null,null,"1) This is mandatory field.\n2) Please select value form dropdown only."]
[null,"Operations",null,null,"1) This is mandatory field.\n2) Please select value form dropdown only."]
[null,"Employees",null,null,"1) This is mandatory field.\n2) Please select value form dropdown only."]
[null,"Holding, Subsidiary and Associate Companies (including joint ventures)",null,null,"1) This is mandatory field.\n2) Please select value form dropdown only."]
[null,"CSR Details",null,null,"1) This is mandatory field.\n2) Please select value form dropdown only."]
[null,"Transparency and Disclosures Compliances",null,null,"1) This is mandatory field.\n2) Please select value form dropdown only."]
[null,"Policy and management processes",null,null,"1) This is mandatory field.\n2) Please select value form dropdown only."]
[null,"Governance, leadership and oversight",null,null,"1) This is mandatory field.\n2) Please select value form dropdown only."]
[]
[]
[]
[]
["TypeOfAssessmentOrAssuranceObtain","Type of assessment or assurance obtain","in-capmkt-types:AssuranceType","duration","1) This is mandatory field.\n2) Please select value form dropdown only."]
["TypeOfAssuranceForSectionAGeneralDisclosures","Section A : General Disclosures","in-capmkt-types:AssuranceType","duration","1) This is mandatory field.\n2) Please select value form dropdown only."]
["TypeOfAssuranceForSectionBManagementAndProcessDisclosures","Section B – Management & Process Disclosures","in-capmkt-types:AssuranceType","duration","1) This is mandatory field.\n2) Please select value form dropdown only."]
["TypeOfAssuranceForSectionCPrincipleWisePerformanceDisclosures","Section C – Principle Wise Performance Disclosures","in-capmkt-types:AssuranceType","duration","1) This is mandatory field.\n2) Please select value form dropdown only."]
["TypeOfAssuranceForPrinciple1EssentialIndicators","Principle 1 – Essential Indicators","in-capmkt-types:AssuranceType","duration","1) This is mandatory field.\n2) Please select value form dropdown only."]
["TypeOfAssuranceForPrinciple1LeadershipIndicators","Principle 1 – Leadership Indicators","in-capmkt-types:AssuranceType","duration","1) This is mandatory field.\n2) Please select value form dropdown only."]
["TypeOfAssuranceForPrinciple2EssentialIndicators","Principle 2 – Essential Indicators","in-capmkt-types:AssuranceType","duration","1) This is mandatory field.\n2) Please select value form dropdown only."]
["TypeOfAssuranceForPrinciple2LeadershipIndicators","Principle 2 – Leadership Indicators","in-capmkt-types:AssuranceType","duration","1) This is mandatory field.\n2) Please select value form dropdown only."]
["TypeOfAssuranceForPrinciple3EssentialIndicators","Principle 3 – Essential Indicators","in-capmkt-types:AssuranceType","duration","1) This is mandatory field.\n2) Please select value form dropdown only."]
["TypeOfAssuranceForPrinciple3LeadershipIndicators","Principle 3 – Leadership Indicators","in-capmkt-types:AssuranceType","duration","1) This is mandatory field.\n2) Please select value form dropdown only."]
["TypeOfAssuranceForPrinciple4EssentialIndicators","Principle 4 – Essential Indicators","in-capmkt-types:AssuranceType","duration","1) This is mandatory field.\n2) Please select value form dropdown only."]
["TypeOfAssuranceForPrinciple4LeadershipIndicators","Principle 4 – Leadership Indicators","in-capmkt-types:AssuranceType","duration","1) This is mandatory field.\n2) Please select value form dropdown only."]
["TypeOfAssuranceForPrinciple5EssentialIndicators","Principle 5 – Essential Indicators","in-capmkt-types:AssuranceType","duration","1) This is mandatory field.\n2) Please select value form dropdown only."]
["TypeOfAssuranceForPrinciple5LeadershipIndicators","Principle 5 – Leadership Indicators","in-capmkt-types:AssuranceType","duration","1) This is mandatory field.\n2) Please select value form dropdown only."]
["TypeOfAssuranceForPrinciple6EssentialIndicators","Principle 6 – Essential Indicators","in-capmkt-types:AssuranceType","duration","1) This is mandatory field.\n2) Please select value form dropdown only."]
["TypeOfAssuranceForPrinciple6LeadershipIndicators","Principle 6 – Leadership Indicators","in-capmkt-types:AssuranceType","duration","1) This is mandatory field.\n2) Please select value form dropdown only."]
["TypeOfAssuranceForPrinciple7EssentialIndicators","Principle 7 – Essential Indicators","in-capmkt-types:AssuranceType","duration","1) This is mandatory field.\n2) Please select value form dropdown only."]
["TypeOfAssuranceForPrinciple7LeadershipIndicators","Principle 7 – Leadership Indicators","in-capmkt-types:AssuranceType","duration","1) This is mandatory field.\n2) Please select value form dropdown only."]
["TypeOfAssuranceForPrinciple8EssentialIndicators","Principle 8 – Essential Indicators","in-capmkt-types:AssuranceType","duration","1) This is mandatory field.\n2) Please select value form dropdown only."]
["TypeOfAssuranceForPrinciple8LeadershipIndicators","Principle 8 – Leadership Indicators","in-capmkt-types:AssuranceType","duration","1) This is mandatory field.\n2) Please select value form dropdown only."]
["TypeOfAssuranceForPrinciple9EssentialIndicators","Principle 9 – Essential Indicators","in-capmkt-types:AssuranceType","duration","1) This is mandatory field.\n2) Please select value form dropdown only."]
["TypeOfAssuranceForPrinciple9LeadershipIndicators","Principle 9 – Leadership Indicators","in-capmkt-types:AssuranceType","duration","1) This is mandatory field.\n2) Please select value form dropdown only."]
["TypeOfAssuranceForDetailsOfTheListedEntity",null,"in-capmkt-types:AssuranceType","duration"]
["TypeOfAssuranceForDetailsOfProductsOrServices",null,"in-capmkt-types:AssuranceType","duration"]
["TypeOfAssuranceForDetailsOfOperations",null,"in-capmkt-types:AssuranceType","duration"]
["TypeOfAssuranceForDetailsOfEmployees",null,"in-capmkt-types:AssuranceType","duration"]
["TypeOfAssuranceForDetailsOfHoldingSubsidiaryAndAssociateCompaniesIncludingJointVentures",null,"in-capmkt-types:AssuranceType","duration"]
["TypeOfAssuranceForDetailsOfCSR",null,"in-capmkt-types:AssuranceType","duration"]
["TypeOfAssuranceForTransparencyAndDisclosuresCompliances",null,"in-capmkt-types:AssuranceType","duration"]
["TypeOfAssuranceForPolicyAndManagementProcesses",null,"in-capmkt-types:AssuranceType","duration"]
["TypeOfAssuranceForGovernanceLeadershipAndOversight",null,"in-capmkt-types:AssuranceType","duration"]
["WhetherCorporateIdentityNumberIsAssuredByAssurer",null,"xbrli:booleanItemType","duration"]
["WhetherNameOfTheCompanyIsAssuredByAssurer",null,"xbrli:booleanItemType","duration"]
["WhetherYearOfIncorporationIsAssuredByAssurer",null,"xbrli:booleanItemType","duration"]
["WhetherAddressOfRegisteredOfficeOfCompanyIsAssuredByAssurer",null,"xbrli:booleanItemType","duration"]
["WhetherAddressOfCorporateOfficeOfCompanyIsAssuredByAssurer",null,"xbrli:booleanItemType","duration"]
["WhetherEMailOfTheCompanyIsAssuredByAssurer",null,"xbrli:booleanItemType","duration"]
["WhetherTelephoneOfCompanyIsAssuredByAssurer",null,"xbrli:booleanItemType","duration"]
["WhetherWebsiteOfCompanyIsAssuredByAssurer",null,"xbrli:booleanItemType","duration"]
["WhetherDetailsOfFinancialYearForWhichReportingIsBeingDoneIsAssuredByAssurer",null,"xbrli:booleanItemType","duration"]
["WhetherDetailsOfTheStockExchangeWhereTheCompanyIsListedIsAssuredByAssurer",null,"xbrli:booleanItemType","duration"]
["WhetherValueOfSharesPaidUpIsAssuredByAssurer",null,"xbrli:booleanItemType","duration"]
["WhetherNameAndContactDetailsOfTheContactPersonInCaseOfAnyQueriesOnTheBRSRReportIsAssuredByAssurer",null,"xbrli:booleanItemType","duration"]
["WhetherReportingBoundaryIsAssuredByAssurer",null,"xbrli:booleanItemType","duration"]
["WhetherDetailsOfBusinessActivitiesAccountingForNinetyPercentOfTheTurnoverIsAssuredByAssurer",null,"xbrli:booleanItemType","duration"]
["WhetherProductsOrServicesSoldByTheEntityAccountingForNinetyPercentOfTheTurnoverIsAssuredByAssurer",null,"xbrli:booleanItemType","duration"]
["WhetherDetailsOfNumberOfLocationsWherePlantsAndOrOperationsOrOfficesOfTheEntityAreSituatedIsAssuredByAssurer",null,"xbrli:booleanItemType","duration"]
["WhetherMarketsServedByTheEntityIsAssuredByAssurer",null,"xbrli:booleanItemType","duration"]
["WhetherDetailsOfEmployeesAsAtTheEndOfFinancialYearIsAssuredByAssurer",null,"xbrli:booleanItemType","duration"]
["WhetherParticipationOrInclusionOrRepresentationOfWomenIsAssuredByAssurer",null,"xbrli:booleanItemType","duration"]
["WhetherTurnoverRateForPermanentEmployeesAndWorkersDiscloseTrendsForPastThreeYearsIsAssuredByAssurer",null,"xbrli:booleanItemType","duration"]
["WhetherNamesOfHoldingSubsidiaryAssociateCompaniesJointVenturesIsAssuredByAssurer",null,"xbrli:booleanItemType","duration"]
["WhetherCSRIsApplicableAsPerSection135OfCompaniesAct2013IsAssuredByAssurer",null,"xbrli:booleanItemType","duration"]
["WhetherComplaintsOrGrievancesOnAnyOfThePrinciplesUnderTheNationalGuidelinesOnResponsibleBusinessConductIsAssuredByAssurer",null,"xbrli:booleanItemType","duration"]
["WhetherOverviewOfTheEntitysMaterialResponsibleBusinessConductIssuesIsAssuredByAssurer",null,"xbrli:booleanItemType","duration"]
["TypeOfAssuranceForSectionBManagementAndProcessDisclosures",null,"xbrli:booleanItemType","duration"]
["AssurerHasAssuredWhetherYourEntitysPolicyOrPoliciesCoverEachPrincipleAndItsCoreElementsOfTheNGRBCs",null,"xbrli:booleanItemType","duration"]
["AssurerHasAssuredWhetherTheEntityHasTranslatedThePolicyIntoProcedures",null,"xbrli:booleanItemType","duration"]
["AssurerHasAssuredWhetherTheEnlistedPoliciesExtendToYourValueChainPartners",null,"xbrli:booleanItemType","duration"]
["WhetherNameOfTheNationalAndInternationalCodesOrCertificationsOrLabelsOrStandardsAdoptedByYourEntityAndMappedToEachPrincipleIsAssuredByAssurer",null,"xbrli:booleanItemType","duration"]
["WhetherSpecificCommitmentsGoalsAndTargetsSetByTheEntityWithDefinedTimelinesIsAssuredByAssurer",null,"xbrli:booleanItemType","duration"]
["WhetherPerformanceOfTheEntityAgainstTheSpecificCommitmentsGoalsAndTargetsAlongWithReasonsInCaseTheSameAreNotMetIsAssuredByAssurer",null,"xbrli:booleanItemType","duration"]
["WhetherStatementByDirectorResponsibleForTheBusinessResponsibilityReportHighlightingESGRelatedChallengesTargetsAndAchievementsIsAssuredByAssurer",null,"xbrli:booleanItemType","duration"]
["WhetherDetailsOfTheHighestAuthorityResponsibleForImplementationAndOversightOfTheBusinessResponsibilityPolicyIsAssuredByAssurer",null,"xbrli:booleanItemType","duration"]
["AssurerHasAssuredWhetherTheEntityHaveASpecifiedCommitteeOfTheBoardOrDirectorResponsibleForDecisionMakingOnSustainabilityRelatedIssues",null,"xbrli:booleanItemType","duration"]
["WhetherPerformanceAgainstAbovePoliciesAndFollowUpActionIsAssuredByAssurer",null,"xbrli:booleanItemType","duration"]
["WhetherComplianceWithStatutoryRequirementsOfRelevanceToThePrinciplesAndRectificationOfAnyNonCompliancesIsAssuredByAssurer",null,"xbrli:booleanItemType","duration"]
["AssurerHasAssuredWhetherTheEntityHasCarriedOutIndependentAssessmentEvaluationOfTheWorkingOfItsPoliciesByAnExternalAgency",null,"xbrli:booleanItemType","duration"]
["WhetherReasonsIfPoliciesNotCoverEachPrincipleAndItsCoreElementsOfTheNGRBCsIsAssuredByAssurer",null,"xbrli:booleanItemType","duration"]
["TypeOfAssuranceForSectionCPrincipleWisePerformanceDisclosures",null,"xbrli:booleanItemType","duration"]
["TypeOfAssuranceForPrinciple1EssentialIndicators",null,"xbrli:booleanItemType","duration"]
["WhetherPercentageCoverageByTrainingAndAwarenessProgramsOnAnyOfThePrinciplesDuringTheFinancialYearForBODOrKMPOrEmployeeOrWorkerIsAssuredByAssurer",null,"xbrli:booleanItemType","duration"]
["WhetherDetailsOfFinesOrPenaltiesOrPunishmentOrAwardOrCompoundingFeesOrSettlementIsAssuredByAssurer",null,"xbrli:booleanItemType","duration"]
["WhetherDetailsOfTheAppealOrRevisionPreferredInCasesWhereMonetaryOrNonMonetaryActionHasBeenAppealedIsAssuredByAssurer",null,"xbrli:booleanItemType","duration"]
["WhetherDetailsAndWeblinkOfAnAntiCorruptionOrAntiBriberyPolicyIsPlaceIsAssuredByAssurer",null,"xbrli:booleanItemType","duration"]
["WhetherNumberOfDirectorsOrKMPsOrEmployeesOrWorkersAgainstWhomDisciplinaryActionWasTakenByAnyLawEnforcementAgencyForTheChargesOfBriberyOrCorruptionIsAssuredByAssurer",null,"xbrli:booleanItemType","duration"]
["WhetherDetailsOfComplaintsWithRegardToConflictOfInterestIsAssuredByAssurer",null,"xbrli:booleanItemType","duration"]
["WhetherDetailsOfAnyCorrectiveActionTakenOrUnderwayOnIssuesRelatedToFinesOrPenaltiesOrActionTakenByRegulatorsOrLawEnforcementAgenciesOrJudicialInstitutionsOnCasesOfCorruptionAndConflictsOfInterestIsAssuredByAssurer",null,"xbrli:booleanItemType","duration"]
["WhetherNumberOfDaysOfAccountsPayablesIsAssuredByAssurer",null,"xbrli:booleanItemType","duration"]
["WhetherDetailsOfConcentrationOfPurchasesAndSalesWithTradingHousesDealersAndRelatedPartiesAlongWithLoansAndAdvancesAndInvestmentsWithRelatedPartiesIsAssuredByAssurer",null,"xbrli:booleanItemType","duration"]
["TypeOfAssuranceForPrinciple1LeadershipIndicators",null,"xbrli:booleanItemType","duration"]
["WhetherAwarenessProgrammesConductedForValueChainPartnersOnAnyOfThePrinciplesDuringTheFinancialYearIsAssuredByAssurer",null,"xbrli:booleanItemType","duration"]
["WhetherTheEntityHaveProcessesInPlaceToAvoidOrManageConflictOfInterestsInvolvingMembersOfTheBoardIsAssuredByAssurer",null,"xbrli:booleanItemType","duration"]
["TypeOfAssuranceForPrinciple2EssentialIndicators",null,"xbrli:booleanItemType","duration"]
["WhetherPercentageOfRAndDAndCapitalExpenditureInvestmentsInSpecificTechnologiesIsAssuredByAssurer",null,"xbrli:booleanItemType","duration"]
["WhetherTheEntityHaveProceduresInPlaceForSustainableSourcingAndPercentageOfInputsWereSourcedSustainablyIsAssuredByAssurer",null,"xbrli:booleanItemType","duration"]
["WhetherDescribeTheProcessesInPlaceToSafelyReclaimYourProductsForReusingRecyclingAndDisposingAtTheEndOfLifeForPlasticsIncludingPackagingEWasteHazardousWasteAndOtherWasteIsAssuredByAssurer",null,"xbrli:booleanItemType","duration"]
["AssurerHasAssuredWhetherTheWasteCollectionPlanIsInLineWithTheExtendedProducerResponsibilityPlanSubmittedToPollutionControlBoardsAndStepsTakenToAddressTheWasteCollectionPlanIfNotSubmitted",null,"xbrli:booleanItemType","duration"]
["TypeOfAssuranceForPrinciple2LeadershipIndicators",null,"xbrli:booleanItemType","duration"]
["AssurerHasAssuredWhetherTheEntityConductedLifeCyclePerspectiveOrAssessmentsForAnyOfItsProductsOrForItsServices",null,"xbrli:booleanItemType","duration"]
["WhetherDetailsOfSignificantSocialOrEnvironmentalConcernsFromProductionOrDisposalOfProductOrServiceWithActionTakenToMitigateTheSameIsAssuredByAssurer",null,"xbrli:booleanItemType","duration"]
["WhetherDetailsOfPercentageOfRecycledOrReusedInputMaterialToTotalMaterialByValueUsedInProductionOrProvidingServicesIsAssuredByAssurer",null,"xbrli:booleanItemType","duration"]
["WhetherTheProductsAndPackagingReclaimedAtEndOfLifeOfProductsAmountReusedOrRecycledOrSafelyDisposedIsAssuredByAssurer",null,"xbrli:booleanItemType","duration"]
["WhetherDetailsOfReclaimedProductsAndTheirPackagingMaterialsForEachProductCategoryIsAssuredByAssurer",null,"xbrli:booleanItemType","duration"]
["TypeOfAssuranceForPrinciple3EssentialIndicators",null,"xbrli:booleanItemType","duration"]
["WhetherDetailsOfMeasuresForTheWellBeingOfEmployeesAndWorkersAndSpendingOnItIsAssuredByAssurer",null,"xbrli:booleanItemType","duration"]
["WhetherDetailsOfRetirementBenefitsIsAssuredByAssurer",null,"xbrli:booleanItemType","duration"]
["WhetherThePremisesOrOfficesOfTheEntityAccessibleToDifferentlyAbledEmployeesAndWorkersAndStepsAreBeingTakenByTheEntityIfThePremisesOrOfficesOfTheEntityNotAccessibleIsAssuredByAssurer",null,"xbrli:booleanItemType","duration"]
["AssurerHasAssuredWhetherTheEntityHaveAnEqualOpportunityPolicyAsPerTheRightsOfPersonsWithDisabilitiesAct2016",null,"xbrli:booleanItemType","duration"]
["WhetherReturnToWorkAndRetentionRatesOfPermanentEmployeesAndWorkersThatTookParentalLeaveIsAssuredByAssurer",null,"xbrli:booleanItemType","duration"]
["AssurerHasAssuredWhetherIsThereAMechanismAvailableToReceiveAndRedressGrievancesForTheFollowingCategoriesOfEmployeesAndWorker",null,"xbrli:booleanItemType","duration"]
["WhetherMembershipOfEmployeesAndWorkerInAssociationsOrUnionsRecognisedByTheListedEntityIsAssuredByAssurer",null,"xbrli:booleanItemType","duration"]
["WhetherDetailsOfTrainingGivenToEmployeesAndWorkersIsAssuredByAssurer",null,"xbrli:booleanItemType","duration"]
["WhetherDetailsOfPerformanceAndCareerDevelopmentReviewsOfEmployeesAndWorkerIsAssuredByAssurer",null,"xbrli:booleanItemType","duration"]
["WhetherHealthAndSafetyManagementSystemIsAssuredByAssurer",null,"xbrli:booleanItemType","duration"]
["WhetherDetailsOfSafetyRelatedIncidentsIsAssuredByAssurer",null,"xbrli:booleanItemType","duration"]
["WhetherMeasuresTakenByTheEntityToEnsureASafeAndHealthyWorkPlaceIsAssuredByAssurer",null,"xbrli:booleanItemType","duration"]
["WhetherDetailsOfComplaintsMadeByEmployeesAndWorkersIsAssuredByAssurerAsPerP3",null,"xbrli:booleanItemType","duration"]
["WhetherAssessmentsOfYourPlantsAndOfficesThatWereAssessedForTheYearP3IsAssuredByAssurer",null,"xbrli:booleanItemType","duration"]
["WhetherDetailsOfAnyCorrectiveActionTakenOrUnderwayToAddressSafetyRelatedIncidentsOfYourPlantsAndOfficesThatWereAssessedIsAssuredByAssurer",null,"xbrli:booleanItemType","duration"]
["TypeOfAssuranceForPrinciple3LeadershipIndicators",null,"xbrli:booleanItemType","duration"]
["AssurerHasAssuredWhetherTheEntityExtendAnyLifeInsuranceOrAnyCompensatoryPackageInTheEventOfDeathOfEmployees",null,"xbrli:booleanItemType","duration"]
["WhetherDetailsOfMeasuresUndertakenByTheEntityToEnsureThatStatutoryDuesHaveBeenDeductedAndDepositedByTheValueChainPartnersIsAssuredByAssurer",null,"xbrli:booleanItemType","duration"]
["WhetherDetailsOfNumberOfEmployeesOrWorkersHavingSufferedHighConsequenceWorkRelatedInjuryOrIllHealthOrFatalitiesWhoOrWhoseFamilyMembersAreRehabilitatedAndPlacedInSuitableEmploymentIsAssuredByAssurer",null,"xbrli:booleanItemType","duration"]
["AssurerHasAssuredWhetherTheEntityProvideTransitionAssistanceProgramsToFacilitateContinuedEmployabilityAndTheManagementOfCareerEndingsResultingFromRetirementOrTerminationOfEmployment",null,"xbrli:booleanItemType","duration"]
["WhetherDetailsOnAssessmentOfValueChainPartnersP3IsAssuredByAssurer",null,"xbrli:booleanItemType","duration"]
["WhetherDetailsOfAnyCorrectiveActionTakenOrUnderwayToAddressSafetyRelatedIncidentsOnAssessmentOfValueChainPartnersIsAssuredByAssurer",null,"xbrli:booleanItemType","duration"]
["TypeOfAssuranceForPrinciple4EssentialIndicators",null,"xbrli:booleanItemType","duration"]
["WhetherTheProcessesForIdentifyingKeyStakeholderGroupsOfTheEntityIsAssuredByAssurer",null,"xbrli:booleanItemType","duration"]
["WhetherListStakeholderGroupsIdentifiedAsKeyForYourEntityAndTheFrequencyOfEngagementWithEachStakeholderGroupIsAssuredByAssurer",null,"xbrli:booleanItemType","duration"]
["TypeOfAssuranceForPrinciple4LeadershipIndicators",null,"xbrli:booleanItemType","duration"]
["WhetherTheProcessesForConsultationBetweenStakeholdersAndTheBoardOnEconomicEnvironmentalAndSocialTopicsOrIfConsultationIsDelegatedHowIsFeedbackFromSuchConsultationsProvidedToTheBoardIsAssuredByAssurer",null,"xbrli:booleanItemType","duration"]
["AssurerHasAssuredWhetherStakeholderConsultationIsUsedToSupportTheIdentificationAndManagementOfEnvironmentalAndSocialTopics",null,"xbrli:booleanItemType","duration"]
["WhetherDetailsOfInstancesOfEngagementWithAndActionsTakenToAddressTheConcernsOfVulnerableOrMarginalizedStakeholderGroupsIsAssuredByAssurer",null,"xbrli:booleanItemType","duration"]
["TypeOfAssuranceForPrinciple5EssentialIndicators",null,"xbrli:booleanItemType","duration"]
["WhetherEmployeesAndWorkersWhoHaveBeenProvidedTrainingOnHumanRightsIssuesAndPoliciesOfTheEntityIsAssuredByAssurer",null,"xbrli:booleanItemType","duration"]
["WhetherDetailsOfMinimumWagesPaidToEmployeesAndWorkersIsAssuredByAssurer",null,"xbrli:booleanItemType","duration"]
["WhetherDetailsOfMedianOfRemunerationOrSalaryOrWagesAndWagesPaidToFemaleIsAssuredByAssurer",null,"xbrli:booleanItemType","duration"]
["AssurerHasAssuredWhetherDoYouHaveAFocalPointResponsibleForAddressingHumanRightsImpactsOrIssuesCausedOrContributedToByTheBusiness",null,"xbrli:booleanItemType","duration"]
["WhetherTheInternalMechanismsInPlaceToRedressGrievancesRelatedToHumanRightsIssuesIsAssuredByAssurer",null,"xbrli:booleanItemType","duration"]
["WhetherDetailsOfComplaintsMadeByEmployeesAndWorkersIsAssuredByAssurerAsPerP5",null,"xbrli:booleanItemType","duration"]
["WhetherComplaintsFiledUnderTheSexualHarassmentOfWomenAtWorkplaceIsAssuredByAssurer",null,"xbrli:booleanItemType","duration"]
["WhetherMechanismsToPreventAdverseConsequencesToTheComplainantInDiscriminationAndHarassmentCasesIsAssuredByAssurer",null,"xbrli:booleanItemType","duration"]
["WhetherHumanRightsRequirementsFormPartOfYourBusinessAgreementsAndContractsIsAssuredByAssurer",null,"xbrli:booleanItemType","duration"]
["WhetherAssessmentsOfYourPlantsAndOfficesThatWereAssessedForTheYearP5IsAssuredByAssurer",null,"xbrli:booleanItemType","duration"]
["WhetherDetailsOfAnyCorrectiveActionsTakenOrUnderwayToAddressSignificantRisksOrConcernsArisingFromTheAssessmentsOfPlantAndOfficeIsAssuredByAssurer",null,"xbrli:booleanItemType","duration"]
["TypeOfAssuranceForPrinciple5LeadershipIndicators",null,"xbrli:booleanItemType","duration"]
["WhetherDetailsOfABusinessProcessBeingModifiedOrIntroducedAsAResultOfAddressingHumanRightsGrievancesOrComplaintsIsAssuredByAssurer",null,"xbrli:booleanItemType","duration"]
["WhetherDetailsOfTheScopeAndCoverageOfAnyHumanRightsDueDiligenceConductedIsAssuredByAssurer",null,"xbrli:booleanItemType","duration"]
["AssurerHasAssuredWhetherThePremiseOrOfficeOfTheEntityAccessibleToDifferentlyAbledVisitorsAsPerTheRequirementsOfTheRightsOfPersonsWithDisabilitiesAct2016",null,"xbrli:booleanItemType","duration"]
["WhetherDetailsOnAssessmentOfValueChainPartnersP5IsAssuredByAssurer",null,"xbrli:booleanItemType","duration"]
["WhetherDetailsOfAnyCorrectiveActionsTakenOrUnderwayToAddressSignificantRisksOrConcernsArisingFromTheAssessmentsOfValueChainPartnerIsAssuredByAssurer",null,"xbrli:booleanItemType","duration"]
["TypeOfAssuranceForPrinciple6EssentialIndicators",null,"xbrli:booleanItemType","duration"]
["WhetherDetailsOfTotalEnergyConsumptionInJoulesOrMultiplesAndEnergyIntensityIsAssuredByAssurer",null,"xbrli:booleanItemType","duration"]
["AssurerHasAssuredWhetherTheEntityHaveAnySitesOrFacilitiesIdentifiedAsDesignatedConsumersUnderThePerformanceAchieveAndTradeSchemeOfTheGovernmentOfIndia",null,"xbrli:booleanItemType","duration"]
["WhetherDetailsOfTheDisclosuresRelatedToWaterWithdrawalIsAssuredByAssurer",null,"xbrli:booleanItemType","duration"]
["WhetherDetailsOfTheDisclosuresRelatedToWaterDischargedIsAssuredByAssurer",null,"xbrli:booleanItemType","duration"]
["WhetherTheEntityImplementedAMechanismForZeroLiquidDischargeIsAssuredByAssurer",null,"xbrli:booleanItemType","duration"]
["WhetherDetailsOfAirEmissionsOtherThanGhgEmissionsByTheEntityIsAssuredByAssurer",null,"xbrli:booleanItemType","duration"]
["WhetherDetailsOfGreenHouseGasEmissionsAndItsIntensityIsAssuredByAssurer",null,"xbrli:booleanItemType","duration"]
["AssurerHasAssuredWhetherTheEntityHaveAnyProjectRelatedToReducingGreenHouseGasEmission",null,"xbrli:booleanItemType","duration"]
["WhetherDetailsRelatedToWasteManagementByTheEntityIsAssuredByAssurer",null,"xbrli:booleanItemType","duration"]
["WhetherDetailsOfWasteManagementPracticesAdoptedInYourEstablishmentsAndTheStrategyAdoptedByCompanyToReduceUsageOfHazardousAndToxicChemicalsIsAssuredByAssurer",null,"xbrli:booleanItemType","duration"]
["WhetherDetailsOfOperationsOrOfficesInOrAroundEcologicallySensitiveAreasWhereEnvironmentalApprovalsOrClearancesAreRequiredIsAssuredByAssurer",null,"xbrli:booleanItemType","duration"]
["WhetherDetailsOfEnvironmentalImpactAssessmentsOfProjectsUndertakenByTheEntityBasedOnApplicableLawsIsAssuredByAssurer",null,"xbrli:booleanItemType","duration"]
["AssurerHasAssuredWhetherTheEntityCompliantWithTheApplicableEnvironmentalLaw",null,"xbrli:booleanItemType","duration"]
["TypeOfAssuranceForPrinciple6LeadershipIndicators",null,"xbrli:booleanItemType","duration"]
["WhetherWaterWithdrawalOrConsumptionAndDischargeInAreasOfWaterStressInKilolitresIsAssuredByAssurer",null,"xbrli:booleanItemType","duration"]
["WhetherDetailsOfTotalScope3EmissionsAndItsIntensityIsAssuredByAssurer",null,"xbrli:booleanItemType","duration"]
["WhetherDetailsOfSignificantDirectAndIndirectImpactOfTheEntityOnBiodiversityInSuchAreasAlongWithPreventionAndRemediationActivitiesIsAssuredByAssurer",null,"xbrli:booleanItemType","duration"]
["WhetherTheEntityHasUndertakenAnySpecificInitiativesOrUsedInnovativeTechnologyOrSolutionsToImproveResourceEfficiencyIsAssuredByAssurer",null,"xbrli:booleanItemType","duration"]
["AssurerHasAssuredWhetherTheEntityHaveABusinessContinuityAndDisasterManagementPlan",null,"xbrli:booleanItemType","duration"]
["WhetherDiscloseAnySignificantAdverseImpactToTheEnvironmentArisingFromTheValueChainOfTheEntityWhatMitigationOrAdaptationMeasuresHaveBeenTakenByTheEntityInThisRegardIsAssuredByAssurer",null,"xbrli:booleanItemType","duration"]
["WhetherPercentageOfValueChainPartnersByValueOfBusinessDoneWithSuchPartnersThatWereAssessedForEnvironmentalImpactsIsAssuredByAssurer",null,"xbrli:booleanItemType","duration"]
["TypeOfAssuranceForPrinciple7EssentialIndicators",null,"xbrli:booleanItemType","duration"]
["WhetherTheEntityIsAMemberOfOrAffiliatedToTradeAndIndustryChambersOrAssociationsDeterminedBasedOnTheTotalMembersOfSuchBodyIsAssuredByAssurer",null,"xbrli:booleanItemType","duration"]
["WhetherDetailsOfCorrectiveActionTakenOrUnderwayOnAnyIssuesRelatedToAntiCompetitiveConductByTheEntityBasedOnAdverseOrdersFromRegulatoryAuthoritiesIsAssuredByAssurer",null,"xbrli:booleanItemType","duration"]
["TypeOfAssuranceForPrinciple7LeadershipIndicators",null,"xbrli:booleanItemType","duration"]
["WhetherDetailsOfPublicPolicyPositionsAdvocatedByTheEntityIsAssuredByAssurer",null,"xbrli:booleanItemType","duration"]
["TypeOfAssuranceForPrinciple8EssentialIndicators",null,"xbrli:booleanItemType","duration"]
["WhetherDetailsOfSocialImpactAssessmentsOfProjectsUndertakenByTheEntityBasedOnApplicableLawsIsAssuredByAssurer",null,"xbrli:booleanItemType","duration"]
["WhetherDetailsOfProjectsForWhichOngoingRehabilitationAndResettlementIsBeingUndertakenByEntityIsAssuredByAssurer",null,"xbrli:booleanItemType","duration"]
["WhetherDescribeTheMechanismsToReceiveAndRedressGrievancesOfTheCommunityIsAssuredByAssurer",null,"xbrli:booleanItemType","duration"]
["WhetherPercentageOfInputMaterialInputsToTotalInputsByValueSourcedFromSuppliersIsAssuredByAssurer",null,"xbrli:booleanItemType","duration"]
["WhetherJobCreationInSmallerTownsDiscloseWagesPaidToPersonsEmployedIncludingEmployeesOrWorkersEmployedOnAPermanentOrNonPermanentOrOnContractBasisIsAssuredByAssurer",null,"xbrli:booleanItemType","duration"]
["TypeOfAssuranceForPrinciple8LeadershipIndicators",null,"xbrli:booleanItemType","duration"]
["WhetherDetailsOfActionsTakenToMitigateAnyNegativeSocialImpactsIdentifiedInTheSocialImpactAssessmentsIsAssuredByAssurer",null,"xbrli:booleanItemType","duration"]
["WhetherDetailsOfCSRProjectsUndertakenInDesignatedAspirationalDistrictsAsIdentifiedByGovernmentBodiesIsAssuredByAssurer",null,"xbrli:booleanItemType","duration"]
["WhetherAPreferentialProcurementPolicyWherePreferenceToPurchaseFromSuppliersComprisingMarginalizedOrVulnerableGroupsAndItsPercentageOfTotalProcurementByValueDoesItConstituteIsAssuredByAssurer",null,"xbrli:booleanItemType","duration"]
["WhetherDetailsOfTheBenefitsDerivedAndSharedFromTheIntellectualPropertiesOwnedOrAcquiredIsAssuredByAssurer",null,"xbrli:booleanItemType","duration"]
["WhetherDetailsOfCorrectiveActionsTakenOrUnderwayBasedOnAnyAdverseOrderInIntellectualPropertyRelatedDisputesWhereinUsageOfTraditionalKnowledgeIsInvolvedIsAssuredByAssurer",null,"xbrli:booleanItemType","duration"]
["WhetherDetailsOfBeneficiariesOfCSRProjectsIsAssuredByAssurer",null,"xbrli:booleanItemType","duration"]
["TypeOfAssuranceForPrinciple9EssentialIndicators",null,"xbrli:booleanItemType","duration"]
["WhetherTheMechanismsInPlaceToReceiveAndRespondToConsumerComplaintsAndFeedbackIsAssuredByAssurer",null,"xbrli:booleanItemType","duration"]
["WhetherTurnoverOfProductsAndOrServicesAsAPercentageOfTurnoverFromAllProductsOrServiceThatCarryInformationAboutAsAPercentageToTotalTurnoverIsAssuredByAssurer",null,"xbrli:booleanItemType","duration"]
["WhetherDetailsOfNumberOfConsumerComplaintsP9IsAssuredByAssurer",null,"xbrli:booleanItemType","duration"]
["WhetherDetailsOfInstancesOfProductRecallsOnAccountOfSafetyIssuesIsAssuredByAssurer",null,"xbrli:booleanItemType","duration"]
["AssurerHasAssuredWhetherTheEntityHaveAFrameworkOrPolicyOnCyberSecurityAndRisksRelatedToDataPrivacy",null,"xbrli:booleanItemType","duration"]
["WhetherDetailsOfAnyCorrectiveActionsTakenOrUnderwayOnIssuesRelatingToAdvertisingAndDeliveryOfEssentialServicesOrCyberSecurityAndDataPrivacyOrRecallsOrPenaltyOrActionTakenByRegulatoryAuthoritiesOnSafetyOfProductsOrServicesIsAssuredByAssurer",null,"xbrli:booleanItemType","duration"]
["WhetherDataBreachesInformationLikeNumberOfInstancesOfDataBreachesAlongWithImpactAndPercentageOfDataBreachesInvolvingPersonallyIdentifiableInformationOfCustomersIsAssuredByAssurer",null,"xbrli:booleanItemType","duration"]
["TypeOfAssuranceForPrinciple9LeadershipIndicators",null,"xbrli:booleanItemType","duration"]
["WhetherWeblinkWhereInformationOnProductsAndServicesOfTheEntityCanBeAccessedIsAssuredByAssurer",null,"xbrli:booleanItemType","duration"]
["WhetherStepsTakenToInformAndEducateConsumersAboutSafeAndResponsibleUsageOfProductsAndOrServicesIsAssuredByAssurer",null,"xbrli:booleanItemType","duration"]
["WhetherMechanismsInPlaceToInformConsumersOfAnyRiskOfDisruptionOrDiscontinuationOfEssentialServicesIsAssuredByAssurer",null,"xbrli:booleanItemType","duration"]
["AssurerHasAssuredWhetherTheEntityDisplayProductInformationOnTheProductOverAndAboveWhatIsMandatedAsPerLocalLaws",null,"xbrli:booleanItemType","duration"]
["AssuranceSubTypeForCorporateIdentityNumber",null,"in-capmkt-types:AssuranceSubType","duration"]
["AssuranceSubTypeForNameOfTheCompany",null,"in-capmkt-types:AssuranceSubType","duration"]
["AssuranceSubTypeForYearOfIncorporation",null,"in-capmkt-types:AssuranceSubType","duration"]
["AssuranceSubTypeForAddressOfRegisteredOfficeOfCompany",null,"in-capmkt-types:AssuranceSubType","duration"]
["AssuranceSubTypeForAddressOfCorporateOfficeOfCompany",null,"in-capmkt-types:AssuranceSubType","duration"]
["AssuranceSubTypeForEMailOfTheCompany",null,"in-capmkt-types:AssuranceSubType","duration"]
["AssuranceSubTypeForTelephoneOfCompany",null,"in-capmkt-types:AssuranceSubType","duration"]
["AssuranceSubTypeForWebsiteOfCompany",null,"in-capmkt-types:AssuranceSubType","duration"]
["AssuranceSubTypeForDetailsOfFinancialYearForWhichReportingIsBeingDone",null,"in-capmkt-types:AssuranceSubType","duration"]
["AssuranceSubTypeForDetailsOfTheStockExchangeWhereTheCompanyIsListed",null,"in-capmkt-types:AssuranceSubType","duration"]
["AssuranceSubTypeForValueOfSharesPaidUp",null,"in-capmkt-types:AssuranceSubType","duration"]
["AssuranceSubTypeForNameAndContactDetailsOfTheContactPersonInCaseOfAnyQueriesOnTheBRSRReport",null,"in-capmkt-types:AssuranceSubType","duration"]
["AssuranceSubTypeForReportingBoundary",null,"in-capmkt-types:AssuranceSubType","duration"]
["AssuranceSubTypeForDetailsOfBusinessActivitiesAccountingForNinetyPercentOfTheTurnover",null,"in-capmkt-types:AssuranceSubType","duration"]
["AssuranceSubTypeForProductsOrServicesSoldByTheEntityAccountingForNinetyPercentOfTheTurnover",null,"in-capmkt-types:AssuranceSubType","duration"]
["AssuranceSubTypeForDetailsOfNumberOfLocationsWherePlantsAndOrOperationsOrOfficesOfTheEntityAreSituated",null,"in-capmkt-types:AssuranceSubType","duration"]
["AssuranceSubTypeForMarketsServedByTheEntity",null,"in-capmkt-types:AssuranceSubType","duration"]
["AssuranceSubTypeForDetailsOfEmployeesAsAtTheEndOfFinancialYear",null,"in-capmkt-types:AssuranceSubType","duration"]
["AssuranceSubTypeForParticipationOrInclusionOrRepresentationOfWomen",null,"in-capmkt-types:AssuranceSubType","duration"]
["AssuranceSubTypeForTurnoverRateForPermanentEmployeesAndWorkersDiscloseTrendsForPastThreeYears",null,"in-capmkt-types:AssuranceSubType","duration"]
["AssuranceSubTypeForNamesOfHoldingSubsidiaryAssociateCompaniesJointVentures",null,"in-capmkt-types:AssuranceSubType","duration"]
["AssuranceSubTypeForWhetherCSRIsApplicableAsPerSection135OfCompaniesAct2013",null,"in-capmkt-types:AssuranceSubType","duration"]
["AssuranceSubTypeForComplaintsOrGrievancesOnAnyOfThePrinciplesUnderTheNationalGuidelinesOnResponsibleBusinessConduct",null,"in-capmkt-types:AssuranceSubType","duration"]
["AssuranceSubTypeForOverviewOfTheEntitysMaterialResponsibleBusinessConductIssues",null,"in-capmkt-types:AssuranceSubType","duration"]
["AssuranceSubTypeForWhetherYourEntitysPolicyOrPoliciesCoverEachPrincipleAndItsCoreElementsOfTheNGRBCs",null,"in-capmkt-types:AssuranceSubType","duration"]
["AssuranceSubTypeForWhetherTheEntityHasTranslatedThePolicyIntoProcedures",null,"in-capmkt-types:AssuranceSubType","duration"]
["AssuranceSubTypeForWhetherTheEnlistedPoliciesExtendToYourValueChainPartners",null,"in-capmkt-types:AssuranceSubType","duration"]
["AssuranceSubTypeForNameOfTheNationalAndInternationalCodesOrCertificationsOrLabelsOrStandardsAdoptedByYourEntityAndMappedToEachPrinciple",null,"in-capmkt-types:AssuranceSubType","duration"]
["AssuranceSubTypeForSpecificCommitmentsGoalsAndTargetsSetByTheEntityWithDefinedTimelines",null,"in-capmkt-types:AssuranceSubType","duration"]
["AssuranceSubTypeForPerformanceOfTheEntityAgainstTheSpecificCommitmentsGoalsAndTargetsAlongWithReasonsInCaseTheSameAreNotMet",null,"in-capmkt-types:AssuranceSubType","duration"]
["AssuranceSubTypeForStatementByDirectorResponsibleForTheBusinessResponsibilityReportHighlightingESGRelatedChallengesTargetsAndAchievements",null,"in-capmkt-types:AssuranceSubType","duration"]
["AssuranceSubTypeForDetailsOfTheHighestAuthorityResponsibleForImplementationAndOversightOfTheBusinessResponsibilityPolicy",null,"in-capmkt-types:AssuranceSubType","duration"]
["AssuranceSubTypeForWhetherTheEntityHaveASpecifiedCommitteeOfTheBoardOrDirectorResponsibleForDecisionMakingOnSustainabilityRelatedIssues",null,"in-capmkt-types:AssuranceSubType","duration"]
["AssuranceSubTypeForPerformanceAgainstAbovePoliciesAndFollowUpAction",null,"in-capmkt-types:AssuranceSubType","duration"]
["AssuranceSubTypeForComplianceWithStatutoryRequirementsOfRelevanceToThePrinciplesAndRectificationOfAnyNonCompliances",null,"in-capmkt-types:AssuranceSubType","duration"]
["AssuranceSubTypeForWhetherTheEntityHasCarriedOutIndependentAssessmentEvaluationOfTheWorkingOfItsPoliciesByAnExternalAgency",null,"in-capmkt-types:AssuranceSubType","duration"]
["AssuranceSubTypeForReasonsIfPoliciesNotCoverEachPrincipleAndItsCoreElementsOfTheNGRBCs",null,"in-capmkt-types:AssuranceSubType","duration"]
["AssuranceSubTypeForPercentageCoverageByTrainingAndAwarenessProgramsOnAnyOfThePrinciplesDuringTheFinancialYearForBODOrKMPOrEmployeeOrWorker",null,"in-capmkt-types:AssuranceSubType","duration"]
["AssuranceSubTypeForDetailsOfFinesOrPenaltiesOrPunishmentOrAwardOrCompoundingFeesOrSettlement",null,"in-capmkt-types:AssuranceSubType","duration"]
["AssuranceSubTypeForDetailsOfTheAppealOrRevisionPreferredInCasesWhereMonetaryOrNonMonetaryActionHasBeenAppealed",null,"in-capmkt-types:AssuranceSubType","duration"]
["AssuranceSubTypeForDetailsAndWeblinkOfAnAntiCorruptionOrAntiBriberyPolicyIsPlace",null,"in-capmkt-types:AssuranceSubType","duration"]
["AssuranceSubTypeForNumberOfDirectorsOrKMPsOrEmployeesOrWorkersAgainstWhomDisciplinaryActionWasTakenByAnyLawEnforcementAgencyForTheChargesOfBriberyOrCorruption",null,"in-capmkt-types:AssuranceSubType","duration"]
["AssuranceSubTypeForDetailsOfComplaintsWithRegardToConflictOfInterest",null,"in-capmkt-types:AssuranceSubType","duration"]
["AssuranceSubTypeForDetailsOfAnyCorrectiveActionTakenOrUnderwayOnIssuesRelatedToFinesOrPenaltiesOrActionTakenByRegulatorsOrLawEnforcementAgenciesOrJudicialInstitutionsOnCasesOfCorruptionAndConflictsOfInterest",null,"in-capmkt-types:AssuranceSubType","duration"]
["AssuranceSubTypeForNumberOfDaysOfAccountsPayables",null,"in-capmkt-types:AssuranceSubType","duration"]
["AssuranceSubTypeForDetailsOfConcentrationOfPurchasesAndSalesWithTradingHousesDealersAndRelatedPartiesAlongWithLoansAndAdvancesAndInvestmentsWithRelatedParties",null,"in-capmkt-types:AssuranceSubType","duration"]
["AssuranceSubTypeForAwarenessProgrammesConductedForValueChainPartnersOnAnyOfThePrinciplesDuringTheFinancialYear",null,"in-capmkt-types:AssuranceSubType","duration"]
["AssuranceSubTypeForTheEntityHaveProcessesInPlaceToAvoidOrManageConflictOfInterestsInvolvingMembersOfTheBoard",null,"in-capmkt-types:AssuranceSubType","duration"]
["AssuranceSubTypeForPercentageOfRAndDAndCapitalExpenditureInvestmentsInSpecificTechnologies",null,"in-capmkt-types:AssuranceSubType","duration"]
["AssuranceSubTypeForTheEntityHaveProceduresInPlaceForSustainableSourcingAndPercentageOfInputsWereSourcedSustainably",null,"in-capmkt-types:AssuranceSubType","duration"]
["AssuranceSubTypeForDescribeTheProcessesInPlaceToSafelyReclaimYourProductsForReusingRecyclingAndDisposingAtTheEndOfLifeForPlasticsIncludingPackagingEWasteHazardousWasteAndOtherWaste",null,"in-capmkt-types:AssuranceSubType","duration"]
["AssuranceSubTypeForWhetherTheWasteCollectionPlanIsInLineWithTheExtendedProducerResponsibilityPlanSubmittedToPollutionControlBoardsAndStepsTakenToAddressTheWasteCollectionPlanIfNotSubmitted",null,"in-capmkt-types:AssuranceSubType","duration"]
["AssuranceSubTypeForWhetherTheEntityConductedLifeCyclePerspectiveOrAssessmentsForAnyOfItsProductsOrForItsServices",null,"in-capmkt-types:AssuranceSubType","duration"]
["AssuranceSubTypeForDetailsOfSignificantSocialOrEnvironmentalConcernsFromProductionOrDisposalOfProductOrServiceWithActionTakenToMitigateTheSame",null,"in-capmkt-types:AssuranceSubType","duration"]
["AssuranceSubTypeForDetailsOfPercentageOfRecycledOrReusedInputMaterialToTotalMaterialByValueUsedInProductionOrProvidingServices",null,"in-capmkt-types:AssuranceSubType","duration"]
["AssuranceSubTypeForTheProductsAndPackagingReclaimedAtEndOfLifeOfProductsAmountReusedOrRecycledOrSafelyDisposed",null,"in-capmkt-types:AssuranceSubType","duration"]
["AssuranceSubTypeForDetailsOfReclaimedProductsAndTheirPackagingMaterialsForEachProductCategory",null,"in-capmkt-types:AssuranceSubType","duration"]
["AssuranceSubTypeForDetailsOfMeasuresForTheWellBeingOfEmployeesAndWorkersAndSpendingOnIt",null,"in-capmkt-types:AssuranceSubType","duration"]
["AssuranceSubTypeForDetailsOfRetirementBenefits",null,"in-capmkt-types:AssuranceSubType","duration"]
["AssuranceSubTypeForThePremisesOrOfficesOfTheEntityAccessibleToDifferentlyAbledEmployeesAndWorkersAndStepsAreBeingTakenByTheEntityIfThePremisesOrOfficesOfTheEntityNotAccessible",null,"in-capmkt-types:AssuranceSubType","duration"]
["AssuranceSubTypeForWhetherTheEntityHaveAnEqualOpportunityPolicyAsPerTheRightsOfPersonsWithDisabilitiesAct2016",null,"in-capmkt-types:AssuranceSubType","duration"]
["AssuranceSubTypeForReturnToWorkAndRetentionRatesOfPermanentEmployeesAndWorkersThatTookParentalLeave",null,"in-capmkt-types:AssuranceSubType","duration"]
["AssuranceSubTypeForWhetherIsThereAMechanismAvailableToReceiveAndRedressGrievancesForTheFollowingCategoriesOfEmployeesAndWorker",null,"in-capmkt-types:AssuranceSubType","duration"]
["AssuranceSubTypeForMembershipOfEmployeesAndWorkerInAssociationsOrUnionsRecognisedByTheListedEntity",null,"in-capmkt-types:AssuranceSubType","duration"]
["AssuranceSubTypeForDetailsOfTrainingGivenToEmployeesAndWorkers",null,"in-capmkt-types:AssuranceSubType","duration"]
["AssuranceSubTypeForDetailsOfPerformanceAndCareerDevelopmentReviewsOfEmployeesAndWorker",null,"in-capmkt-types:AssuranceSubType","duration"]
["AssuranceSubTypeForHealthAndSafetyManagementSystem",null,"in-capmkt-types:AssuranceSubType","duration"]
["AssuranceSubTypeForDetailsOfSafetyRelatedIncidents",null,"in-capmkt-types:AssuranceSubType","duration"]
["AssuranceSubTypeForMeasuresTakenByTheEntityToEnsureASafeAndHealthyWorkPlace",null,"in-capmkt-types:AssuranceSubType","duration"]
["AssuranceSubTypeForDetailsOfComplaintsMadeByEmployeesAndWorkersAsPerP3",null,"in-capmkt-types:AssuranceSubType","duration"]
["AssuranceSubTypeForAssessmentsOfYourPlantsAndOfficesThatWereAssessedForTheYearP3",null,"in-capmkt-types:AssuranceSubType","duration"]
["AssuranceSubTypeForDetailsOfAnyCorrectiveActionTakenOrUnderwayToAddressSafetyRelatedIncidentsOfYourPlantsAndOfficesThatWereAssessed",null,"in-capmkt-types:AssuranceSubType","duration"]
["AssuranceSubTypeForWhetherTheEntityExtendAnyLifeInsuranceOrAnyCompensatoryPackageInTheEventOfDeathOfEmployees",null,"in-capmkt-types:AssuranceSubType","duration"]
["AssuranceSubTypeForDetailsOfMeasuresUndertakenByTheEntityToEnsureThatStatutoryDuesHaveBeenDeductedAndDepositedByTheValueChainPartners",null,"in-capmkt-types:AssuranceSubType","duration"]
["AssuranceSubTypeForDetailsOfNumberOfEmployeesOrWorkersHavingSufferedHighConsequenceWorkRelatedInjuryOrIllHealthOrFatalitiesWhoOrWhoseFamilyMembersAreRehabilitatedAndPlacedInSuitableEmployment",null,"in-capmkt-types:AssuranceSubType","duration"]
["AssuranceSubTypeForWhetherTheEntityProvideTransitionAssistanceProgramsToFacilitateContinuedEmployabilityAndTheManagementOfCareerEndingsResultingFromRetirementOrTerminationOfEmployment",null,"in-capmkt-types:AssuranceSubType","duration"]
["AssuranceSubTypeForDetailsOnAssessmentOfValueChainPartnersP3",null,"in-capmkt-types:AssuranceSubType","duration"]
["AssuranceSubTypeForDetailsOfAnyCorrectiveActionTakenOrUnderwayToAddressSafetyRelatedIncidentsOnAssessmentOfValueChainPartners",null,"in-capmkt-types:AssuranceSubType","duration"]
["AssuranceSubTypeForTheProcessesForIdentifyingKeyStakeholderGroupsOfTheEntity",null,"in-capmkt-types:AssuranceSubType","duration"]
["AssuranceSubTypeForListStakeholderGroupsIdentifiedAsKeyForYourEntityAndTheFrequencyOfEngagementWithEachStakeholderGroup",null,"in-capmkt-types:AssuranceSubType","duration"]
["AssuranceSubTypeForTheProcessesForConsultationBetweenStakeholdersAndTheBoardOnEconomicEnvironmentalAndSocialTopicsOrIfConsultationIsDelegatedHowIsFeedbackFromSuchConsultationsProvidedToTheBoard",null,"in-capmkt-types:AssuranceSubType","duration"]
["AssuranceSubTypeForWhetherStakeholderConsultationIsUsedToSupportTheIdentificationAndManagementOfEnvironmentalAndSocialTopics",null,"in-capmkt-types:AssuranceSubType","duration"]
["AssuranceSubTypeForDetailsOfInstancesOfEngagementWithAndActionsTakenToAddressTheConcernsOfVulnerableOrMarginalizedStakeholderGroups",null,"in-capmkt-types:AssuranceSubType","duration"]
["AssuranceSubTypeForEmployeesAndWorkersWhoHaveBeenProvidedTrainingOnHumanRightsIssuesAndPoliciesOfTheEntity",null,"in-capmkt-types:AssuranceSubType","duration"]
["AssuranceSubTypeForDetailsOfMinimumWagesPaidToEmployeesAndWorkers",null,"in-capmkt-types:AssuranceSubType","duration"]
["AssuranceSubTypeForDetailsOfMedianOfRemunerationOrSalaryOrWagesAndWagesPaidToFemale",null,"in-capmkt-types:AssuranceSubType","duration"]
["AssuranceSubTypeForWhetherDoYouHaveAFocalPointResponsibleForAddressingHumanRightsImpactsOrIssuesCausedOrContributedToByTheBusiness",null,"in-capmkt-types:AssuranceSubType","duration"]
["AssuranceSubTypeForTheInternalMechanismsInPlaceToRedressGrievancesRelatedToHumanRightsIssues",null,"in-capmkt-types:AssuranceSubType","duration"]
["AssuranceSubTypeForDetailsOfComplaintsMadeByEmployeesAndWorkersAsPerP5",null,"in-capmkt-types:AssuranceSubType","duration"]
["AssuranceSubTypeForComplaintsFiledUnderTheSexualHarassmentOfWomenAtWorkplace",null,"in-capmkt-types:AssuranceSubType","duration"]
["AssuranceSubTypeForMechanismsToPreventAdverseConsequencesToTheComplainantInDiscriminationAndHarassmentCases",null,"in-capmkt-types:AssuranceSubType","duration"]
["AssuranceSubTypeForHumanRightsRequirementsFormPartOfYourBusinessAgreementsAndContracts",null,"in-capmkt-types:AssuranceSubType","duration"]
["AssuranceSubTypeForAssessmentsOfYourPlantsAndOfficesThatWereAssessedForTheYearP5",null,"in-capmkt-types:AssuranceSubType","duration"]
["AssuranceSubTypeForDetailsOfAnyCorrectiveActionsTakenOrUnderwayToAddressSignificantRisksOrConcernsArisingFromTheAssessmentsOfPlantAndOffice",null,"in-capmkt-types:AssuranceSubType","duration"]
["AssuranceSubTypeForDetailsOfABusinessProcessBeingModifiedOrIntroducedAsAResultOfAddressingHumanRightsGrievancesOrComplaints",null,"in-capmkt-types:AssuranceSubType","duration"]
["AssuranceSubTypeForDetailsOfTheScopeAndCoverageOfAnyHumanRightsDueDiligenceConducted",null,"in-capmkt-types:AssuranceSubType","duration"]
["AssuranceSubTypeForWhetherThePremiseOrOfficeOfTheEntityAccessibleToDifferentlyAbledVisitorsAsPerTheRequirementsOfTheRightsOfPersonsWithDisabilitiesAct2016",null,"in-capmkt-types:AssuranceSubType","duration"]
["AssuranceSubTypeForDetailsOnAssessmentOfValueChainPartnersP5",null,"in-capmkt-types:AssuranceSubType","duration"]
["AssuranceSubTypeForDetailsOfAnyCorrectiveActionsTakenOrUnderwayToAddressSignificantRisksOrConcernsArisingFromTheAssessmentsOfValueChainPartner",null,"in-capmkt-types:AssuranceSubType","duration"]
["AssuranceSubTypeForDetailsOfTotalEnergyConsumptionInJoulesOrMultiplesAndEnergyIntensity",null,"in-capmkt-types:AssuranceSubType","duration"]
["AssuranceSubTypeForWhetherTheEntityHaveAnySitesOrFacilitiesIdentifiedAsDesignatedConsumersUnderThePerformanceAchieveAndTradeSchemeOfTheGovernmentOfIndia",null,"in-capmkt-types:AssuranceSubType","duration"]
["AssuranceSubTypeForDetailsOfTheDisclosuresRelatedToWaterWithdrawal",null,"in-capmkt-types:AssuranceSubType","duration"]
["AssuranceSubTypeForDetailsOfTheDisclosuresRelatedToWaterDischarged",null,"in-capmkt-types:AssuranceSubType","duration"]
["AssuranceSubTypeForTheEntityImplementedAMechanismForZeroLiquidDischarge",null,"in-capmkt-types:AssuranceSubType","duration"]
["AssuranceSubTypeForDetailsOfAirEmissionsOtherThanGhgEmissionsByTheEntity",null,"in-capmkt-types:AssuranceSubType","duration"]
["AssuranceSubTypeForDetailsOfGreenHouseGasEmissionsAndItsIntensity",null,"in-capmkt-types:AssuranceSubType","duration"]
["AssuranceSubTypeForWhetherTheEntityHaveAnyProjectRelatedToReducingGreenHouseGasEmission",null,"in-capmkt-types:AssuranceSubType","duration"]
["AssuranceSubTypeForDetailsRelatedToWasteManagementByTheEntity",null,"in-capmkt-types:AssuranceSubType","duration"]
["AssuranceSubTypeForDetailsOfWasteManagementPracticesAdoptedInYourEstablishmentsAndTheStrategyAdoptedByCompanyToReduceUsageOfHazardousAndToxicChemicals",null,"in-capmkt-types:AssuranceSubType","duration"]
["AssuranceSubTypeForDetailsOfOperationsOrOfficesInOrAroundEcologicallySensitiveAreasWhereEnvironmentalApprovalsOrClearancesAreRequired",null,"in-capmkt-types:AssuranceSubType","duration"]
["AssuranceSubTypeForDetailsOfEnvironmentalImpactAssessmentsOfProjectsUndertakenByTheEntityBasedOnApplicableLaws",null,"in-capmkt-types:AssuranceSubType","duration"]
["AssuranceSubTypeForWhetherTheEntityCompliantWithTheApplicableEnvironmentalLaw",null,"in-capmkt-types:AssuranceSubType","duration"]
["AssuranceSubTypeForWaterWithdrawalOrConsumptionAndDischargeInAreasOfWaterStressInKilolitres",null,"in-capmkt-types:AssuranceSubType","duration"]
["AssuranceSubTypeForDetailsOfTotalScope3EmissionsAndItsIntensity",null,"in-capmkt-types:AssuranceSubType","duration"]
["AssuranceSubTypeForDetailsOfSignificantDirectAndIndirectImpactOfTheEntityOnBiodiversityInSuchAreasAlongWithPreventionAndRemediationActivities",null,"in-capmkt-types:AssuranceSubType","duration"]
["AssuranceSubTypeForTheEntityHasUndertakenAnySpecificInitiativesOrUsedInnovativeTechnologyOrSolutionsToImproveResourceEfficiency",null,"in-capmkt-types:AssuranceSubType","duration"]
["AssuranceSubTypeForWhetherTheEntityHaveABusinessContinuityAndDisasterManagementPlan",null,"in-capmkt-types:AssuranceSubType","duration"]
["AssuranceSubTypeForDiscloseAnySignificantAdverseImpactToTheEnvironmentArisingFromTheValueChainOfTheEntityWhatMitigationOrAdaptationMeasuresHaveBeenTakenByTheEntityInThisRegard",null,"in-capmkt-types:AssuranceSubType","duration"]
["AssuranceSubTypeForPercentageOfValueChainPartnersByValueOfBusinessDoneWithSuchPartnersThatWereAssessedForEnvironmentalImpacts",null,"in-capmkt-types:AssuranceSubType","duration"]
["AssuranceSubTypeForTheEntityIsAMemberOfOrAffiliatedToTradeAndIndustryChambersOrAssociationsDeterminedBasedOnTheTotalMembersOfSuchBody",null,"in-capmkt-types:AssuranceSubType","duration"]
["AssuranceSubTypeForDetailsOfCorrectiveActionTakenOrUnderwayOnAnyIssuesRelatedToAntiCompetitiveConductByTheEntityBasedOnAdverseOrdersFromRegulatoryAuthorities",null,"in-capmkt-types:AssuranceSubType","duration"]
["AssuranceSubTypeForDetailsOfPublicPolicyPositionsAdvocatedByTheEntity",null,"in-capmkt-types:AssuranceSubType","duration"]
["AssuranceSubTypeForDetailsOfSocialImpactAssessmentsOfProjectsUndertakenByTheEntityBasedOnApplicableLaws",null,"in-capmkt-types:AssuranceSubType","duration"]
["AssuranceSubTypeForDetailsOfProjectsForWhichOngoingRehabilitationAndResettlementIsBeingUndertakenByEntity",null,"in-capmkt-types:AssuranceSubType","duration"]
["AssuranceSubTypeForDescribeTheMechanismsToReceiveAndRedressGrievancesOfTheCommunity",null,"in-capmkt-types:AssuranceSubType","duration"]
["AssuranceSubTypeForPercentageOfInputMaterialInputsToTotalInputsByValueSourcedFromSuppliers",null,"in-capmkt-types:AssuranceSubType","duration"]
["AssuranceSubTypeForJobCreationInSmallerTownsDiscloseWagesPaidToPersonsEmployedIncludingEmployeesOrWorkersEmployedOnAPermanentOrNonPermanentOrOnContractBasis",null,"in-capmkt-types:AssuranceSubType","duration"]
["AssuranceSubTypeForDetailsOfActionsTakenToMitigateAnyNegativeSocialImpactsIdentifiedInTheSocialImpactAssessments",null,"in-capmkt-types:AssuranceSubType","duration"]
["AssuranceSubTypeForDetailsOfCSRProjectsUndertakenInDesignatedAspirationalDistrictsAsIdentifiedByGovernmentBodies",null,"in-capmkt-types:AssuranceSubType","duration"]
["AssuranceSubTypeForAPreferentialProcurementPolicyWherePreferenceToPurchaseFromSuppliersComprisingMarginalizedOrVulnerableGroupsAndItsPercentageOfTotalProcurementByValueDoesItConstitute",null,"in-capmkt-types:AssuranceSubType","duration"]
["AssuranceSubTypeForDetailsOfTheBenefitsDerivedAndSharedFromTheIntellectualPropertiesOwnedOrAcquired",null,"in-capmkt-types:AssuranceSubType","duration"]
["AssuranceSubTypeForDetailsOfCorrectiveActionsTakenOrUnderwayBasedOnAnyAdverseOrderInIntellectualPropertyRelatedDisputesWhereinUsageOfTraditionalKnowledgeIsInvolved",null,"in-capmkt-types:AssuranceSubType","duration"]
["AssuranceSubTypeForDetailsOfBeneficiariesOfCSRProjects",null,"in-capmkt-types:AssuranceSubType","duration"]
["AssuranceSubTypeForTheMechanismsInPlaceToReceiveAndRespondToConsumerComplaintsAndFeedback",null,"in-capmkt-types:AssuranceSubType","duration"]
["AssuranceSubTypeForTurnoverOfProductsAndOrServicesAsAPercentageOfTurnoverFromAllProductsOrServiceThatCarryInformationAboutAsAPercentageToTotalTurnover",null,"in-capmkt-types:AssuranceSubType","duration"]
["AssuranceSubTypeForDetailsOfNumberOfConsumerComplaintsP9",null,"in-capmkt-types:AssuranceSubType","duration"]
["AssuranceSubTypeForDetailsOfInstancesOfProductRecallsOnAccountOfSafetyIssues",null,"in-capmkt-types:AssuranceSubType","duration"]
["AssuranceSubTypeForWhetherTheEntityHaveAFrameworkOrPolicyOnCyberSecurityAndRisksRelatedToDataPrivacy",null,"in-capmkt-types:AssuranceSubType","duration"]
["AssuranceSubTypeForDetailsOfAnyCorrectiveActionsTakenOrUnderwayOnIssuesRelatingToAdvertisingAndDeliveryOfEssentialServicesOrCyberSecurityAndDataPrivacyOrRecallsOrPenaltyOrActionTakenByRegulatoryAuthoritiesOnSafetyOfProductsOrServices",null,"in-capmkt-types:AssuranceSubType","duration"]
["AssuranceSubTypeForDataBreachesInformationLikeNumberOfInstancesOfDataBreachesAlongWithImpactAndPercentageOfDataBreachesInvolvingPersonallyIdentifiableInformationOfCustomers",null,"in-capmkt-types:AssuranceSubType","duration"]
["AssuranceSubTypeForWeblinkWhereInformationOnProductsAndServicesOfTheEntityCanBeAccessed",null,"in-capmkt-types:AssuranceSubType","duration"]
["AssuranceSubTypeForStepsTakenToInformAndEducateConsumersAboutSafeAndResponsibleUsageOfProductsAndOrServices",null,"in-capmkt-types:AssuranceSubType","duration"]
["AssuranceSubTypeForMechanismsInPlaceToInformConsumersOfAnyRiskOfDisruptionOrDiscontinuationOfEssentialServices",null,"in-capmkt-types:AssuranceSubType","duration"]
["AssuranceSubTypeForWhetherTheEntityDisplayProductInformationOnTheProductOverAndAboveWhatIsMandatedAsPerLocalLaws",null,"in-capmkt-types:AssuranceSubType","duration"]
["RemarksForAssuranceOfCorporateIdentityNumber",null,"xbrli:stringItemType","duration"]
["RemarksForAssuranceOfNameOfTheCompany",null,"xbrli:stringItemType","duration"]
["RemarksForAssuranceOfYearOfIncorporation",null,"xbrli:stringItemType","duration"]
["RemarksForAssuranceOfAddressOfRegisteredOfficeOfCompany",null,"xbrli:stringItemType","duration"]
["RemarksForAssuranceOfAddressOfCorporateOfficeOfCompany",null,"xbrli:stringItemType","duration"]
["RemarksForAssuranceOfEMailOfTheCompany",null,"xbrli:stringItemType","duration"]
["RemarksForAssuranceOfTelephoneOfCompany",null,"xbrli:stringItemType","duration"]
["RemarksForAssuranceOfWebsiteOfCompany",null,"xbrli:stringItemType","duration"]
["RemarksForAssuranceOfDetailsOfFinancialYearForWhichReportingIsBeingDone",null,"xbrli:stringItemType","duration"]
["RemarksForAssuranceOfDetailsOfTheStockExchangeWhereTheCompanyIsListed",null,"xbrli:stringItemType","duration"]
["RemarksForAssuranceOfValueOfSharesPaidUp",null,"xbrli:stringItemType","duration"]
["RemarksForAssuranceOfNameAndContactDetailsOfTheContactPersonInCaseOfAnyQueriesOnTheBRSRReport",null,"xbrli:stringItemType","duration"]
["RemarksForAssuranceOfReportingBoundary",null,"xbrli:stringItemType","duration"]
["RemarksForAssuranceOfDetailsOfBusinessActivitiesAccountingForNinetyPercentOfTheTurnover",null,"xbrli:stringItemType","duration"]
["RemarksForAssuranceOfProductsOrServicesSoldByTheEntityAccountingForNinetyPercentOfTheTurnover",null,"xbrli:stringItemType","duration"]
["RemarksForAssuranceOfDetailsOfNumberOfLocationsWherePlantsAndOrOperationsOrOfficesOfTheEntityAreSituated",null,"xbrli:stringItemType","duration"]
["RemarksForAssuranceOfMarketsServedByTheEntity",null,"xbrli:stringItemType","duration"]
["RemarksForAssuranceOfDetailsOfEmployeesAsAtTheEndOfFinancialYear",null,"xbrli:stringItemType","duration"]
["RemarksForAssuranceOfParticipationOrInclusionOrRepresentationOfWomen",null,"xbrli:stringItemType","duration"]
["RemarksForAssuranceOfTurnoverRateForPermanentEmployeesAndWorkersDiscloseTrendsForPastThreeYears",null,"xbrli:stringItemType","duration"]
["RemarksForAssuranceOfNamesOfHoldingSubsidiaryAssociateCompaniesJointVentures",null,"xbrli:stringItemType","duration"]
["RemarksForAssuranceOfWhetherCSRIsApplicableAsPerSection135OfCompaniesAct2013",null,"xbrli:stringItemType","duration"]
["RemarksForAssuranceOfComplaintsOrGrievancesOnAnyOfThePrinciplesUnderTheNationalGuidelinesOnResponsibleBusinessConduct",null,"xbrli:stringItemType","duration"]
["RemarksForAssuranceOfOverviewOfTheEntitysMaterialResponsibleBusinessConductIssues",null,"xbrli:stringItemType","duration"]
["RemarksForAssuranceOfWhetherYourEntitysPolicyOrPoliciesCoverEachPrincipleAndItsCoreElementsOfTheNGRBCs",null,"xbrli:stringItemType","duration"]
["RemarksForAssuranceOfWhetherTheEntityHasTranslatedThePolicyIntoProcedures",null,"xbrli:stringItemType","duration"]
["RemarksForAssuranceOfWhetherTheEnlistedPoliciesExtendToYourValueChainPartners",null,"xbrli:stringItemType","duration"]
["RemarksForAssuranceOfNameOfTheNationalAndInternationalCodesOrCertificationsOrLabelsOrStandardsAdoptedByYourEntityAndMappedToEachPrinciple",null,"xbrli:stringItemType","duration"]
["RemarksForAssuranceOfSpecificCommitmentsGoalsAndTargetsSetByTheEntityWithDefinedTimelines",null,"xbrli:stringItemType","duration"]
["RemarksForAssuranceOfPerformanceOfTheEntityAgainstTheSpecificCommitmentsGoalsAndTargetsAlongWithReasonsInCaseTheSameAreNotMet",null,"xbrli:stringItemType","duration"]
["RemarksForAssuranceOfStatementByDirectorResponsibleForTheBusinessResponsibilityReportHighlightingESGRelatedChallengesTargetsAndAchievements",null,"xbrli:stringItemType","duration"]
["RemarksForAssuranceOfDetailsOfTheHighestAuthorityResponsibleForImplementationAndOversightOfTheBusinessResponsibilityPolicy",null,"xbrli:stringItemType","duration"]
["RemarksForAssuranceOfWhetherTheEntityHaveASpecifiedCommitteeOfTheBoardOrDirectorResponsibleForDecisionMakingOnSustainabilityRelatedIssues",null,"xbrli:stringItemType","duration"]
["RemarksForAssuranceOfPerformanceAgainstAbovePoliciesAndFollowUpAction",null,"xbrli:stringItemType","duration"]
["RemarksForAssuranceOfComplianceWithStatutoryRequirementsOfRelevanceToThePrinciplesAndRectificationOfAnyNonCompliances",null,"xbrli:stringItemType","duration"]
["RemarksForAssuranceOfWhetherTheEntityHasCarriedOutIndependentAssessmentEvaluationOfTheWorkingOfItsPoliciesByAnExternalAgency",null,"xbrli:stringItemType","duration"]
["RemarksForAssuranceOfReasonsIfPoliciesNotCoverEachPrincipleAndItsCoreElementsOfTheNGRBCs",null,"xbrli:stringItemType","duration"]
["RemarksForAssuranceOfPercentageCoverageByTrainingAndAwarenessProgramsOnAnyOfThePrinciplesDuringTheFinancialYearForBODOrKMPOrEmployeeOrWorker",null,"xbrli:stringItemType","duration"]
["RemarksForAssuranceOfDetailsOfFinesOrPenaltiesOrPunishmentOrAwardOrCompoundingFeesOrSettlement",null,"xbrli:stringItemType","duration"]
["RemarksForAssuranceOfDetailsOfTheAppealOrRevisionPreferredInCasesWhereMonetaryOrNonMonetaryActionHasBeenAppealed",null,"xbrli:stringItemType","duration"]
["RemarksForAssuranceOfDetailsAndWeblinkOfAnAntiCorruptionOrAntiBriberyPolicyIsPlace",null,"xbrli:stringItemType","duration"]
["RemarksForAssuranceOfNumberOfDirectorsOrKMPsOrEmployeesOrWorkersAgainstWhomDisciplinaryActionWasTakenByAnyLawEnforcementAgencyForTheChargesOfBriberyOrCorruption",null,"xbrli:stringItemType","duration"]
["RemarksForAssuranceOfDetailsOfComplaintsWithRegardToConflictOfInterest",null,"xbrli:stringItemType","duration"]
["RemarksForAssuranceOfDetailsOfAnyCorrectiveActionTakenOrUnderwayOnIssuesRelatedToFinesOrPenaltiesOrActionTakenByRegulatorsOrLawEnforcementAgenciesOrJudicialInstitutionsOnCasesOfCorruptionAndConflictsOfInterest",null,"xbrli:stringItemType","duration"]
["RemarksForAssuranceOfNumberOfDaysOfAccountsPayables",null,"xbrli:stringItemType","duration"]
["RemarksForAssuranceOfDetailsOfConcentrationOfPurchasesAndSalesWithTradingHousesDealersAndRelatedPartiesAlongWithLoansAndAdvancesAndInvestmentsWithRelatedParties",null,"xbrli:stringItemType","duration"]
["RemarksForAssuranceOfAwarenessProgrammesConductedForValueChainPartnersOnAnyOfThePrinciplesDuringTheFinancialYear",null,"xbrli:stringItemType","duration"]
["RemarksForAssuranceOfTheEntityHaveProcessesInPlaceToAvoidOrManageConflictOfInterestsInvolvingMembersOfTheBoard",null,"xbrli:stringItemType","duration"]
["RemarksForAssuranceOfPercentageOfRAndDAndCapitalExpenditureInvestmentsInSpecificTechnologies",null,"xbrli:stringItemType","duration"]
["RemarksForAssuranceOfTheEntityHaveProceduresInPlaceForSustainableSourcingAndPercentageOfInputsWereSourcedSustainably",null,"xbrli:stringItemType","duration"]
["RemarksForAssuranceOfDescribeTheProcessesInPlaceToSafelyReclaimYourProductsForReusingRecyclingAndDisposingAtTheEndOfLifeForPlasticsIncludingPackagingEWasteHazardousWasteAndOtherWaste",null,"xbrli:stringItemType","duration"]
["RemarksForAssuranceOfWhetherTheWasteCollectionPlanIsInLineWithTheExtendedProducerResponsibilityPlanSubmittedToPollutionControlBoardsAndStepsTakenToAddressTheWasteCollectionPlanIfNotSubmitted",null,"xbrli:stringItemType","duration"]
["RemarksForAssuranceOfWhetherTheEntityConductedLifeCyclePerspectiveOrAssessmentsForAnyOfItsProductsOrForItsServices",null,"xbrli:stringItemType","duration"]
["RemarksForAssuranceOfDetailsOfSignificantSocialOrEnvironmentalConcernsFromProductionOrDisposalOfProductOrServiceWithActionTakenToMitigateTheSame",null,"xbrli:stringItemType","duration"]
["RemarksForAssuranceOfDetailsOfPercentageOfRecycledOrReusedInputMaterialToTotalMaterialByValueUsedInProductionOrProvidingServices",null,"xbrli:stringItemType","duration"]
["RemarksForAssuranceOfTheProductsAndPackagingReclaimedAtEndOfLifeOfProductsAmountReusedOrRecycledOrSafelyDisposed",null,"xbrli:stringItemType","duration"]
["RemarksForAssuranceOfDetailsOfReclaimedProductsAndTheirPackagingMaterialsForEachProductCategory",null,"xbrli:stringItemType","duration"]
["RemarksForAssuranceOfDetailsOfMeasuresForTheWellBeingOfEmployeesAndWorkersAndSpendingOnIt",null,"xbrli:stringItemType","duration"]
["RemarksForAssuranceOfDetailsOfRetirementBenefits",null,"xbrli:stringItemType","duration"]
["RemarksForAssuranceOfThePremisesOrOfficesOfTheEntityAccessibleToDifferentlyAbledEmployeesAndWorkersAndStepsAreBeingTakenByTheEntityIfThePremisesOrOfficesOfTheEntityNotAccessible",null,"xbrli:stringItemType","duration"]
["RemarksForAssuranceOfWhetherTheEntityHaveAnEqualOpportunityPolicyAsPerTheRightsOfPersonsWithDisabilitiesAct2016",null,"xbrli:stringItemType","duration"]
["RemarksForAssuranceOfReturnToWorkAndRetentionRatesOfPermanentEmployeesAndWorkersThatTookParentalLeave",null,"xbrli:stringItemType","duration"]
["RemarksForAssuranceOfWhetherIsThereAMechanismAvailableToReceiveAndRedressGrievancesForTheFollowingCategoriesOfEmployeesAndWorker",null,"xbrli:stringItemType","duration"]
["RemarksForAssuranceOfMembershipOfEmployeesAndWorkerInAssociationsOrUnionsRecognisedByTheListedEntity",null,"xbrli:stringItemType","duration"]
["RemarksForAssuranceOfDetailsOfTrainingGivenToEmployeesAndWorkers",null,"xbrli:stringItemType","duration"]
["RemarksForAssuranceOfDetailsOfPerformanceAndCareerDevelopmentReviewsOfEmployeesAndWorker",null,"xbrli:stringItemType","duration"]
["RemarksForAssuranceOfHealthAndSafetyManagementSystem",null,"xbrli:stringItemType","duration"]
["RemarksForAssuranceOfDetailsOfSafetyRelatedIncidents",null,"xbrli:stringItemType","duration"]
["RemarksForAssuranceOfMeasuresTakenByTheEntityToEnsureASafeAndHealthyWorkPlace",null,"xbrli:stringItemType","duration"]
["RemarksForAssuranceOfDetailsOfComplaintsMadeByEmployeesAndWorkersAsPerP3",null,"xbrli:stringItemType","duration"]
["RemarksForAssuranceOfAssessmentsOfYourPlantsAndOfficesThatWereAssessedForTheYearP3",null,"xbrli:stringItemType","duration"]
["RemarksForAssuranceOfDetailsOfAnyCorrectiveActionTakenOrUnderwayToAddressSafetyRelatedIncidentsOfYourPlantsAndOfficesThatWereAssessed",null,"xbrli:stringItemType","duration"]
["RemarksForAssuranceOfWhetherTheEntityExtendAnyLifeInsuranceOrAnyCompensatoryPackageInTheEventOfDeathOfEmployees",null,"xbrli:stringItemType","duration"]
["RemarksForAssuranceOfDetailsOfMeasuresUndertakenByTheEntityToEnsureThatStatutoryDuesHaveBeenDeductedAndDepositedByTheValueChainPartners",null,"xbrli:stringItemType","duration"]
["RemarksForAssuranceOfDetailsOfNumberOfEmployeesOrWorkersHavingSufferedHighConsequenceWorkRelatedInjuryOrIllHealthOrFatalitiesWhoOrWhoseFamilyMembersAreRehabilitatedAndPlacedInSuitableEmployment",null,"xbrli:stringItemType","duration"]
["RemarksForAssuranceOfWhetherTheEntityProvideTransitionAssistanceProgramsToFacilitateContinuedEmployabilityAndTheManagementOfCareerEndingsResultingFromRetirementOrTerminationOfEmployment",null,"xbrli:stringItemType","duration"]
["RemarksForAssuranceOfDetailsOnAssessmentOfValueChainPartnersP3",null,"xbrli:stringItemType","duration"]
["RemarksForAssuranceOfDetailsOfAnyCorrectiveActionTakenOrUnderwayToAddressSafetyRelatedIncidentsOnAssessmentOfValueChainPartners",null,"xbrli:stringItemType","duration"]
["RemarksForAssuranceOfTheProcessesForIdentifyingKeyStakeholderGroupsOfTheEntity",null,"xbrli:stringItemType","duration"]
["RemarksForAssuranceOfListStakeholderGroupsIdentifiedAsKeyForYourEntityAndTheFrequencyOfEngagementWithEachStakeholderGroup",null,"xbrli:stringItemType","duration"]
["RemarksForAssuranceOfTheProcessesForConsultationBetweenStakeholdersAndTheBoardOnEconomicEnvironmentalAndSocialTopicsOrIfConsultationIsDelegatedHowIsFeedbackFromSuchConsultationsProvidedToTheBoard",null,"xbrli:stringItemType","duration"]
["RemarksForAssuranceOfWhetherStakeholderConsultationIsUsedToSupportTheIdentificationAndManagementOfEnvironmentalAndSocialTopics",null,"xbrli:stringItemType","duration"]
["RemarksForAssuranceOfDetailsOfInstancesOfEngagementWithAndActionsTakenToAddressTheConcernsOfVulnerableOrMarginalizedStakeholderGroups",null,"xbrli:stringItemType","duration"]
["RemarksForAssuranceOfEmployeesAndWorkersWhoHaveBeenProvidedTrainingOnHumanRightsIssuesAndPoliciesOfTheEntity",null,"xbrli:stringItemType","duration"]
["RemarksForAssuranceOfDetailsOfMinimumWagesPaidToEmployeesAndWorkers",null,"xbrli:stringItemType","duration"]
["RemarksForAssuranceOfDetailsOfMedianOfRemunerationOrSalaryOrWagesAndWagesPaidToFemale",null,"xbrli:stringItemType","duration"]
["RemarksForAssuranceOfWhetherDoYouHaveAFocalPointResponsibleForAddressingHumanRightsImpactsOrIssuesCausedOrContributedToByTheBusiness",null,"xbrli:stringItemType","duration"]
["RemarksForAssuranceOfTheInternalMechanismsInPlaceToRedressGrievancesRelatedToHumanRightsIssues",null,"xbrli:stringItemType","duration"]
["RemarksForAssuranceOfDetailsOfComplaintsMadeByEmployeesAndWorkersAsPerP5",null,"xbrli:stringItemType","duration"]
["RemarksForAssuranceOfComplaintsFiledUnderTheSexualHarassmentOfWomenAtWorkplace",null,"xbrli:stringItemType","duration"]
["RemarksForAssuranceOfMechanismsToPreventAdverseConsequencesToTheComplainantInDiscriminationAndHarassmentCases",null,"xbrli:stringItemType","duration"]
["RemarksForAssuranceOfHumanRightsRequirementsFormPartOfYourBusinessAgreementsAndContracts",null,"xbrli:stringItemType","duration"]
["RemarksForAssuranceOfAssessmentsOfYourPlantsAndOfficesThatWereAssessedForTheYearP5",null,"xbrli:stringItemType","duration"]
["RemarksForAssuranceOfDetailsOfAnyCorrectiveActionsTakenOrUnderwayToAddressSignificantRisksOrConcernsArisingFromTheAssessmentsOfPlantAndOffice",null,"xbrli:stringItemType","duration"]
["RemarksForAssuranceOfDetailsOfABusinessProcessBeingModifiedOrIntroducedAsAResultOfAddressingHumanRightsGrievancesOrComplaints",null,"xbrli:stringItemType","duration"]
["RemarksForAssuranceOfDetailsOfTheScopeAndCoverageOfAnyHumanRightsDueDiligenceConducted",null,"xbrli:stringItemType","duration"]
["RemarksForAssuranceOfWhetherThePremiseOrOfficeOfTheEntityAccessibleToDifferentlyAbledVisitorsAsPerTheRequirementsOfTheRightsOfPersonsWithDisabilitiesAct2016",null,"xbrli:stringItemType","duration"]
["RemarksForAssuranceOfDetailsOnAssessmentOfValueChainPartnersP5",null,"xbrli:stringItemType","duration"]
["RemarksForAssuranceOfDetailsOfAnyCorrectiveActionsTakenOrUnderwayToAddressSignificantRisksOrConcernsArisingFromTheAssessmentsOfValueChainPartner",null,"xbrli:stringItemType","duration"]
["RemarksForAssuranceOfDetailsOfTotalEnergyConsumptionInJoulesOrMultiplesAndEnergyIntensity",null,"xbrli:stringItemType","duration"]
["RemarksForAssuranceOfWhetherTheEntityHaveAnySitesOrFacilitiesIdentifiedAsDesignatedConsumersUnderThePerformanceAchieveAndTradeSchemeOfTheGovernmentOfIndia",null,"xbrli:stringItemType","duration"]
["RemarksForAssuranceOfDetailsOfTheDisclosuresRelatedToWaterWithdrawal",null,"xbrli:stringItemType","duration"]
["RemarksForAssuranceOfDetailsOfTheDisclosuresRelatedToWaterDischarged",null,"xbrli:stringItemType","duration"]
["RemarksForAssuranceOfTheEntityImplementedAMechanismForZeroLiquidDischarge",null,"xbrli:stringItemType","duration"]
["RemarksForAssuranceOfDetailsOfAirEmissionsOtherThanGhgEmissionsByTheEntity",null,"xbrli:stringItemType","duration"]
["RemarksForAssuranceOfDetailsOfGreenHouseGasEmissionsAndItsIntensity",null,"xbrli:stringItemType","duration"]
["RemarksForAssuranceOfWhetherTheEntityHaveAnyProjectRelatedToReducingGreenHouseGasEmission",null,"xbrli:stringItemType","duration"]
["RemarksForAssuranceOfDetailsRelatedToWasteManagementByTheEntity",null,"xbrli:stringItemType","duration"]
["RemarksForAssuranceOfDetailsOfWasteManagementPracticesAdoptedInYourEstablishmentsAndTheStrategyAdoptedByCompanyToReduceUsageOfHazardousAndToxicChemicals",null,"xbrli:stringItemType","duration"]
["RemarksForAssuranceOfDetailsOfOperationsOrOfficesInOrAroundEcologicallySensitiveAreasWhereEnvironmentalApprovalsOrClearancesAreRequired",null,"xbrli:stringItemType","duration"]
["RemarksForAssuranceOfDetailsOfEnvironmentalImpactAssessmentsOfProjectsUndertakenByTheEntityBasedOnApplicableLaws",null,"xbrli:stringItemType","duration"]
["RemarksForAssuranceOfWhetherTheEntityCompliantWithTheApplicableEnvironmentalLaw",null,"xbrli:stringItemType","duration"]
["RemarksForAssuranceOfWaterWithdrawalOrConsumptionAndDischargeInAreasOfWaterStressInKilolitres",null,"xbrli:stringItemType","duration"]
["RemarksForAssuranceOfDetailsOfTotalScope3EmissionsAndItsIntensity",null,"xbrli:stringItemType","duration"]
["RemarksForAssuranceOfDetailsOfSignificantDirectAndIndirectImpactOfTheEntityOnBiodiversityInSuchAreasAlongWithPreventionAndRemediationActivities",null,"xbrli:stringItemType","duration"]
["RemarksForAssuranceOfTheEntityHasUndertakenAnySpecificInitiativesOrUsedInnovativeTechnologyOrSolutionsToImproveResourceEfficiency",null,"xbrli:stringItemType","duration"]
["RemarksForAssuranceOfWhetherTheEntityHaveABusinessContinuityAndDisasterManagementPlan",null,"xbrli:stringItemType","duration"]
["RemarksForAssuranceOfDiscloseAnySignificantAdverseImpactToTheEnvironmentArisingFromTheValueChainOfTheEntityWhatMitigationOrAdaptationMeasuresHaveBeenTakenByTheEntityInThisRegard",null,"xbrli:stringItemType","duration"]
["RemarksForAssuranceOfPercentageOfValueChainPartnersByValueOfBusinessDoneWithSuchPartnersThatWereAssessedForEnvironmentalImpacts",null,"xbrli:stringItemType","duration"]
["RemarksForAssuranceOfTheEntityIsAMemberOfOrAffiliatedToTradeAndIndustryChambersOrAssociationsDeterminedBasedOnTheTotalMembersOfSuchBody",null,"xbrli:stringItemType","duration"]
["RemarksForAssuranceOfDetailsOfCorrectiveActionTakenOrUnderwayOnAnyIssuesRelatedToAntiCompetitiveConductByTheEntityBasedOnAdverseOrdersFromRegulatoryAuthorities",null,"xbrli:stringItemType","duration"]
["RemarksForAssuranceOfDetailsOfPublicPolicyPositionsAdvocatedByTheEntity",null,"xbrli:stringItemType","duration"]
["RemarksForAssuranceOfDetailsOfSocialImpactAssessmentsOfProjectsUndertakenByTheEntityBasedOnApplicableLaws",null,"xbrli:stringItemType","duration"]
["RemarksForAssuranceOfDetailsOfProjectsForWhichOngoingRehabilitationAndResettlementIsBeingUndertakenByEntity",null,"xbrli:stringItemType","duration"]
["RemarksForAssuranceOfDescribeTheMechanismsToReceiveAndRedressGrievancesOfTheCommunity",null,"xbrli:stringItemType","duration"]
["RemarksForAssuranceOfPercentageOfInputMaterialInputsToTotalInputsByValueSourcedFromSuppliers",null,"xbrli:stringItemType","duration"]
["RemarksForAssuranceOfJobCreationInSmallerTownsDiscloseWagesPaidToPersonsEmployedIncludingEmployeesOrWorkersEmployedOnAPermanentOrNonPermanentOrOnContractBasis",null,"xbrli:stringItemType","duration"]
["RemarksForAssuranceOfDetailsOfActionsTakenToMitigateAnyNegativeSocialImpactsIdentifiedInTheSocialImpactAssessments",null,"xbrli:stringItemType","duration"]
["RemarksForAssuranceOfDetailsOfCSRProjectsUndertakenInDesignatedAspirationalDistrictsAsIdentifiedByGovernmentBodies",null,"xbrli:stringItemType","duration"]
["RemarksForAssuranceOfAPreferentialProcurementPolicyWherePreferenceToPurchaseFromSuppliersComprisingMarginalizedOrVulnerableGroupsAndItsPercentageOfTotalProcurementByValueDoesItConstitute",null,"xbrli:stringItemType","duration"]
["RemarksForAssuranceOfDetailsOfTheBenefitsDerivedAndSharedFromTheIntellectualPropertiesOwnedOrAcquired",null,"xbrli:stringItemType","duration"]
["RemarksForAssuranceOfDetailsOfCorrectiveActionsTakenOrUnderwayBasedOnAnyAdverseOrderInIntellectualPropertyRelatedDisputesWhereinUsageOfTraditionalKnowledgeIsInvolved",null,"xbrli:stringItemType","duration"]
["RemarksForAssuranceOfDetailsOfBeneficiariesOfCSRProjects",null,"xbrli:stringItemType","duration"]
["RemarksForAssuranceOfTheMechanismsInPlaceToReceiveAndRespondToConsumerComplaintsAndFeedback",null,"xbrli:stringItemType","duration"]
["RemarksForAssuranceOfTurnoverOfProductsAndOrServicesAsAPercentageOfTurnoverFromAllProductsOrServiceThatCarryInformationAboutAsAPercentageToTotalTurnover",null,"xbrli:stringItemType","duration"]
["RemarksForAssuranceOfDetailsOfNumberOfConsumerComplaintsP9",null,"xbrli:stringItemType","duration"]
["RemarksForAssuranceOfDetailsOfInstancesOfProductRecallsOnAccountOfSafetyIssues",null,"xbrli:stringItemType","duration"]
["RemarksForAssuranceOfWhetherTheEntityHaveAFrameworkOrPolicyOnCyberSecurityAndRisksRelatedToDataPrivacy",null,"xbrli:stringItemType","duration"]
["RemarksForAssuranceOfDetailsOfAnyCorrectiveActionsTakenOrUnderwayOnIssuesRelatingToAdvertisingAndDeliveryOfEssentialServicesOrCyberSecurityAndDataPrivacyOrRecallsOrPenaltyOrActionTakenByRegulatoryAuthoritiesOnSafetyOfProductsOrServices",null,"xbrli:stringItemType","duration"]
["RemarksForAssuranceOfDataBreachesInformationLikeNumberOfInstancesOfDataBreachesAlongWithImpactAndPercentageOfDataBreachesInvolvingPersonallyIdentifiableInformationOfCustomers",null,"xbrli:stringItemType","duration"]
["RemarksForAssuranceOfWeblinkWhereInformationOnProductsAndServicesOfTheEntityCanBeAccessed",null,"xbrli:stringItemType","duration"]
["RemarksForAssuranceOfStepsTakenToInformAndEducateConsumersAboutSafeAndResponsibleUsageOfProductsAndOrServices",null,"xbrli:stringItemType","duration"]
["RemarksForAssuranceOfMechanismsInPlaceToInformConsumersOfAnyRiskOfDisruptionOrDiscontinuationOfEssentialServices",null,"xbrli:stringItemType","duration"]
["RemarksForAssuranceOfWhetherTheEntityDisplayProductInformationOnTheProductOverAndAboveWhatIsMandatedAsPerLocalLaws",null,"xbrli:stringItemType","duration"]
["WhetherGreenCreditsHaveBeenGeneratedOrProcuredByTheListedEntityAndTopTenValueChainPartnersIsAssuredByAssurer",null,"xbrli:booleanItemType","duration"]
["AssuranceSubTypeForGreenCreditsHaveBeenGeneratedOrProcuredByTheListedEntityAndTopTenValueChainPartnersIsAssuredByAssurer",null,"in-capmkt-types:AssuranceSubType","duration"]
["RemarksForAssuranceOfGreenCreditsHaveBeenGeneratedOrProcuredByTheListedEntityAndTopTenValueChainPartnersIsAssuredByAssurer",null,"xbrli:stringItemType","duration"]

{"sheet":"Details of business activities","index":6,"n_rows":11,"n_cols":31,"rows_kept":11,"cut":false,"hidden":false,"merged":[[7,3,7,6],[5,26,5,30],[10,3,10,6]]}
[null,null,null,null,null,null,null,null,0]
[null,null,null,null,"DescriptionOfMainActivity","DescriptionOfBusinessActivity","PercentageOfTotalTurnoverForBusinessActivities"]
[]
[]
[]
[null,null,null,null,null,null,null,null,null,null,null,null,null,null,null,null,null,null,null,null,null,null,null,null,null,null,"Taxonomy"]
[null,null,null,null,null,null,"Back"]
[null,null,null,"Details of business activities (accounting for 90% of the turnover)",null,null,null,null,null,null,null,null,null,null,null,null,null,null,null,null,null,null,null,null,null,null,"Element Name","Lable Name","Type","I/D","Validations"]
[null,null,null,"Sr. No.","Description of Main Activity","Description of Business Activity","% of Turnover of the entity",null,null,null,null,null,null,null,null,null,null,null,null,null,null,null,null,null,null,null,"DescriptionofMainActivity","Description of Main Activity",null,null,"This is a mandatory field"]
[null,null,null,null,null,null,null,null,null,null,null,null,null,null,null,null,null,null,null,null,null,null,null,null,null,null,"DescriptionofBusinessActivity","Description of Business Activity",null,null,"This is a mandatory field"]
[null,null,null,null,null,null,null,null,null,null,null,null,null,null,null,null,null,null,null,null,null,null,null,null,null,null,"%ofTurnoveroftheentity","% of Turnover of the entity",null,null,"This is a mandatory field"]

{"sheet":"Products services sold","index":7,"n_rows":12,"n_cols":31,"rows_kept":12,"cut":false,"hidden":false,"merged":[[7,3,7,6],[10,3,10,6],[5,26,5,30]]}
[null,null,null,null,null,null,null,null,0]
[null,null,null,null,"ProductOrServiceSoldByTheEntity","NICCodeOfProductOrServiceSoldByTheEntity","PercentageOfTotalTurnoverForProductOrServiceSold"]
[]
[]
[]
[null,null,null,null,null,null,null,null,null,null,null,null,null,null,null,null,null,null,null,null,null,null,null,null,null,null,"Taxonomy"]
[null,null,null,null,null,null,"Back"]
[null,null,null,"Products/Services sold by the entity (accounting for 90% of the entity’s Turnover)",null,null,null,null,null,null,null,null,null,null,null,null,null,null,null,null,null,null,null,null,null,null,"Element Name","Lable Name","Type","I/D","Validation"]
[null,null,null,"Sr. No.","Product/Service","NIC Code","% of total Turnover contributed",null,null,null,null,null,null,null,null,null,null,null,null,null,null,null,null,null,null,null,"Product/Service","Product/Service",null,null,"This is a mandatory field"]
[null,null,null,null,null,null,null,null,null,null,null,null,null,null,null,null,null,null,null,null,null,null,null,null,null,null,"NICCode","NIC Code",null,null,"This is a mandatory field"]
[null,null,null,null,null,null,null,null,null,null,null,null,null,null,null,null,null,null,null,null,null,null,null,null,null,null,"%oftotalTurnovercontributed","% of total Turnover contributed",null,null,"This is a mandatory field"]
[null,null,null,null,"NIC Code list link:","https://www.ncs.gov.in/Documents/NIC_Sector.pdf"]

{"sheet":"Holding subsidiary or associate","index":8,"n_rows":12,"n_cols":31,"rows_kept":12,"cut":false,"hidden":false,"merged":[[7,3,7,7],[10,3,10,7],[5,26,5,30]]}
[null,null,null,null,null,null,null,null,0]
[null,null,null,null,"NameOfTheHoldingOrSubsidiaryAssociateCompaniesOrJointVentures","CategoryOfCompany","PercentageOfSharesHeldByListedEntity","DoesCompanyParticipateInTheBusinessResponsibilityInitiativesOfTheListedEntity"]
[]
[]
[]
[null,null,null,null,null,null,null,null,null,null,null,null,null,null,null,"Yes","Holding",null,null,null,null,null,null,null,null,null,"Taxonomy"]
[null,null,null,null,null,null,null,"Back",null,null,null,null,null,null,null,"No","Subsidiary"]
[null,null,null,"Holding, Subsidiary and Associate Companies (including joint ventures)",null,null,null,null,null,null,null,null,null,null,null,null,"Associate",null,null,null,null,null,null,null,null,null,"Element Name","Lable Name","Type","I/D","Validation"]
[null,null,null,"Sr.\nNo.","Name of the holding / subsidiary/associate companies/joint ventures (A)","Indicate whether holding/Subsidiary/Associate/Joint Venture","% of shares held by listed entity","Does the entity indicated at column A, participate in the Business Responsibility initiatives of the listed entity? (Yes/No)",null,null,null,null,null,null,null,null,"Joint Venture",null,null,null,null,null,null,null,null,null,"Nameoftheholding/subsidiary/associatecompanies/jointventures(A)","Name of the holding / subsidiary/associate companies/joint ventures (A)",null,null,"This is a mandatory field"]
[null,null,null,null,null,null,null,null,null,null,null,null,null,null,null,null,null,null,null,null,null,null,null,null,null,null,"Indicatewhetherholding/Subsidiary/Associate/JointVenture","Indicate whether holding/Subsidiary/Associate/Joint Venture",null,null,"This is a mandatory field"]
[null,null,null,null,null,null,null,null,null,null,null,null,null,null,null,null,null,null,null,null,null,null,null,null,null,null,"%ofsharesheldbylistedentity","% of shares held by listed entity",null,null,"This is a mandatory field"]
[null,null,null,null,null,null,null,null,null,null,null,null,null,null,null,null,null,null,null,null,null,null,null,null,null,null,"DoestheentityindicatedatcolumnA,participateintheBusinessResponsibilityinitiativesofthelistedentity?(Yes/No)","Does the entity indicated at column A, participate in the Business Responsibility initiatives of the listed entity? (Yes/No)",null,null,"This is a mandatory field"]

{"sheet":"Other stakeholder group","index":9,"n_rows":19,"n_cols":31,"rows_kept":19,"cut":false,"hidden":false,"merged":[[7,3,7,13],[8,13,9,13],[8,10,8,12],[8,4,9,4],[8,3,9,3],[8,5,9,5],[8,6,9,6],[8,7,8,9],[11,26,12,26],[11,27,12,27],[5,26,5,30],[8,26,9,26],[8,27,9,27]]}
[null,null,null,null,null,null,null,null,0,null,null,null,null,"Yes","No","NA"]
[null,null,null,null,"NameOfStakeHolderGroup","GrievanceRedressalMechanismInPlace","WebLinkForGrievanceRedressPolicy","NumberOfComplaintsFiledFromStakeHolderGroupDuringTheYear","NumberOfComplaintsPendingFromStakeHolderGroupResolutionAtTheEndOfYear","RemarksStakeHolderGroupFromWhomComplaintIsReceived","NumberOfComplaintsFiledFromStakeHolderGroupDuringTheYear","NumberOfComplaintsPendingFromStakeHolderGroupResolutionAtTheEndOfYear","RemarksStakeHolderGroupFromWhomComplaintIsReceived","DetailsForGrievanceRedressalMechanismInPlaceIsNotApplicableExplanatoryTextBlock"]
[]
[]
[]
[null,null,null,null,null,null,null,null,null,null,null,null,null,null,null,null,null,null,null,null,null,null,null,null,null,null,"Taxonomy"]
[null,null,null,null,null,null,null,null,null,null,null,null,null,"Back"]
[null,null,null,"Details of Other Stakeholder Group",null,null,null,null,null,null,null,null,null,null," `",null,null,null,null,null,null,null,null,null,null,null,"Element Name","Lable Name","Type","I/D","Validation"]
[null,null,null,"Sr. No.","Stakeholder group from whom complaint is received","Grievance Redressal Mechanism in Place (Yes/No/NA)","(If Yes, then provide web-link for grievance redress policy)",{"$f":"\"FY (\"&RIGHT('General Disclosures'!F19,4)&\"-\"&RIGHT('General Disclosures'!H19,2)&\")\"","v":"FY (-)"},null,null,{"$f":"\"PY (\"&RIGHT('General Disclosures'!F20,4)&\"-\"&RIGHT('General Disclosures'!H20,2)&\")\"","v":"PY (-)"},null,null,"(If NA, then provide the reason)",null,null,null,null,null,null,null,null,null,null,null,null,"Stakeholdergroupfromwhomcomplaintisreceived","Stakeholder group from whom complaint is received"]
[null,null,null,null,null,null,null,"Number of complaints filed during the year","Number of complaints pending resolution at close of the year","Remarks","Number of complaints filed during the year","Number of complaints pending resolution at close of the year","Remarks",null,null,null,null,null,null,null,null,null,null,null,null,null,null,null,null,null,"This is a mandatory field"]
[]
[null,null,null,null,null,null,null,null,null,null,null,null,null,null,null,null,null,null,null,null,null,null,null,null,null,null,"(IfYes,thenprovideweblinkforgrievanceredresspolicy)","(If Yes, then provide web-link for grievance redress policy)",null,null,"This is a mandatory field"]
[null,null,null,null,null,null,null,null,null,null,null,null,null,null,null,null,null,null,null,null,null,null,null,null,null,null,null,null,null,null,"This is a mandatory field"]
[null,null,null,null,null,null,null,null,null,null,null,null,null,null,null,null,null,null,null,null,null,null,null,null,null,null,"Numberofcomplaintsfiledduringtheyear","Number of complaints filed during the year",null,null,"This is a mandatory field"]
[null,null,null,null,null,null,null,null,null,null,null,null,null,null,null,null,null,null,null,null,null,null,null,null,null,null,"Numberofcomplaintspendingresolutionatcloseoftheyear","Number of complaints pending resolution at close of the year",null,null,"This is a mandatory field"]
[null,null,null,null,null,null,null,null,null,null,null,null,null,null,null,null,null,null,null,null,null,null,null,null,null,null,"Remarks","Remarks",null,null,"This is a mandatory field"]
[null,null,null,null,null,null,null,null,null,null,null,null,null,null,null,null,null,null,null,null,null,null,null,null,null,null,"Numberofcomplaintsfiledduringtheyear","Number of complaints filed during the year",null,null,"This is a mandatory field"]
[null,null,null,null,null,null,null,null,null,null,null,null,null,null,null,null,null,null,null,null,null,null,null,null,null,null,"Numberofcomplaintspendingresolutionatcloseoftheyear","Number of complaints pending resolution at close of the year",null,null,"This is a mandatory field"]
[null,null,null,null,null,null,null,null,null,null,null,null,null,null,null,null,null,null,null,null,null,null,null,null,null,null,"Remarks","Remarks",null,null,"This is a mandatory field"]

{"sheet":"Business conduct issues","index":10,"n_rows":14,"n_cols":31,"rows_kept":14,"cut":false,"hidden":false,"merged":[[7,3,7,8],[8,3,8,8],[11,3,11,8],[5,26,5,30]]}
[null,null,null,null,null,null,null,null,0,null,null,null,null,"R",null,"Positive Implications"]
[null,null,null,null,"MaterialIssueIdentified","IndicateWhetherRiskOrOpportunity","RationaleForIdentifyingTheRiskOpportunity","InCaseOfRiskApproachToAdaptOrMitigate","FinancialImplicationsOfTheRiskOrOpportunity",null,null,null,null,"O",null,"Negative Implications"]
[null,null,null,null,null,null,null,null,null,null,null,null,null,"R&O"]
[]
[]
[null,null,null,null,null,null,null,null,null,null,null,null,null,null,null,null,null,null,null,null,null,null,null,null,null,null,"Taxonomy"]
[null,null,null,null,null,null,null,null,"Back"]
[null,null,null,"Overview of the entity’s material responsible business conduct issues",null,null,null,null,null,null,null,null,null,null,null,null,null,null,null,null,null,null,null,null,null,null,"Element Name","Lable Name","Type","I/D","Validation"]
[null,null,null,"Please indicate material responsible business conduct and sustainability issues pertaining to environmental and social matters that present a risk or an opportunity to your business, rationale for identifying the same, approach to adapt or mitigate the risk along-with its financial implications, as per the following format"]
[null,null,null,"Sr. No.","Material issue identified","Indicate whether risk or opportunity (R/O)","Rationale for identifying the risk / opportunity","In case of risk, approach to adapt or mitigate","Financial implications of the risk or opportunity (Indicate positive or negative implications)",null,null,null,null,null,null,null,null,null,null,null,null,null,null,null,null,null,"Materialissueidentified","Material issue identified",null,null,"This is a mandatory field"]
[null,null,null,null,null,null,null,null,null,null,null,null,null,null,null,null,null,null,null,null,null,null,null,null,null,null,"Indicatewhetherriskoropportunity(R/O)","Indicate whether risk or opportunity (R/O)",null,null,"This is a mandatory field"]
[null,null,null,null,null,null,null,null,null,null,null,null,null,null,null,null,null,null,null,null,null,null,null,null,null,null,"Rationaleforidentifyingtherisk/opportunity","Rationale for identifying the risk / opportunity",null,null,"This is a mandatory field"]
[null,null,null,null,null,null,null,null,null,null,null,null,null,null,null,null,null,null,null,null,null,null,null,null,null,null,"Incaseofrisk,approachtoadaptormitigate","In case of risk, approach to adapt or mitigate",null,null,"This is a mandatory field"]
[null,null,null,null,null,null,null,null,null,null,null,null,null,null,null,null,null,null,null,null,null,null,null,null,null,null,"Financialimplicationsoftheriskoropportunity(Indicatepositiveornegativeimplications)","Financial implications of the risk or opportunity (Indicate positive or negative implications)",null,null,"This is a mandatory field"]

{"sheet":"MGT and process disclosure","index":11,"n_rows":45,"n_cols":50,"rows_kept":45,"cut":false,"hidden":false,"merged":[[5,26,5,30],[9,3,9,12],[18,3,18,12],[24,3,25,3],[19,3,19,10],[20,3,20,10],[21,3,21,10],[22,3,22,10],[33,3,33,12],[24,4,24,12],[24,13,24,21],[30,3,31,3],[23,3,23,12]]}
[null,null,null,null,null,null,null,null,null,null,null,null,null,null,null,"Yes","Director","Annually"]
[null,null,null,null,null,null,null,null,null,null,null,null,null,null,null,"No","Committee of the Board","Half Yearly"]
[null,null,null,null,null,null,null,null,null,null,null,null,null,null,null,"NA","Any other Committee","Quarterly"]
[null,null,null,null,null,null,null,null,null,null,null,null,null,null,null,null,null,"Any other"]
[]
[null,null,null,null,null,null,null,null,null,null,null,null,null,null,null,null,null,null,null,null,null,null,null,null,null,null,"Taxonomy"]
[]
[null,null,null,"SECTION B: MANAGEMENT AND PROCESS DISCLOSURES",null,null,null,null,null,null,null,null,null,null,null,null,null,null,null,null,null,null,null,null,null,null,"Element Name","Label name","type","I/D","validations"]
[null,null,null,"Disclosure Questions","P1","P2","P3","P4","P5","P6","P7","P8","P9","P1","P2","P3","P4","P5","P6","P7","P8","P9"]
[null,null,null,"Policy and management processes"]
[null,null,null,"1. a. Whether your entity’s policy/policies cover each principle and its core elements of the NGRBCs. (Yes/No/NA)",null,null,null,null,null,null,null,null,null,null,null,null,null,null,null,null,null,null,null,null,null,null,"WhetherYourEntitysPolicyOrPoliciesCoverEachPrincipleAndItsCoreElementsOfTheNGRBCs","1. a. Whether your entity’s policy/policies cover each principle and its core elements of the NGRBCs. (Yes/No/NA)","DetailsOfYourEntitysPolicyOrPoliciesHasNotApplicableEachPrincipleAndItsCoreElementsOfTheNGRBCsExplanatoryTextBlock",null,"This is a mandatory field",null,"Principle1Member","Principle2Member","Principle3Member","Principle4Member","Principle5Member","Principle6Member","Principle7Member","Principle8Member","Principle9Member","Principle1Member","Principle2Member","Principle3Member","Principle4Member","Principle5Member","Principle6Member","Principle7Member","Principle8Member","Principle9Member"]
[null,null,null,"b. Has the policy been approved by the Board? (Yes/No/NA)",null,null,null,null,null,null,null,null,null,null,null,null,null,null,null,null,null,null,null,null,null,null,"HasThePolicyBeenApprovedByTheBoard","b. Has the policy been approved by the Board? (Yes/No)","DetailsOfThePolicyIsNotApplicableExplanatoryTextBlock",null,"This is a mandatory field",null,"Principle1Member","Principle2Member","Principle3Member","Principle4Member","Principle5Member","Principle6Member","Principle7Member","Principle8Member","Principle9Member","Principle1Member","Principle2Member","Principle3Member","Principle4Member","Principle5Member","Principle6Member","Principle7Member","Principle8Member","Principle9Member"]
[null,null,null,"c. Web Link of the Policies, if available",null,null,null,null,null,null,null,null,null,null,null,null,null,null,null,null,null,null,null,null,null,null,"WebLinkOfThePoliciesExplanatoryTextBlock",null,null,null,null,null,"Principle1Member","Principle2Member","Principle3Member","Principle4Member","Principle5Member","Principle6Member","Principle7Member","Principle8Member","Principle9Member"]
[null,null,null,"2. Whether the entity has translated the policy into procedures. (Yes / No/ NA)",null,null,null,null,null,null,null,null,null,null,null,null,null,null,null,null,null,null,null,null,null,null,"WhetherTheEntityHasTranslatedThePolicyIntoProcedures","2. Whether the entity has translated the policy into procedures. (Yes / No)","DetailsOfTheEntityHasNotApplicableTranslatedThePolicyIntoProceduresExplanatoryTextBlock",null,"This is a mandatory field",null,"Principle1Member","Principle2Member","Principle3Member","Principle4Member","Principle5Member","Principle6Member","Principle7Member","Principle8Member","Principle9Member","Principle1Member","Principle2Member","Principle3Member","Principle4Member","Principle5Member","Principle6Member","Principle7Member","Principle8Member","Principle9Member"]
[null,null,null,"3. Do the enlisted policies extend to your value chain partners? (Yes/No/NA)",null,null,null,null,null,null,null,null,null,null,null,null,null,null,null,null,null,null,null,null,null,null,"DoTheEnlistedPoliciesExtendToYourValueChainPartners","3. Do the enlisted policies extend to your value chain partners? (Yes/No)","TheEnlistedPoliciesDoNotApplicableExtendToYourValueChainPartnersExplanatoryTextBlock",null,"This is a mandatory field",null,"Principle1Member","Principle2Member","Principle3Member","Principle4Member","Principle5Member","Principle6Member","Principle7Member","Principle8Member","Principle9Member","Principle1Member","Principle2Member","Principle3Member","Principle4Member","Principle5Member","Principle6Member","Principle7Member","Principle8Member","Principle9Member"]
[null,null,null,"4. Name of the national and international codes/certifications/labels/ standards (e.g. Forest Stewardship Council, Fairtrade, Rainforest Alliance, Trustee) standards (e.g. SA 8000, OHSAS, ISO, BIS) adopted by your entity and mapped to each principle.",null,null,null,null,null,null,null,null,null,null,null,null,null,null,null,null,null,null,null,null,null,null,"NameOfTheNationalAndInternationalCodesOrCertificationsOrLabelsOrStandardsAdoptedByYourEntityAndMappedToEachPrincipleExplanatoryTextBlock",null,null,null,null,null,"Principle1Member","Principle2Member","Principle3Member","Principle4Member","Principle5Member","Principle6Member","Principle7Member","Principle8Member","Principle9Member"]
[null,null,null,"5. Specific commitments, goals and targets set by the entity with defined timelines, if any.",null,null,null,null,null,null,null,null,null,null,null,null,null,null,null,null,null,null,null,null,null,null,"SpecificCommitmentsGoalsAndTargetsSetByTheEntityWithDefinedTimelinesExplanatoryTextBlock",null,null,null,null,null,"Principle1Member","Principle2Member","Principle3Member","Principle4Member","Principle5Member","Principle6Member","Principle7Member","Principle8Member","Principle9Member"]
[null,null,null,"6. Performance of the entity against the specific commitments, goals and targets along-with reasons in case the same are not met.",null,null,null,null,null,null,null,null,null,null,null,null,null,null,null,null,null,null,null,null,null,null,"PerformanceOfTheEntityAgainstTheSpecificCommitmentsGoalsAndTargetsAlongWithReasonsInCaseTheSameAreNotMetExplanatoryTextBlock",null,null,null,null,null,"Principle1Member","Principle2Member","Principle3Member","Principle4Member","Principle5Member","Principle6Member","Principle7Member","Principle8Member","Principle9Member"]
[null,null,null,"Governance, leadership and oversight"]
[null,null,null,"7. Statement by director responsible for the business responsibility report, highlighting ESG related challenges, targets and achievements (listed entity has flexibility regarding the placement of this disclosure)",null,null,null,null,null,null,null,null,null,null,null,null,null,null,null,null,null,null,null,null,null,null,"StatementByDirectorResponsibleForTheBusinessResponsibilityReportHighlightingESGRelatedChallengesTargetsAndAchievementsExplanatoryTextBlock"]
[null,null,null,"8. Details of the highest authority responsible for implementation and oversight of the Business Responsibility policy (ies).",null,null,null,null,null,null,null,null,null,null,null,null,null,null,null,null,null,null,null,null,null,null,"DetailsOfTheHighestAuthorityResponsibleForImplementationAndOversightOfTheBusinessResponsibilityPolicyExplanatoryTextBlock"]
[null,null,null,"9. Does the entity have a specified Committee of the Board/ Director responsible for decision making on sustainability related issues? (Yes / No/ NA).",null,null,null,null,null,null,null,null,null,null,null,null,null,null,null,null,null,null,null,null,null,null,"DoesTheEntityHaveASpecifiedCommitteeOfTheBoardOrDirectorResponsibleForDecisionMakingOnSustainabilityRelatedIssues","TheEntityHasNotApplicableASpecifiedCommitteeForDecisionMakingOnSustainabilityRelatedIssuesExplanatoryTextBlock",null,null,"This is a mandatory field"]
[null,null,null,"If yes, provide details.",null,null,null,null,null,null,null,null,null,null,null,null,null,null,null,null,null,null,null,null,null,null,"DetailsOfSpecifiedCommitteeOfTheBoardOrDirectorResponsibleForDecisionMakingOnSustainabilityRelatedIssuesExplanatoryTextBlock"]
[null,null,null,"10. Details of Review of NGRBCs by the Company"]
[null,null,null,"Subject for Review","Indicate whether review was undertaken by Director/Committee of the Board/Any other Committee",null,null,null,null,null,null,null,null,"Frequency\n(Annually / Half yearly /Quarterly/ Any other-please specify)"]
[null,null,null,null,"P1","P2","P3","P4","P5","P6","P7","P8","P9","P1","P2","P3","P4","P5","P6","P7","P8","P9"]
[null,null,null,"Performance against above policies and follow up action",null,null,null,null,null,null,null,null,null,null,null,null,null,null,null,null,null,null,null,null,null,null,"PerformanceAgainstAbovePoliciesAndFollowUpActionIndicateWhetherReviewWasUndertakenBy","Performance against above policies and follow up action",null,null,"This is a mandatory field","PerformanceAgainstAbovePoliciesAndFollowUpActionFrequency","Principle1Member","Principle2Member","Principle3Member","Principle4Member","Principle5Member","Principle6Member","Principle7Member","Principle8Member","Principle9Member","Principle1Member","Principle2Member","Principle3Member","Principle4Member","Principle5Member","Principle6Member","Principle7Member","Principle8Member","Principle9Member"]
[null,null,null,"Description of other committee for performance against above policies and follow up action",null,null,null,null,null,null,null,null,null,null,null,null,null,null,null,null,null,null,null,null,null,null,"DescriptionOfOtherCommitteeForPerformanceAgainstAbovePoliciesAndFollowUpAction",null,null,null,null,"DescriptionOfOtherFrequencyForPerformanceAgainstAbovePoliciesAndFollowUpAction","Principle1Member","Principle2Member","Principle3Member","Principle4Member","Principle5Member","Principle6Member","Principle7Member","Principle8Member","Principle9Member","Principle1Member","Principle2Member","Principle3Member","Principle4Member","Principle5Member","Principle6Member","Principle7Member","Principle8Member","Principle9Member"]
[null,null,null,"Compliance with statutory requirements of relevance to the principles and rectification of any non-compliances",null,null,null,null,null,null,null,null,null,null,null,null,null,null,null,null,null,null,null,null,null,null,"ComplianceWithStatutoryRequirementsOfRelevanceToThePrinciplesAndRectificationOfAnyNonCompliancesIndicateWhetherReviewWasUndertakenBy","Compliance with statutory requirements of relevance to the principles and rectification of any non-compliances",null,null,"This is a mandatory field","ComplianceWithStatutoryRequirementsOfRelevanceToThePrinciplesAndRectificationOfAnyNonCompliancesFrequency","Principle1Member","Principle2Member","Principle3Member","Principle4Member","Principle5Member","Principle6Member","Principle7Member","Principle8Member","Principle9Member","Principle1Member","Principle2Member","Principle3Member","Principle4Member","Principle5Member","Principle6Member","Principle7Member","Principle8Member","Principle9Member"]
[null,null,null,"Description of other committee for compliance with statutory requirements of relevance to the principles and rectification",null,null,null,null,null,null,null,null,null,null,null,null,null,null,null,null,null,null,null,null,null,null,"DescriptionOfOtherCommitteeForComplianceWithStatutoryRequirementsOfRelevanceToThePrinciplesAndRectification",null,null,null,null,"DescriptionOfOtherFrequencyForComplianceWithStatutoryRequirementsOfRelevanceToThePrinciplesAndRectificationOfAnyNonCompliances","Principle1Member","Principle2Member","Principle3Member","Principle4Member","Principle5Member","Principle6Member","Principle7Member","Principle8Member","Principle9Member","Principle1Member","Principle2Member","Principle3Member","Principle4Member","Principle5Member","Principle6Member","Principle7Member","Principle8Member","Principle9Member"]
[null,null,null,"11. Has the entity carried out independent assessment/ evaluation of the working of its policies by an external agency? (Yes/No).","P1","P2","P3","P4","P5","P6","P7","P8","P9",null,null,null,null,null,null,null,null,null,null,null,null,null,null,"11. Has the entity carried out independent assessment/ evaluation of the working of its policies by an external agency? (Yes/No). If yes, provide name of the agency.",null,null,"This is a mandatory field"]
[null,null,null,null,null,null,null,null,null,null,null,null,null,null,null,null,null,null,null,null,null,null,null,null,null,null,"HasTheEntityCarriedOutIndependentAssessmentEvaluationOfTheWorkingOfItsPoliciesByAnExternalAgency",null,null,null,null,null,"Principle1Member","Principle2Member","Principle3Member","Principle4Member","Principle5Member","Principle6Member","Principle7Member","Principle8Member","Principle9Member"]
[null,null,null,"If Yes, Provide name of the agency",null,null,null,null,null,null,null,null,null,null,null,null,null,null,null,null,null,null,null,null,null,null,"NameOfTheAgencyIfTheEntityCarriedOutIndependentAssessmentEvaluationOfTheWorkingOfItsPoliciesByAnExternalAgencyExplanatoryTextBlock",null,null,null,null,null,"Principle1Member","Principle2Member","Principle3Member","Principle4Member","Principle5Member","Principle6Member","Principle7Member","Principle8Member","Principle9Member"]
[null,null,null,"12. If answer to question (1) above is “No” i.e. not all Principles are covered by a policy, reasons to be stated:"]
[null,null,null,"Questions","P 1","P 2","P 3","P 4","P 5","P 6","P 7","P 8","P 9"]
[null,null,null,"The entity does not consider the Principles material to its business (Yes/No)",null,null,null,null,null,null,null,null,null,null,null,null,null,null,null,null,null,null,null,null,null,null,"TheEntityDoesNotConsiderThePrinciplesMaterialToItsBusiness","The entity does not consider the Principles material to its business (Yes/No)",null,null,"This is a mandatory field",null,"Principle1Member","Principle2Member","Principle3Member","Principle4Member","Principle5Member","Principle6Member","Principle7Member","Principle8Member","Principle9Member"]
[null,null,null,"The entity is not at a stage where it is in a position to formulate and implement the policies on specified principles (Yes/No)",null,null,null,null,null,null,null,null,null,null,null,null,null,null,null,null,null,null,null,null,null,null,"TheEntityIsNotAtAStageWhereItIsInAPositionToFormulateAndImplementThePoliciesOnSpecifiedPrinciples","The entity is not at a stage where it is in a position to formulate and implement the policies on specified principles (Yes/No)",null,null,"This is a mandatory field",null,"Principle1Member","Principle2Member","Principle3Member","Principle4Member","Principle5Member","Principle6Member","Principle7Member","Principle8Member","Principle9Member"]
[null,null,null,"The entity does not have the financial or/human and technical resources available for the task (Yes/No)",null,null,null,null,null,null,null,null,null,null,null,null,null,null,null,null,null,null,null,null,null,null,"TheEntityDoesNotHaveTheFinancialOrHumanAndTechnicalResourcesAvailableForTheTask","The entity does not have the financial or/human and technical resources available for the task (Yes/No)",null,null,"This is a mandatory field",null,"Principle1Member","Principle2Member","Principle3Member","Principle4Member","Principle5Member","Principle6Member","Principle7Member","Principle8Member","Principle9Member"]
[null,null,null,"It is planned to be done in the next financial year (Yes/No)",null,null,null,null,null,null,null,null,null,null,null,null,null,null,null,null,null,null,null,null,null,null,"ItIsPlannedToBeDoneInTheNextFinancialYear","It is planned to be done in the next financial year (Yes/No)",null,null,"This is a mandatory field",null,"Principle1Member","Principle2Member","Principle3Member","Principle4Member","Principle5Member","Principle6Member","Principle7Member","Principle8Member","Principle9Member"]
[null,null,null,"Any other reason (please specify)",null,null,null,null,null,null,null,null,null,null,null,null,null,null,null,null,null,null,null,null,null,null,"AnyOtherReasonsIfPoliciesNotCoverEachPrincipleAndItsCoreElementsOfTheNGRBCsExplanatoryTextBlock",null,null,null,null,null,"Principle1Member","Principle2Member","Principle3Member","Principle4Member","Principle5Member","Principle6Member","Principle7Member","Principle8Member","Principle9Member"]
[null,null,null,"Notes",null,null,null,null,null,null,null,null,null,null,null,null,null,null,null,null,null,null,null,null,null,null,"NotesManagementAndProcessDisclosuresExplanatoryTextBlock",null,null,null,null,null,"Principle1Member","Principle2Member","Principle3Member","Principle4Member","Principle5Member","Principle6Member","Principle7Member","Principle8Member","Principle9Member"]
[null,null,null,null,null,null,null,null,null,null,null,null,null,null,null,null,null,null,null,null,null,null,null,null,null,null,"TheentitydoesnotconsiderthePrinciplesmaterialtoitsbusiness(Yes/No)",null,null,null,null,null,"Principle1Member","Principle2Member","Principle3Member","Principle4Member","Principle5Member","Principle6Member","Principle7Member","Principle8Member","Principle9Member"]
[null,null,null,null,null,null,null,null,null,null,null,null,null,null,null,null,null,null,null,null,null,null,null,null,null,null,"Theentityisnotatastagewhereitisinapositiontoformulateandimplementthepoliciesonspecifiedprinciples(Yes/No)",null,null,null,null,null,"Principle1Member","Principle2Member","Principle3Member","Principle4Member","Principle5Member","Principle6Member","Principle7Member","Principle8Member","Principle9Member"]
[null,null,null,null,null,null,null,null,null,null,null,null,null,null,null,null,null,null,null,null,null,null,null,null,null,null,"Theentitydoesnothavethefinancialor/humanandtechnicalresourcesavailableforthetask(Yes/No)",null,null,null,null,null,"Principle1Member","Principle2Member","Principle3Member","Principle4Member","Principle5Member","Principle6Member","Principle7Member","Principle8Member","Principle9Member"]
[null,null,null,null,null,null,null,null,null,null,null,null,null,null,null,null,null,null,null,null,null,null,null,null,null,null,"Itisplannedtobedoneinthenextfinancialyear(Yes/No)",null,null,null,null,null,"Principle1Member","Principle2Member","Principle3Member","Principle4Member","Principle5Member","Principle6Member","Principle7Member","Principle8Member","Principle9Member"]

{"sheet":"PRINCIPLE 1","index":12,"n_rows":81,"n_cols":36,"rows_kept":81,"cut":false,"hidden":false,"merged":[[80,5,80,8],[5,26,5,30],[7,3,7,8],[17,3,17,8],[11,3,11,8],[40,3,40,7],[36,4,36,5],[37,7,37,8],[38,7,38,8],[39,7,39,8],[36,3,37,3],[36,6,36,8],[8,3,8,8],[9,3,9,8],[10,3,10,8],[29,3,29,8],[18,3,18,4],[22,3,22,4],[76,3,76,8],[25,3,25,7],[26,3,26,5],[28,3,28,5],[48,3,54,3],[56,3,62,3],[64,3,75,3],[78,3,78,6],[77,3,77,6],[79,3,79,6],[35,3,35,8],[27,3,27,5],[41,3,41,5],[46,3,46,6]]}
[null,null,null,null,null,null,null,null,null,null,null,null,null,null,null,"Yes"]
[null,null,null,null,null,null,null,null,null,null,null,null,null,null,null,"No"]
[null,null,null,null,null,null,null,null,null,null,null,null,null,null,null,"NA"]
[]
[]
[null,null,null,null,null,null,null,null,null,null,null,null,null,null,null,null,null,null,null,null,null,null,null,null,null,null,"Taxonomy"]
[]
[null,null,null,"SECTION C: PRINCIPLE WISE PERFORMANCE DISCLOSURE",null,null,null,null,null,null,null,null,null,null,null,null,null,null,null,null,null,null,null,null,null,null,"Element Name","Label name","type","I/D","validations"]
[null,null,null,"This section is aimed at helping entities demonstrate their performance in integrating the Principles and Core Elements with key processes and decisions. The information sought is categorized as “Essential” and “Leadership”. While the essential indicators are expected to be disclosed by every entity that is mandated to file this report, the leadership indicators may be voluntarily disclosed by entities which aspire to progress to a higher level in their quest to be socially, environmentally and ethically responsible."]
[null,null,null,"PRINCIPLE 1 Businesses should conduct and govern themselves with integrity, and in a manner that is Ethical, Transparent and Accountable."]
[null,null,null,"Essential Indicators"]
[null,null,null,"1. Percentage coverage by training and awareness programmes on any of the Principles during the financial year:"]
[null,null,null,"Segment","Total number of training and awareness programmes held","Topics/principles covered under the training and its impact","%age of persons in respective category covered by the awareness programmes"]
[null,null,null,"Board of Directors",null,null,null,null,null,null,null,null,null,null,null,null,null,null,null,null,null,null,null,null,null,null,"BoardOfDirectorsSegmentMember","Board of Directors",null,null,"This is a mandatory field",null,"TotalNumberOfTrainingAndAwarenessProgramsHeld","TopicsOrPrinciplesCoveredUnderTheTrainingAndItsImpact","PercentageOfPersonsInRespectiveCategoryCoveredByTheAwarenessProgrammes"]
[null,null,null,"Key Managerial Personnel",null,null,null,null,null,null,null,null,null,null,null,null,null,null,null,null,null,null,null,null,null,null,"KeyManagerialPersonnelSegmentMember","Key\nManagerial Personnel",null,null,"This is a mandatory field",null,"TotalNumberOfTrainingAndAwarenessProgramsHeld","TopicsOrPrinciplesCoveredUnderTheTrainingAndItsImpact","PercentageOfPersonsInRespectiveCategoryCoveredByTheAwarenessProgrammes"]
[null,null,null,"Employees other than BoD and KMPs",null,null,null,null,null,null,null,null,null,null,null,null,null,null,null,null,null,null,null,null,null,null,"EmployeesOtherThanBoDAndKMPsSegmentMember","Employees other than BoD and KMPs",null,null,"This is a mandatory field",null,"TotalNumberOfTrainingAndAwarenessProgramsHeld","TopicsOrPrinciplesCoveredUnderTheTrainingAndItsImpact","PercentageOfPersonsInRespectiveCategoryCoveredByTheAwarenessProgrammes"]
[null,null,null,"Workers",null,null,null,null,null,null,null,null,null,null,null,null,null,null,null,null,null,null,null,null,null,null,"WorkersSegmentMember","Workers",null,null,"This is a mandatory field",null,"TotalNumberOfTrainingAndAwarenessProgramsHeld","TopicsOrPrinciplesCoveredUnderTheTrainingAndItsImpact","PercentageOfPersonsInRespectiveCategoryCoveredByTheAwarenessProgrammes"]
[null,null,null,"2. Details of fines / penalties /punishment/ award/ compounding fees/ settlement amount paid in proceedings (by the entity or by directors / KMPs) with regulators/ law enforcement agencies/ judicial institutions, in the financial year, in the following format (Note: the entity shall make disclosures on the basis of materiality as specified in Regulation 30 of SEBI (Listing Obligations and Disclosure Obligations) Regulations, 2015 and as disclosed on the entity’s website):"]
[null,null,null,"Monetary"]
[null,null,null,"Penalty/ Fine","Add Details"]
[null,null,null,"Settlement","Add Details"]
[null,null,null,"Compounding fee","Add Details"]
[null,null,null,"Non- Monetary"]
[null,null,null,"Imprisonment","Add Details"]
[null,null,null,"Punishment","Add Details"]
[null,null,null,"3. Of the instances disclosed in Question 2 above, details of the Appeal/ Revision preferred in cases where monetary or non-monetary action has been appealed",null,null,null,null,"Add Details"]
[null,null,null,"4. Does the entity have anti-corruption or anti-bribery policy?",null,null,null,null,null,null,null,null,null,null,null,null,null,null,null,null,null,null,null,null,null,null,"DoesTheEntityHaveAnAntiCorruptionOrAntiBriberyPolicy","DetailsForTheEntityHaveNotApplicableAnAntiCorruptionOrAntiBriberyPolicyExplanatoryTextBlock"]
[null,null,null,"If Yes, provide details in brief",null,null,null,null,null,null,null,null,null,null,null,null,null,null,null,null,null,null,null,null,null,null,"AntiCorruptionOrAntiBriberyPolicyExplanatoryTextBlock"]
[null,null,null,"Provide a web-link if the entity has anti-corruption or anti-bribery policy",null,null,null,null,null,null,null,null,null,null,null,null,null,null,null,null,null,null,null,null,null,null,"WebLinkAtAntiCorruptionOrAntiBriberyPolicyIsPlace"]
[null,null,null,"5. Number of Directors/KMPs/employees/workers against whom disciplinary action was taken by any law enforcement agency for the charges of bribery/ corruption:"]
[null,null,null,null,{"$f":"\"FY (\"&RIGHT('General Disclosures'!F19,4)&\"-\"&RIGHT('General Disclosures'!H19,2)&\")\"","v":"FY (-)"},{"$f":"\"PY (\"&RIGHT('General Disclosures'!F20,4)&\"-\"&RIGHT('General Disclosures'!H20,2)&\")\"","v":"PY (-)"}]
[null,null,null,"Directors",null,null,null,null,null,null,null,null,null,null,null,null,null,null,null,null,null,null,null,null,null,null,"NumberOfDirectorsAgainstWhomDisciplinaryActionWasTaken","Directors",null,null,"This is a mandatory field"]
[null,null,null,"KMPs",null,null,null,null,null,null,null,null,null,null,null,null,null,null,null,null,null,null,null,null,null,null,"NumberOfKMPsAgainstWhomDisciplinaryActionWasTaken","KMPs",null,null,"This is a mandatory field"]
[null,null,null,"Employees",null,null,null,null,null,null,null,null,null,null,null,null,null,null,null,null,null,null,null,null,null,null,"NumberOfEmployeesAgainstWhomDisciplinaryActionWasTaken","Employees",null,null,"This is a mandatory field"]
[null,null,null,"Workers",null,null,null,null,null,null,null,null,null,null,null,null,null,null,null,null,null,null,null,null,null,null,"NumberOfWorkersAgainstWhomDisciplinaryActionWasTaken","Workers",null,null,"This is a mandatory field"]
[null,null,null,"6. Details of complaints with regard to conflict of interest:"]
[null,null,null,null,{"$f":"\"FY (\"&RIGHT('General Disclosures'!F19,4)&\"-\"&RIGHT('General Disclosures'!H19,2)&\")\"","v":"FY (-)"},null,{"$f":"\"PY (\"&RIGHT('General Disclosures'!F20,4)&\"-\"&RIGHT('General Disclosures'!H20,2)&\")\"","v":"PY (-)"}]
[null,null,null,null,"Number","Remarks","Number","Remarks"]
[null,null,null,"Number of complaints received in relation to issues of Conflict of Interest of the Directors",null,null,null,null,null,null,null,null,null,null,null,null,null,null,null,null,null,null,null,null,null,null,"NumberofcomplaintsreceivedinrelationtoissuesofConflictofInterestoftheDirectors","Number of complaints received in relation to issues of Conflict of Interest of the Directors",null,null,"This is a mandatory field",null,"NumberOfComplaintsReceivedInRelationToIssuesOfConflictOfInterestOfTheDirectors","RemarksInCaseComplaintsReceivedInRelationToIssuesOfConflictOfInterestOfTheDirectors","NumberOfComplaintsReceivedInRelationToIssuesOfConflictOfInterestOfTheDirectors","RemarksInCaseComplaintsReceivedInRelationToIssuesOfConflictOfInterestOfTheDirectors"]
[null,null,null,"Number of complaints received in relation to issues of Conflict of Interest of the KMPs",null,null,null,null,null,null,null,null,null,null,null,null,null,null,null,null,null,null,null,null,null,null,"NumberofcomplaintsreceivedinrelationtoissuesofConflictofInterestoftheKMPs","Number of complaints received in relation to issues of Conflict of Interest of the KMPs",null,null,"This is a mandatory field",null,"NumberOfComplaintsReceivedInRelationToIssuesOfConflictOfInterestOfTheKMPs","RemarksInCaseComplaintsReceivedInRelationToIssuesOfConflictOfInterestOfTheKmps","NumberOfComplaintsReceivedInRelationToIssuesOfConflictOfInterestOfTheKMPs","RemarksInCaseComplaintsReceivedInRelationToIssuesOfConflictOfInterestOfTheKmps"]
[null,null,null,"7. Provide details of any corrective action taken or underway on issues related to fines / penalties / action taken by regulators/ law enforcement agencies/ judicial institutions, on cases of corruption and conflicts of interest.",null,null,null,null,null,null,null,null,null,null,null,null,null,null,null,null,null,null,null,null,null,null,"DetailsOfAnyCorrectiveActionTakenOrUnderwayOnIssuesRelatedToFinesOrPenaltiesOrActionTakenByRegulatorsOrLawEnforcementAgenciesOrJudicialInstitutionsOnCasesOfCorruptionAndConflictsOfInterestExplanatoryTextBlock"]
[null,null,null,"8. Number of days of accounts payables"]
[null,null,null,null,{"$f":"\"FY (\"&RIGHT('General Disclosures'!F19,4)&\"-\"&RIGHT('General Disclosures'!H19,2)&\")\"","v":"FY (-)"},{"$f":"\"PY (\"&RIGHT('General Disclosures'!F20,4)&\"-\"&RIGHT('General Disclosures'!H20,2)&\")\"","v":"PY (-)"}]
[null,null,null,"i) Accounts payable x 365 days",null,null,null,null,null,null,null,null,null,null,null,null,null,null,null,null,null,null,null,null,null,null,"AmountOfAccountsPayableDuringTheYear"]
[null,null,null,"ii) Cost of goods/services procured",null,null,null,null,null,null,null,null,null,null,null,null,null,null,null,null,null,null,null,null,null,null,"CostOfGoodsOrServicesProcuredDuringTheYear"]
[null,null,null,"iii) Number of days of accounts payables",{"$f":"IF(OR(E44<0,E45<0),0,IF(COUNT(E44:E45)=0,\"\",IFERROR(ROUND(E44/E45,2),0)))","v":""},{"$f":"IF(OR(F44<0,F45<0),0,IF(COUNT(F44:F45)=0,\"\",IFERROR(ROUND(F44/F45,2),0)))","v":""},null,null,null,null,null,null,null,null,null,null,null,null,null,null,null,null,null,null,null,null,"NumberOfDaysOfAccountsPayable"]
[null,null,null,"9. Open-ness of business - Provide details of concentration of purchases and sales with trading houses, dealers, and related parties along-with loans and advances & investments, with related parties, in the following format"]
[null,null,null,"Parameter","Metrics",{"$f":"\"FY (\"&RIGHT('General Disclosures'!F19,4)&\"-\"&RIGHT('General Disclosures'!H19,2)&\")\"","v":"FY (-)"},{"$f":"\"PY (\"&RIGHT('General Disclosures'!F20,4)&\"-\"&RIGHT('General Disclosures'!H20,2)&\")\"","v":"PY (-)"}]
[null,null,null,"Concentration of Purchases","a. i) Purchases from trading houses",null,null,null,null,null,null,null,null,null,null,null,null,null,null,null,null,null,null,null,null,null,"AmountOfPurchasesFromTradingHouses"]
[null,null,null,null,"ii) Total purchases",null,null,null,null,null,null,null,null,null,null,null,null,null,null,null,null,null,null,null,null,null,"AmountOfTotalPurchases"]
[null,null,null,null,"iii) Purchases from trading houses as % of total purchases",{"$f":"IFERROR(ROUND(F49/F50,4),\"\")","v":""},{"$f":"IFERROR(ROUND(G49/G50,4),\"\")","v":""},null,null,null,null,null,null,null,null,null,null,null,null,null,null,null,null,null,null,null,"PercentageOfPurchasesFromTradingHousesInTotalPurchasesForConcentrationOfPurchases"]
[null,null,null,null,"b. Number of trading houses where purchases are made",null,null,null,null,null,null,null,null,null,null,null,null,null,null,null,null,null,null,null,null,null,"NumberOfTradingHousesWherePurchasesAreMade"]
[null,null,null,null,"c. i) Purchases from top 10 trading houses",null,null,null,null,null,null,null,null,null,null,null,null,null,null,null,null,null,null,null,null,null,"AmountOfPurchasesFromTopTenTradingHouses"]
[null,null,null,null,"ii) Total purchases from trading houses",null,null,null,null,null,null,null,null,null,null,null,null,null,null,null,null,null,null,null,null,null,"AmountOfTotalPurchasesFromTradingHouses"]
[null,null,null,null,"iii) Purchases from top 10 trading houses as % of total purchases from trading houses",{"$f":"IFERROR(ROUND(F53/F54,4),\"\")","v":""},{"$f":"IFERROR(ROUND(G53/G54,4),\"\")","v":""},null,null,null,null,null,null,null,null,null,null,null,null,null,null,null,null,null,null,null,"PercentageOfPurchasesFromTopTenTradingHousesInTotalPurchasesFromTradingHouses"]
[null,null,null,"Parameter","Metrics",{"$f":"\"FY (\"&RIGHT('General Disclosures'!F19,4)&\"-\"&RIGHT('General Disclosures'!H19,2)&\")\"","v":"FY (-)"},{"$f":"\"PY (\"&RIGHT('General Disclosures'!F20,4)&\"-\"&RIGHT('General Disclosures'!H20,2)&\")\"","v":"PY (-)"}]
[null,null,null,"Concentration of Sales","a. i) Sales to dealer / distributors",null,null,null,null,null,null,null,null,null,null,null,null,null,null,null,null,null,null,null,null,null,"AmountOfSalesToDealersOrDistributors"]
[null,null,null,null,"ii) Total Sales",null,null,null,null,null,null,null,null,null,null,null,null,null,null,null,null,null,null,null,null,null,"AmountOfTotalSales"]
[null,null,null,null,"iii) Sales to dealer / distributors as % of total sales",{"$f":"IFERROR(ROUND(F57/F58,4),\"\")","v":""},{"$f":"IFERROR(ROUND(G57/G58,4),\"\")","v":""},null,null,null,null,null,null,null,null,null,null,null,null,null,null,null,null,null,null,null,"PercentageOfSalesToDealersOrDistributorsInTotalSales"]
[null,null,null,null,"b. Number of  dealers / distributors to whom sales are made",null,null,null,null,null,null,null,null,null,null,null,null,null,null,null,null,null,null,null,null,null,"NumberOfDealersOrDistributorsToWhomSalesAreMade"]
[null,null,null,null,"c. i) Sales to top 10 dealers / distributors",null,null,null,null,null,null,null,null,null,null,null,null,null,null,null,null,null,null,null,null,null,"AmountOfSalesToTopTenDealersOrDistributors"]
[null,null,null,null,"ii) Total Sales to dealer / distributors",null,null,null,null,null,null,null,null,null,null,null,null,null,null,null,null,null,null,null,null,null,"AmountOfTotalSalesToDealersOrDistributors"]
[null,null,null,null,"iii) Sales to top 10 dealers / distributors as % of total sales to dealer / distributors",{"$f":"IFERROR(ROUND(F61/F62,4),\"\")","v":""},{"$f":"IFERROR(ROUND(G61/G62,4),\"\")","v":""},null,null,null,null,null,null,null,null,null,null,null,null,null,null,null,null,null,null,null,"PercentageOfSalesToTopTenDealersOrDistributorsInTotalSalesToDealersOrDistributors"]
[null,null,null,"Parameter","Metrics",{"$f":"\"FY (\"&RIGHT('General Disclosures'!F19,4)&\"-\"&RIGHT('General Disclosures'!H19,2)&\")\"","v":"FY (-)"},{"$f":"\"PY (\"&RIGHT('General Disclosures'!F20,4)&\"-\"&RIGHT('General Disclosures'!H20,2)&\")\"","v":"PY (-)"}]
[null,null,null,"Share of RPTs in","a. i) Purchases (Purchases with related parties)",null,null,null,null,null,null,null,null,null,null,null,null,null,null,null,null,null,null,null,null,null,"AmountOfPurchasesFromRelatedParties"]
[null,null,null,null,"ii) Total Purchases",null,null,null,null,null,null,null,null,null,null,null,null,null,null,null,null,null,null,null,null,null,"AmountOfTotalPurchasesForShareOfRelatedPartyTransactions"]
[null,null,null,null,"iii) Purchases (Purchases with related parties as % of Total Purchases)",{"$f":"IFERROR(ROUND(F65/F66,4),\"\")","v":""},{"$f":"IFERROR(ROUND(G65/G66,4),\"\")","v":""},null,null,null,null,null,null,null,null,null,null,null,null,null,null,null,null,null,null,null,"PercentageOfPurchasesFromRelatedPartiesInTotalPurchasesForShareOfRelatedPartyTransactions"]
[null,null,null,null,"b. i) . Sales (Sales to related parties)",null,null,null,null,null,null,null,null,null,null,null,null,null,null,null,null,null,null,null,null,null,"AmountOfSalesToRelatedParties"]
[null,null,null,null,"ii) Total Sales",null,null,null,null,null,null,null,null,null,null,null,null,null,null,null,null,null,null,null,null,null,"AmountOfTotalSalesForShareOfRelatedPartyTransactions"]
[null,null,null,null,"iii) Sales (Sales to related parties as % of Total Sales)",{"$f":"IFERROR(ROUND(F68/F69,4),\"\")","v":""},{"$f":"IFERROR(ROUND(G68/G69,4),\"\")","v":""},null,null,null,null,null,null,null,null,null,null,null,null,null,null,null,null,null,null,null,"PercentageOfSalesToRelatedPartiesInTotalSalesForShareOfRelatedPartyTransactions"]
[null,null,null,null,"c. i) Loans & advances given to related parties",null,null,null,null,null,null,null,null,null,null,null,null,null,null,null,null,null,null,null,null,null,"AmountOfLoansAndAdvancesGivenToRelatedParties"]
[null,null,null,null,"ii) Total loans & advances",null,null,null,null,null,null,null,null,null,null,null,null,null,null,null,null,null,null,null,null,null,"AmountOfTotalLoansAndAdvances"]
[null,null,null,null,"iii) Loans & advances given to related parties as % of Total loans & advances",{"$f":"IFERROR(ROUND(F71/F72,4),\"\")","v":""},{"$f":"IFERROR(ROUND(G71/G72,4),\"\")","v":""},null,null,null,null,null,null,null,null,null,null,null,null,null,null,null,null,null,null,null,"PercentageOfLoansAndAdvancesGivenToRelatedPartiesInTotalLoansAndAdvances"]
[null,null,null,null,"d. i) Investments in related parties",null,null,null,null,null,null,null,null,null,null,null,null,null,null,null,null,null,null,null,null,null,"AmountOfInvestmentsInRelatedParties"]
[null,null,null,null,"ii) Total Investments made",null,null,null,null,null,null,null,null,null,null,null,null,null,null,null,null,null,null,null,null,null,"AmountOfTotalInvestments"]
[null,null,null,null,"iii) Investments in related parties as % of Total Investments made",{"$f":"IFERROR(ROUND(F74/F75,4),\"\")","v":""},{"$f":"IFERROR(ROUND(G74/G75,4),\"\")","v":""},null,null,null,null,null,null,null,null,null,null,null,null,null,null,null,null,null,null,null,"PercentageOfInvestmentsInRelatedPartiesInTotalInvestments"]
[null,null,null,"Leadership Indicators"]
[null,null,null,"1. Awareness programmes conducted for value chain partners on any of the Principles during the financial year",null,null,null,"Add Details"]
[null,null,null,"2. Does the entity have processes in place to avoid/ manage conflict of interests involving members of the Board?",null,null,null,null,null,null,null,null,null,null,null,null,null,null,null,null,null,null,null,null,null,null,"DoesTheEntityHaveProcessesInPlaceToAvoidOrManageConflictOfInterestsInvolvingMembersOfTheBoard","DetailsOfTheEntityHaveNotApplicableProcessesInPlaceToAvoidOrManageConflictOfInterestsInvolvingMembersOfTheBoardExplanatoryTextBlock"]
[null,null,null,"If Yes, provide details of the same.",null,null,null,null,null,null,null,null,null,null,null,null,null,null,null,null,null,null,null,null,null,null,"DetailsOfTheEntityHaveProcessesInPlaceToAvoidOrManageConflictOfInterestsInvolvingMembersOfTheBoardExplanatoryTextBlock"]
[null,null,null,"Notes",null,null,null,null,null,null,null,null,null,null,null,null,null,null,null,null,null,null,null,null,null,null,"NotesPrinciple1ExplanatoryTextBlock"]

{"sheet":"Penalty or fine","index":13,"n_rows":11,"n_cols":31,"rows_kept":11,"cut":false,"hidden":false,"merged":[[10,3,10,8],[7,3,7,8],[5,26,5,30]]}
[null,null,null,null,null,null,null,null,0,null,null,null,"Yes"]
[null,null,null,null,"NGRBCPrincipleForPenaltyOrFine","NameOfTheRegulatoryOrEnforcementAgenciesOrJudicialInstitutionsForPenaltyOrFine","AmountOfFinesOrPenalties","BriefOfTheMonetaryCaseForPenaltyOrFineExplanatoryTextBlock","HasAnAppealBeenPreferredForPenaltyOrFine",null,null,null,"No"]
[]
[]
[]
[null,null,null,null,null,null,null,null,null,null,null,null,null,null,null,null,null,null,null,null,null,null,null,null,null,null,"Taxonomy"]
[null,null,null,null,null,null,null,null,"Back"]
[null,null,null,"Details of penalty or fine",null,null,null,null,null,null,null,null,null,null,null,null,null,null,null,null,null,null,null,null,null,null,"Element Name","Lable Name","Type","I/D","Validation"]
[null,null,null,"Sr. No.","NGRBC Principle","Name of the regulatory/ enforcement agencies/ judicial institutions","Amount (In INR)","Brief of the Case","Has an appeal been preferred? (Yes/No)",null,null,null,null,null,null,null,null,null,null,null,null,null,null,null,null,null,"NGRBC Principle","NGRBC Principle",null,null,"This is a mandatory field"]
[null,null,null,null,null,null,null,null,null,null,null,null,null,null,null,null,null,null,null,null,null,null,null,null,null,null,"Nameoftheregulatory/enforcementagencies/judicialinstitutions","Name of the\nregulatory/ enforcement agencies/\njudicial institutions",null,null,"This is a mandatory field"]
[null,null,null,null,null,null,null,null,null,null,null,null,null,null,null,null,null,null,null,null,null,null,null,null,null,null,"Amount(InINR)","Amount (In INR)",null,null,"This is a mandatory field"]

{"sheet":"Settlement","index":14,"n_rows":12,"n_cols":31,"rows_kept":12,"cut":false,"hidden":false,"merged":[[7,3,7,8],[10,3,10,8],[5,26,5,30]]}
[null,null,null,null,null,null,null,null,0,null,null,null,"Yes"]
[null,null,null,null,"NGRBCPrincipleForSettlement","NameOfTheRegulatoryOrEnforcementAgenciesOrJudicialInstitutionsForSettlement","AmountOfSettlement","BriefOfTheMonetaryCaseForSettlementExplanatoryTextBlock","HasAnAppealBeenPreferredForSettlement",null,null,null,"No"]
[]
[]
[]
[null,null,null,null,null,null,null,null,null,null,null,null,null,null,null,null,null,null,null,null,null,null,null,null,null,null,"Taxonomy"]
[null,null,null,null,null,null,null,null,"Back"]
[null,null,null,"Details of settlement",null,null,null,null,null,null,null,null,null,null,null,null,null,null,null,null,null,null,null,null,null,null,"Element Name","Lable Name","Type","I/D","Validation"]
[null,null,null,"Sr. No.","NGRBC Principle","Name of the regulatory/ enforcement agencies/ judicial institutions","Amount (In INR)","Brief of the Case","Has an appeal been preferred? (Yes/No)",null,null,null,null,null,null,null,null,null,null,null,null,null,null,null,null,null,"NGRBC\nPrinciple","NGRBC\nPrinciple",null,null,"This is a mandatory field"]
[null,null,null,null,null,null,null,null,null,null,null,null,null,null,null,null,null,null,null,null,null,null,null,null,null,null,"Nameoftheregulatory/enforcementagencies/judicialinstitutions","Name of the\nregulatory/ enforcement agencies/\njudicial institutions",null,null,"This is a mandatory field"]
[null,null,null,null,null,null,null,null,null,null,null,null,null,null,null,null,null,null,null,null,null,null,null,null,null,null,"Amount(InINR)","Amount (In INR)",null,null,"This is a mandatory field"]
[null,null,null,null,null,null,null,null,null,null,null,null,null,null,null,null,null,null,null,null,null,null,null,null,null,null,"Hasanappealbeenpreferred?(Yes/No)","Has an appeal been preferred? (Yes/No)",null,null,"This is a mandatory field"]

{"sheet":"Compounding Fee","index":15,"n_rows":12,"n_cols":31,"rows_kept":12,"cut":false,"hidden":false,"merged":[[7,3,7,8],[10,3,10,8],[5,26,5,30]]}
[null,null,null,null,null,null,null,null,0,null,null,null,"Yes"]
[null,null,null,null,"NGRBCPrincipleForCompoundingFee","NameOfTheRegulatoryOrEnforcementAgenciesOrJudicialInstitutionsForCompoundingFee","AmountOfCompoundingFee","BriefOfTheMonetaryCaseForCompoundingFeeExplanatoryTextBlock","HasAnAppealBeenPreferredForCompoundingFee",null,null,null,"No"]
[]
[]
[]
[null,null,null,null,null,null,null,null,null,null,null,null,null,null,null,null,null,null,null,null,null,null,null,null,null,null,"Taxonomy"]
[null,null,null,null,null,null,null,null,"Back"]
[null,null,null,"Details of compounding fee",null,null,null,null,null,null,null,null,null,null,null,null,null,null,null,null,null,null,null,null,null,null,"Element Name","Lable Name","Type","I/D","Validation"]
[null,null,null,"Sr. No.","NGRBC Principle","Name of the regulatory/ enforcement agencies/ judicial institutions","Amount (In INR)","Brief of the Case","Has an appeal been preferred?",null,null,null,null,null,null,null,null,null,null,null,null,null,null,null,null,null,"NGRBC\nPrinciple","NGRBC\nPrinciple",null,null,"This is a mandatory field"]
[null,null,null,null,null,null,null,null,null,null,null,null,null,null,null,null,null,null,null,null,null,null,null,null,null,null,"Nameoftheregulatory/enforcementagencies/judicialinstitutions","Name of the\nregulatory/ enforcement agencies/\njudicial institutions",null,null,"This is a mandatory field"]
[null,null,null,null,null,null,null,null,null,null,null,null,null,null,null,null,null,null,null,null,null,null,null,null,null,null,"Amount(InINR)","Amount (In INR)",null,null,"This is a mandatory field"]
[null,null,null,null,null,null,null,null,null,null,null,null,null,null,null,null,null,null,null,null,null,null,null,null,null,null,"Hasanappealbeenpreferred?","Has an appeal been preferred?",null,null,"This is a mandatory field"]

{"sheet":"Imprisonment","index":16,"n_rows":11,"n_cols":31,"rows_kept":11,"cut":false,"hidden":false,"merged":[[7,3,7,7],[10,3,10,7],[5,26,5,30]]}
[null,null,null,null,null,null,null,null,0,null,null,"Yes"]
[null,null,null,null,"NGRBCPrincipleForImprisonment","NameOfTheRegulatoryOrEnforcementAgenciesOrJudicialInstitutionsForImprisonment","BriefOfTheMonetaryCaseForImprisonmentExplanatoryTextBlock","HasAnAppealBeenPreferredForImprisonment",null,null,null,"No"]
[]
[]
[]
[null,null,null,null,null,null,null,null,null,null,null,null,null,null,null,null,null,null,null,null,null,null,null,null,null,null,"Taxonomy"]
[null,null,null,null,null,null,null,"Back"]
[null,null,null,"Details of imprisonment",null,null,null,null,null,null,null,null,null,null,null,null,null,null,null,null,null,null,null,null,null,null,"Element Name","Lable Name","Type","I/D","Validation"]
[null,null,null,"Sr. No.","NGRBC Principle","Name of the regulatory/ enforcement agencies/ judicial institutions","Brief of the Case","Has an appeal been preferred? (Yes/No)",null,null,null,null,null,null,null,null,null,null,null,null,null,null,null,null,null,null,"NGRBC\nPrinciple","NGRBC\nPrinciple",null,null,"This is a mandatory field"]
[null,null,null,null,null,null,null,null,null,null,null,null,null,null,null,null,null,null,null,null,null,null,null,null,null,null,"Nameoftheregulatory/enforcementagencies/judicialinstitutions","Name of the\nregulatory/ enforcement agencies/\njudicial institutions",null,null,"This is a mandatory field"]
[null,null,null,null,null,null,null,null,null,null,null,null,null,null,null,null,null,null,null,null,null,null,null,null,null,null,"Hasanappealbeenpreferred?(Yes/No)","Has an appeal been preferred? (Yes/No)",null,null,"This is a mandatory field"]

{"sheet":"Punishment","index":17,"n_rows":11,"n_cols":31,"rows_kept":11,"cut":false,"hidden":false,"merged":[[7,3,7,7],[10,3,10,7],[5,26,5,30]]}
[null,null,null,null,null,null,null,null,0,null,null,"Yes"]
[null,null,null,null,"NGRBCPrincipleForPunishment","NameOfTheRegulatoryOrEnforcementAgenciesOrJudicialInstitutionsForPunishment","BriefOfTheMonetaryCaseForPunishmentExplanatoryTextBlock","HasAnAppealBeenPreferredForPunishment",null,null,null,"No"]
[]
[]
[]
[null,null,null,null,null,null,null,null,null,null,null,null,null,null,null,null,null,null,null,null,null,null,null,null,null,null,"Taxonomy"]
[null,null,null,null,null,null,null,"Back"]
[null,null,null,"Punishment",null,null,null,null,null,null,null,null,null,null,null,null,null,null,null,null,null,null,null,null,null,null,"Element Name","Lable Name","Type","I/D","Validation"]
[null,null,null,"Sr. No.","NGRBC Principle","Name of the regulatory/ enforcement agencies/ judicial institutions","Brief of the Case","Has an appeal been preferred? (Yes/No)",null,null,null,null,null,null,null,null,null,null,null,null,null,null,null,null,null,null,"NGRBC\nPrinciple","NGRBC\nPrinciple",null,null,"This is a mandatory field"]
[null,null,null,null,null,null,null,null,null,null,null,null,null,null,null,null,null,null,null,null,null,null,null,null,null,null,"Nameoftheregulatory/enforcementagencies/judicialinstitutions","Name of the\nregulatory/ enforcement agencies/\njudicial institutions",null,null,"This is a mandatory field"]
[null,null,null,null,null,null,null,null,null,null,null,null,null,null,null,null,null,null,null,null,null,null,null,null,null,null,"Hasanappealbeenpreferred?(Yes/No)","Has an appeal been preferred? (Yes/No)",null,null,"This is a mandatory field"]

{"sheet":"Appeal or revision case","index":18,"n_rows":10,"n_cols":31,"rows_kept":10,"cut":false,"hidden":false,"merged":[[7,3,7,5],[10,3,10,5],[5,26,5,30]]}
[null,null,null,null,null,null,null,null,0,null,null,"Yes"]
[null,null,null,null,"DetailsOfTheCase","NameOfTheRegulatoryOrEnforcementAgenciesOrJudicialInstitutions"]
[null,null,null,null,null,null,null,null,null,null,null,"No"]
[]
[]
[null,null,null,null,null,null,null,null,null,null,null,null,null,null,null,null,null,null,null,null,null,null,null,null,null,null,"Taxonomy"]
[null,null,null,null,null,"Back"]
[null,null,null,"Details Of The Appeal Or Revision Preferred In Cases Where Monetary Or Non Monetary Action Has Been Appealed",null,null,null,null,null,null,null,null,null,null,null,null,null,null,null,null,null,null,null,null,null,null,"Element Name","Lable Name","Type","I/D","Validation"]
[null,null,null,"Sr. No.","Case Details","Name of the regulatory/ enforcement agencies/ judicial institutions",null,null,null,null,null,null,null,null,null,null,null,null,null,null,null,null,null,null,null,null,"CaseDetails","Case Details",null,null,"This is a mandatory field"]
[null,null,null,null,null,null,null,null,null,null,null,null,null,null,null,null,null,null,null,null,null,null,null,null,null,null,"Nameoftheregulatory/enforcementagencies/judicialinstitutions","Name of the regulatory/ enforcement agencies/judicial institutions",null,null,"This is a mandatory field"]

{"sheet":"Programmes for value chain","index":19,"n_rows":11,"n_cols":31,"rows_kept":11,"cut":false,"hidden":false,"merged":[[7,3,7,6],[10,3,10,6],[5,26,5,30]]}
[null,null,null,null,null,null,null,null,0,null,null,"Yes"]
[null,null,null,null,"TotalNumberOfAwarenessProgrammesHeld","TopicsOrPrinciplesCoveredUnderTheTraining","PercentageOfValueChainPartnersCoveredUnderTheAwarenessProgrammes"]
[null,null,null,null,null,null,null,null,null,null,null,"No"]
[]
[]
[null,null,null,null,null,null,null,null,null,null,null,null,null,null,null,null,null,null,null,null,null,null,null,null,null,null,"Taxonomy"]
[null,null,null,null,null,null,"Back"]
[null,null,null," Awareness programmes conducted for value chain partners on any of the Principles during the financial year",null,null,null,null,null,null,null,null,null,null,null,null,null,null,null,null,null,null,null,null,null,null,"Element Name","Lable Name","Type","I/D","Validation"]
[null,null,null,"Sr. No.","Total number of awareness programmes held","Topics / principles covered under the training","Percentage of value chain partners covered (by value of business done with such partners) under the awareness programmes",null,null,null,null,null,null,null,null,null,null,null,null,null,null,null,null,null,null,null,"Totalnumberofawarenessprogrammesheld","Total number of awareness programmes held",null,null,"This is a mandatory field"]
[null,null,null,null,null,null,null,null,null,null,null,null,null,null,null,null,null,null,null,null,null,null,null,null,null,null,"Topics/principlescoveredunderthetraining","Topics / principles covered under the training",null,null,"This is a mandatory field"]
[null,null,null,null,null,null,null,null,null,null,null,null,null,null,null,null,null,null,null,null,null,null,null,null,null,null,"Percentageofvaluechainpartnerscovered(byvalueofbusinessdonewithsuchpartners)undertheawarenessprogrammes","Percentage of value chain partners covered (by value of business done with such partners) under the awareness programmes",null,null,"This is a mandatory field"]

{"sheet":"PRINCIPLE 2","index":20,"n_rows":37,"n_cols":38,"rows_kept":37,"cut":false,"hidden":false,"merged":[[36,5,36,9],[5,26,5,30],[7,3,7,9],[8,3,8,9],[9,3,9,9],[23,3,23,9],[25,3,25,6],[24,3,24,6],[15,3,15,6],[14,3,14,5],[13,3,13,5],[21,3,21,5],[22,3,22,5],[16,3,16,5],[17,3,17,5],[18,3,18,5],[19,3,19,5],[20,3,20,5],[29,7,29,9],[35,3,35,6],[28,3,28,7],[29,3,30,3],[26,3,26,6],[27,3,27,6],[29,4,29,6]]}
[null,null,null,null,null,null,null,null,null,null,null,null,null,null,null,null,null,null,"Yes"]
[null,null,null,null,null,null,null,null,null,null,null,null,null,null,null,null,null,null,"No"]
[null,null,null,null,null,null,null,null,null,null,null,null,null,null,null,null,null,null,"NA"]
[]
[]
[null,null,null,null,null,null,null,null,null,null,null,null,null,null,null,null,null,null,null,null,null,null,null,null,null,null,"Taxonomy"]
[]
[null,null,null,"PRINCIPLE 2 Businesses should provide goods and services in a manner that is sustainable and safe",null,null,null,null,null,null,null,null,null,null,null,null,null,null,null,null,null,null,null,null,null,null,"Element Name","Label name","type","I/D","validations"]
[null,null,null,"Essential Indicators"]
[null,null,null,"1. Percentage of R&D and capital expenditure (capex) investments in specific technologies to improve the environmental and social impacts of product and processes to total R&D and capex investments made by the entity, respectively."]
[null,null,null,null,{"$f":"\"FY (\"&RIGHT('General Disclosures'!F19,4)&\"-\"&RIGHT('General Disclosures'!H19,2)&\")\"","v":"FY (-)"},{"$f":"\"PY (\"&RIGHT('General Disclosures'!F20,4)&\"-\"&RIGHT('General Disclosures'!H20,2)&\")\"","v":"PY (-)"},"Details of improvements in environmental and social impacts"]
[null,null,null,"R&D",null,null,null,null,null,null,null,null,null,null,null,null,null,null,null,null,null,null,null,null,null,null,"PercentageOfRAndD","R&D",null,null,"This is a mandatory field",null,"PercentageOfRAndD","PercentageOfRAndD","DetailsOfImprovementsInEnvironmentalAndSocialImpactsDueToRAndD"]
[null,null,null,"Capex",null,null,null,null,null,null,null,null,null,null,null,null,null,null,null,null,null,null,null,null,null,null,"Capex","Capex",null,null,"This is a mandatory field",null,"PercentageOfCapex","PercentageOfCapex","DetailsOfImprovementsInEnvironmentalAndSocialImpactsDueToCapex"]
[null,null,null,"2.  a. Does the entity have procedures in place for sustainable sourcing? (Yes/No)",null,null,null,null,null,null,null,null,null,null,null,null,null,null,null,null,null,null,null,null,null,null,"DoesTheEntityHaveProceduresInPlaceForSustainableSourcing","2.  a. Does the entity have procedures in place for sustainable sourcing? (Yes/No)",null,null,"This is a mandatory field"]
[null,null,null,"b. If yes, what percentage of inputs were sourced sustainably?",null,null,null,null,null,null,null,null,null,null,null,null,null,null,null,null,null,null,null,null,null,null,"PercentageOfInputsWereSourcedSustainably","b. If yes, what percentage of inputs were sourced sustainably?",null,null,"This is a mandatory field"]
[null,null,null,"3. Describe the processes in place to safely reclaim your products for reusing, recycling and disposing at the end of life, for"]
[null,null,null,"(a) Plastics (including packaging)",null,null,null,null,null,null,null,null,null,null,null,null,null,null,null,null,null,null,null,null,null,null,"DescribeTheProcessesInPlaceToSafelyReclaimYourProductsForReusingRecyclingAndDisposingAtTheEndOfLifeForPlasticsIncludingPackagingExplanatoryTextBlock"]
[null,null,null,"(b) E-waste",null,null,null,null,null,null,null,null,null,null,null,null,null,null,null,null,null,null,null,null,null,null,"DescribeTheProcessesInPlaceToSafelyReclaimYourProductsForReusingRecyclingAndDisposingAtTheEndOfLifeForEWasteExplanatoryTextBlock"]
[null,null,null,"(c) Hazardous waste",null,null,null,null,null,null,null,null,null,null,null,null,null,null,null,null,null,null,null,null,null,null,"DescribeTheProcessesInPlaceToSafelyReclaimYourProductsForReusingRecyclingAndDisposingAtTheEndOfLifeForHazardousWasteExplanatoryTextBlock"]
[null,null,null,"(d) other waste",null,null,null,null,null,null,null,null,null,null,null,null,null,null,null,null,null,null,null,null,null,null,"DescribeTheProcessesInPlaceToSafelyReclaimYourProductsForReusingRecyclingAndDisposingAtTheEndOfLifeForOtherWasteExplanatoryTextBlock"]
[null,null,null,"4. Whether Extended Producer Responsibility (EPR) is applicable to the entity’s activities (Yes / No).",null,null,null,null,null,null,null,null,null,null,null,null,null,null,null,null,null,null,null,null,null,null,"WhetherExtendedProducerResponsibilityIsApplicableToTheEntitySActivities","4. Whether Extended Producer Responsibility (EPR) is applicable to the entity’s activities (Yes / No).",null,null,"This is a mandatory field"]
[null,null,null,"If yes, whether the waste collection plan is in line with the Extended Producer Responsibility (EPR) plan submitted to Pollution Control Boards? ",null,null,null,null,null,null,null,null,null,null,null,null,null,null,null,null,null,null,null,null,null,null,"WhetherTheWasteCollectionPlanIsInLineWithTheExtendedProducerResponsibilityPlanSubmittedToPollutionControlBoards","If yes, whether the waste collection plan is in line with the Extended Producer Responsibility (EPR) plan submitted to Pollution Control Boards? ",null,null,"This is a mandatory field"]
[null,null,null,"If not, provide steps taken to address the same.",null,null,null,null,null,null,null,null,null,null,null,null,null,null,null,null,null,null,null,null,null,null,"StepsTakenToAddressTheWasteCollectionPlanExplanatoryTextBlock"]
[null,null,null,"Leadership Indicators"]
[null,null,null,"1. Has the entity conducted Life Cycle Perspective / Assessments (LCA) for any of its products (for manufacturing industry) or for its services (for service industry)?",null,null,null,null,null,null,null,null,null,null,null,null,null,null,null,null,null,null,null,null,null,null,"HasTheEntityConductedLifeCyclePerspectiveOrAssessmentsForAnyOfItsProductsOrForItsServices","TheEntityHasNotApplicableConductedLifeCyclePerspectiveOrAssessmentsForAnyOfItsProductsOrForItsServicesExplanatoryTextBlock",null,null,"This is a mandatory field"]
[null,null,null,"If yes, provide details"]
[null,null,null,"2. If there are any significant social or environmental concerns and/or risks arising from production or disposal of your products / services, as identified in the Life Cycle Perspective / Assessments (LCA) or through any other means, briefly describe the same along-with action taken to mitigate the same.",null,null,null,"Add Details"]
[null,null,null,"3. Percentage of recycled or reused input material to total material (by value) used in production (for manufacturing industry) or providing services (for service industry).",null,null,null,"Add Details"]
[null,null,null,"4. Of the products and packaging reclaimed at end of life of products, amount (in metric tonnes) reused, recycled, and safely disposed, as per the following format:"]
[null,null,null,null,{"$f":"\"FY (\"&RIGHT('General Disclosures'!F19,4)&\"-\"&RIGHT('General Disclosures'!H19,2)&\")\"","v":"FY (-)"},null,null,{"$f":"\"PY (\"&RIGHT('General Disclosures'!F20,4)&\"-\"&RIGHT('General Disclosures'!H20,2)&\")\"","v":"PY (-)"}]
[null,null,null,null,"Re-Used","Recycled","Safely\nDisposed","Re-Used","Recycled","Safely\nDisposed"]
[null,null,null,"Plastics (including packaging)",null,null,null,null,null,null,null,null,null,null,null,null,null,null,null,null,null,null,null,null,null,null,"PlasticsIncludingPackagingMember","Plastics (including packaging)",null,null,"This is a mandatory field",null,"AmountOfReUsed","AmountOfRecycled","AmountOfSafelyDisposed","AmountOfReUsed","AmountOfRecycled","AmountOfSafelyDisposed"]
[null,null,null,"E waste",null,null,null,null,null,null,null,null,null,null,null,null,null,null,null,null,null,null,null,null,null,null,"EWasteMember","E waste",null,null,"This is a mandatory field",null,"AmountOfReUsed","AmountOfRecycled","AmountOfSafelyDisposed","AmountOfReUsed","AmountOfRecycled","AmountOfSafelyDisposed"]
[null,null,null,"Hazardous waste",null,null,null,null,null,null,null,null,null,null,null,null,null,null,null,null,null,null,null,null,null,null,"HazardousWasteMember","Hazardous waste",null,null,"This is a mandatory field",null,"AmountOfReUsed","AmountOfRecycled","AmountOfSafelyDisposed","AmountOfReUsed","AmountOfRecycled","AmountOfSafelyDisposed"]
[null,null,null,"Other waste","Add Details",null,null,null,null,null,null,null,null,null,null,null,null,null,null,null,null,null,null,null,null,null,null,"Other waste",null,null,"This is a mandatory field"]
[null,null,null,"5. Reclaimed products and their packaging materials (as percentage of products sold) for each product category",null,null,null,"Add Details"]
[null,null,null,"Notes",null,null,null,null,null,null,null,null,null,null,null,null,null,null,null,null,null,null,null,null,null,null,"NotesPrinciple2ExplanatoryTextBlock"]

{"sheet":"Life cycle assessment","index":21,"n_rows":14,"n_cols":31,"rows_kept":14,"cut":false,"hidden":true,"merged":[[7,3,7,10],[10,3,10,10],[5,26,5,30]]}
[null,null,null,null,null,null,null,null,0,null,null,null,null,null,null,null,"Yes"]
[null,null,null,null,"NICCodeOfProductOrServiceOfConductedLifecyclePerspective","NameOfProductOrServiceOfConductedLifecyclePerspective","PercentageOfTotalTurnoverContributedForConductedLifecyclePerspective","BoundaryForWhichTheLifeCyclePerspectiveOrAssessmentWasConducted","WhetherConductedByIndependentExternalAgency","ResultsCommunicatedInPublicDomain","WebLinkOfResultsOfLifeCycleAssessments",null,null,null,null,null,"No"]
[]
[]
[]
[null,null,null,null,null,null,null,null,null,null,null,null,null,null,null,null,null,null,null,null,null,null,null,null,null,null,"Taxonomy"]
[null,null,null,null,null,null,null,null,null,null,"Back"]
[null,null,null,"The entity conducted Life Cycle Perspective/Assessments (LCA)",null,null,null,null,null,null,null,null,null,null,null,null,null,null,null,null,null,null,null,null,null,null,"Element Name","Lable Name","Type","I/D","Validation"]
[null,null,null,"Sr. No.","NIC Code","Name of Product/Service","% of total Turnover contributed","Boundary for which the Life Cycle Perspective/Assessment was conducted","Whether conducted by independent external agency (Yes/No)","Results communicated in public domain (Yes/No)","If yes, provide the web-link.",null,null,null,null,null,null,null,null,null,null,null,null,null,null,null,"NICCode","NIC Code",null,null,"This is a mandatory field"]
[null,null,null,null,null,null,null,null,null,null,null,null,null,null,null,null,null,null,null,null,null,null,null,null,null,null,"NameofProduct/Service","Name of Product/Service",null,null,"This is a mandatory field"]
[null,null,null,null,null,null,null,null,null,null,null,null,null,null,null,null,null,null,null,null,null,null,null,null,null,null,"%oftotalTurnovercontributed","% of total Turnover contributed",null,null,"This is a mandatory field"]
[null,null,null,null,null,null,null,null,null,null,null,null,null,null,null,null,null,null,null,null,null,null,null,null,null,null,"Whetherconductedbyindependentexternalagency(Yes/No)","Whether conducted by independent external agency\n(Yes/No)",null,null,"This is a mandatory field"]
[null,null,null,null,null,null,null,null,null,null,null,null,null,null,null,null,null,null,null,null,null,null,null,null,null,null,"Resultscommunicatedinpublicdomain(Yes/No)","Results communicated in public domain (Yes/No)",null,null,"This is a mandatory field"]
[null,null,null,null,null,null,null,null,null,null,null,null,null,null,null,null,null,null,null,null,null,null,null,null,null,null,"Ifyes,providetheweb-link.","If yes, provide the web-link.",null,null,"This is a mandatory field"]

{"sheet":"Action taken","index":22,"n_rows":11,"n_cols":31,"rows_kept":11,"cut":false,"hidden":false,"merged":[[7,3,7,6],[10,3,10,6],[5,26,5,30]]}
[null,null,null,null,null,null,null,null,0,null,null,null,"Yes"]
[null,null,null,null,"NameOfProductOrService","DescriptionOfTheRiskOrConcern","ActionTaken"]
[null,null,null,null,null,null,null,null,null,null,null,null,"No"]
[]
[]
[null,null,null,null,null,null,null,null,null,null,null,null,null,null,null,null,null,null,null,null,null,null,null,null,null,null,"Taxonomy"]
[null,null,null,null,null,null,"Back"]
[null,null,null,"Action taken to mitigate significant social or environmental concerns and/or risks arising from production or disposal of products / services",null,null,null,null,null,null,null,null,null,null,null,null,null,null,null,null,null,null,null,null,null,null,"Element Name","Lable Name","Type","I/D","Validation"]
[null,null,null,"Sr. No.","Name of Product/Service","Description of the risk/concern","Action Taken",null,null,null,null,null,null,null,null,null,null,null,null,null,null,null,null,null,null,null,"NameofProduct/Service","Name of Product/Service",null,null,"This is a mandatory field"]
[null,null,null,null,null,null,null,null,null,null,null,null,null,null,null,null,null,null,null,null,null,null,null,null,null,null,"Descriptionoftherisk/concern","Description of the risk/concern",null,null,"This is a mandatory field"]
[null,null,null,null,null,null,null,null,null,null,null,null,null,null,null,null,null,null,null,null,null,null,null,null,null,null,"ActionTaken","Action Taken",null,null,"This is a mandatory field"]

{"sheet":"Recycled or reused input","index":23,"n_rows":11,"n_cols":31,"rows_kept":11,"cut":false,"hidden":false,"merged":[[11,3,11,6],[5,26,5,30],[8,5,8,6],[8,4,9,4],[7,3,7,6],[8,3,9,3]]}
[null,null,null,null,null,null,null,null,0,null,null,null,"Yes"]
[null,null,null,null,"IndicateInPutMaterial","RecycledOrReUsedInPutMaterialToTotalMaterial","RecycledOrReUsedInPutMaterialToTotalMaterial"]
[null,null,null,null,null,null,null,null,null,null,null,null,"No"]
[]
[]
[null,null,null,null,null,null,null,null,null,null,null,null,null,null,null,null,null,null,null,null,null,null,null,null,null,null,"Taxonomy"]
[null,null,null,null,null,null,"Back"]
[null,null,null,"Percentage of recycled or reused input material to total material (by value) used in production or providing services",null,null,null,null,null,null,null,null,null,null,null,null,null,null,null,null,null,null,null,null,null,null,"Element Name","Lable Name","Type","I/D","Validation"]
[null,null,null,"Sr. No.","Indicate input material","Recycled or re-used input material to total material",null,null,null,null,null,null,null,null,null,null,null,null,null,null,null,null,null,null,null,null,"Indicateinputmaterial","Indicate input material",null,null,"This is a mandatory field"]
[null,null,null,null,null,{"$f":"\"FY (\"&RIGHT('General Disclosures'!F19,4)&\"-\"&RIGHT('General Disclosures'!H19,2)&\")\"","v":"FY (-)"},{"$f":"\"PY (\"&RIGHT('General Disclosures'!F20,4)&\"-\"&RIGHT('General Disclosures'!H20,2)&\")\"","v":"PY (-)"},null,null,null,null,null,null,null,null,null,null,null,null,null,null,null,null,null,null,null,"FY(2020-21)","FY (2020-21)",null,null,"This is a mandatory field"]
[null,null,null,null,null,null,null,null,null,null,null,null,null,null,null,null,null,null,null,null,null,null,null,null,null,null,"PY(2021-18)","PY (2021-18)",null,null,"This is a mandatory field"]

{"sheet":"Details of other waste","index":24,"n_rows":12,"n_cols":31,"rows_kept":12,"cut":false,"hidden":false,"merged":[[5,26,5,30],[11,3,11,10],[7,3,7,10],[8,3,9,3],[8,4,9,4],[8,5,8,7],[8,8,8,10]]}
[null,null,null,null,null,null,null,null,0,null,null,null,null,null,null,null,"Yes"]
[null,null,null,null,"NameOfOtherWaste","AmountOfReUsed","AmountOfRecycled","AmountOfSafelyDisposed","AmountOfReUsed","AmountOfRecycled","AmountOfSafelyDisposed",null,null,null,null,null,"No"]
[]
[]
[]
[null,null,null,null,null,null,null,null,null,null,null,null,null,null,null,null,null,null,null,null,null,null,null,null,null,null,"Taxonomy"]
[null,null,null,null,null,null,null,null,null,null,"Back"]
[null,null,null,"Details of other waste",null,null,null,null,null,null,null,null,null,null,null,null,null,null,null,null,null,null,null,null,null,null,"Element Name","Lable Name","Type","I/D","Validation"]
[null,null,null,"Sr. No.","Name Of Other Waste",{"$f":"\"FY (\"&RIGHT('General Disclosures'!F19,4)&\"-\"&RIGHT('General Disclosures'!H19,2)&\")\"","v":"FY (-)"},null,null,{"$f":"\"PY (\"&RIGHT('General Disclosures'!F20,4)&\"-\"&RIGHT('General Disclosures'!H20,2)&\")\"","v":"PY (-)"},null,null,null,null,null,null,null,null,null,null,null,null,null,null,null,null,null,"NameOfOtherWaste\nNameOfOtherWaste","Name Of Other Waste",null,null,"This is a mandatory field"]
[null,null,null,null,null,"Re-Used","Recycled","Safely Disposed","Re-Used","Recycled","Safely Disposed",null,null,null,null,null,null,null,null,null,null,null,null,null,null,null,"Re-Used","Re-Used",null,null,"This is a mandatory field"]
[null,null,null,null,null,null,null,null,null,null,null,null,null,null,null,null,null,null,null,null,null,null,null,null,null,null,"Recycled","Recycled",null,null,"This is a mandatory field"]
[null,null,null,null,null,null,null,null,null,null,null,null,null,null,null,null,null,null,null,null,null,null,null,null,null,null,"Safely\nDisposed","Safely\nDisposed",null,null,"This is a mandatory field"]

{"sheet":"Reclaimed","index":25,"n_rows":10,"n_cols":31,"rows_kept":10,"cut":false,"hidden":false,"merged":[[7,3,7,5],[10,3,10,5],[5,26,5,30]]}
[null,null,null,null,null,null,null,null,0,0,null,"Yes"]
[null,null,null,null,"IndicateProductCategory","ReclaimedProductsAndTheirPackagingMaterialsAsPercentageOfTotalProductsSoldInRespectiveCategory"]
[null,null,null,null,null,null,null,null,null,null,null,"No"]
[]
[]
[null,null,null,null,null,null,null,null,null,null,null,null,null,null,null,null,null,null,null,null,null,null,null,null,null,null,"Taxonomy"]
[null,null,null,null,null,"Back"]
[null,null,null,"Reclaimed products and their packaging materials (as percentage of products sold) for each product category",null,null,null,null,null,null,null,null,null,null,null,null,null,null,null,null,null,null,null,null,null,null,"Element Name","Lable Name","Type","I/D","Validation"]
[null,null,null,"Sr. No.","Indicate product category","Reclaimed products and their packaging materials as Percentage of total products sold in respective category",null,null,null,null,null,null,null,null,null,null,null,null,null,null,null,null,null,null,null,null,"Indicateproductcategory","Indicate product category",null,null,"This is a mandatory field"]
[null,null,null,null,null,null,null,null,null,null,null,null,null,null,null,null,null,null,null,null,null,null,null,null,null,null,"ReclaimedproductsandtheirpackagingmaterialsasPercentageoftotalproductssoldinrespectivecategory","Reclaimed products and their packaging materials as Percentage of total products sold in respective category",null,null,"This is a mandatory field"]

{"sheet":"PRINCIPLE 3","index":26,"n_rows":149,"n_cols":54,"rows_kept":149,"cut":false,"hidden":false,"merged":[[148,5,148,11],[47,32,47,33],[47,34,47,35],[47,36,47,37],[47,38,47,39],[47,40,47,41],[47,42,47,43],[45,32,45,33],[45,34,45,35],[45,36,45,37],[45,38,45,39],[45,40,45,41],[45,42,45,43],[46,32,46,33],[46,34,46,35],[46,36,46,37],[46,38,46,39],[46,40,46,41],[46,42,46,43],[45,4,45,5],[45,6,45,7],[45,8,45,9],[45,10,45,11],[45,12,45,13],[5,26,5,30],[7,3,7,15],[8,3,8,15],[9,3,9,14],[10,3,12,3],[10,4,10,14],[11,4,12,4],[11,5,11,6],[11,7,11,8],[11,9,11,10],[11,11,11,12],[11,13,11,14],[13,3,13,14],[18,3,18,14],[23,3,23,14],[24,3,26,3],[24,4,24,14],[25,4,26,4],[25,5,25,6],[25,7,25,8],[25,9,25,10],[25,11,25,12],[25,13,25,14],[27,3,27,14],[32,3,32,14],[42,3,42,15],[43,3,44,3],[43,4,43,9],[43,10,43,15],[44,4,44,5],[44,6,44,7],[44,8,44,9],[44,10,44,11],[44,12,44,13],[44,14,44,15],[38,7,38,9],[38,4,38,6],[37,3,37,9],[39,4,39,6],[40,4,40,6],[41,4,41,6],[39,7,39,9],[40,7,40,9],[41,7,41,9],[45,14,45,15],[47,4,47,5],[47,6,47,7],[47,8,47,9],[47,10,47,11],[47,12,47,13],[47,14,47,15],[46,4,46,5],[46,6,46,7],[46,8,46,9],[46,10,46,11],[46,12,46,13],[46,14,46,15],[49,3,49,15],[50,3,50,11],[51,3,51,11],[52,3,52,11],[54,3,54,11],[48,4,48,5],[48,6,48,7],[48,8,48,9],[48,10,48,11],[48,12,48,13],[48,14,48,15],[57,4,57,5],[57,6,57,7],[57,8,57,9],[57,10,57,11],[58,4,58,5],[58,6,58,7],[58,8,58,9],[58,10,58,11],[55,4,55,7],[55,8,55,11],[56,4,56,5],[56,6,56,7],[56,8,56,9],[56,10,56,11],[61,3,61,10],[59,4,59,5],[59,6,59,7],[59,8,59,9],[59,10,59,11],[60,4,60,5],[60,6,60,7],[60,8,60,9],[60,10,60,11],[67,3,67,15],[68,3,69,3],[68,4,68,9],[68,10,68,15],[69,4,69,5],[69,6,69,7],[69,8,69,9],[69,10,69,11],[69,12,69,13],[69,14,69,15],[71,4,71,5],[71,6,71,7],[71,8,71,9],[71,10,71,11],[71,12,71,13],[71,14,71,15],[70,4,70,5],[70,6,70,7],[70,8,70,9],[70,10,70,11],[70,12,70,13],[70,14,70,15],[73,4,73,5],[73,6,73,7],[73,8,73,9],[73,10,73,11],[73,12,73,13],[73,14,73,15],[72,4,72,5],[72,6,72,7],[72,8,72,9],[72,10,72,11],[72,12,72,13],[72,14,72,15],[75,4,75,5],[75,6,75,7],[75,8,75,9],[75,10,75,11],[75,12,75,13],[75,14,75,15],[74,4,74,5],[74,6,74,7],[74,8,74,9],[74,10,74,11],[74,12,74,13],[74,14,74,15],[77,4,77,5],[77,6,77,7],[77,8,77,9],[77,10,77,11],[77,12,77,13],[77,14,77,15],[76,4,76,5],[76,6,76,7],[76,8,76,9],[76,10,76,11],[76,12,76,13],[76,14,76,15],[82,3,82,13],[87,3,87,13],[92,3,92,9],[93,3,94,3],[93,4,93,6],[93,7,93,9],[78,3,78,15],[79,3,81,3],[79,4,79,8],[79,9,79,13],[80,4,81,4],[80,5,80,6],[80,7,80,8],[80,9,81,9],[80,10,80,11],[80,12,80,13],[111,3,111,6],[113,3,114,3],[115,3,116,3],[117,3,118,3],[95,3,95,9],[100,3,100,9],[105,3,105,9],[106,3,106,7],[107,3,107,7],[108,3,108,7],[109,3,109,7],[110,3,110,7],[128,4,128,6],[129,4,129,6],[130,4,130,6],[131,3,131,8],[132,3,132,15],[133,3,133,11],[119,3,120,3],[121,3,121,8],[123,3,124,3],[123,4,123,6],[123,7,123,9],[127,3,127,6],[120,7,120,9],[134,3,134,10],[135,3,135,10],[136,3,136,10],[137,3,137,11],[138,3,139,3],[138,4,138,7],[138,8,138,11],[139,4,139,5],[139,6,139,7],[139,8,139,9],[143,3,143,6],[144,4,144,6],[145,4,145,6],[146,4,146,6],[147,3,147,10],[139,10,139,11],[140,4,140,5],[140,6,140,7],[140,8,140,9],[140,10,140,11],[141,4,141,5],[141,6,141,7],[141,8,141,9],[141,10,141,11],[142,3,142,9]]}
["TotalRevenueOfTheCompany",null,null,null,null,null,null,null,null,null,null,null,null,null,null,null,null,null,null,null,null,"Yes"]
[null,null,null,null,null,null,null,null,null,null,null,null,null,null,null,null,null,null,null,null,null,"No"]
[null,null,null,null,null,null,null,null,null,null,null,null,null,null,null,null,null,null,null,null,null,"NA"]
[]
[]
[null,null,null,null,null,null,null,null,null,null,null,null,null,null,null,null,null,null,null,null,null,null,null,null,null,null,"Taxonomy"]
[]
[null,null,null,"PRINCIPLE 3 Businesses should respect and promote the well-being of all employees, including those in their value chains",null,null,null,null,null,null,null,null,null,null,null,null,null,null,null,null,null,null,null,null,null,null,"Element Name","Label name","type","I/D","validations"]
[null,null,null,"Essential Indicators"]
[null,null,null,"1. a. Details of measures for the well-being of employees:"]
[null,null,null,"Category","% of employees covered by"]
[null,null,null,null,"Total (A)","Health insurance",null,"Accident insurance",null,"Maternity benefits",null,"Paternity Benefits",null,"Day Care facilities"]
[null,null,null,null,null,"Number (B)","% (B / A)","Number (C)","% (C / A)","Number (D)","% (D / A)","Number (E)","% (E / A)","Number (F)","% (F / A)"]
[null,null,null,"Permanent employees"]
[null,null,null,"Male",{"$f":"IFERROR(IF('General Disclosures'!G53=\"\", \"\", VALUE('General Disclosures'!G53)), \"\")","v":""},null,{"$f":"IF(F15=\"\",\"\",IFERROR(F15/$E15,0))","v":""},null,{"$f":"IF(H15=\"\",\"\",IFERROR(H15/$E15,0))","v":""},null,null,null,{"$f":"IF(L15=\"\",\"\",IFERROR(L15/$E15,0))","v":""},null,{"$f":"IF(N15=\"\",\"\",IFERROR(N15/$E15,0))","v":""},null,null,null,null,null,null,null,null,null,null,"PermanentEmployeesMember","MaleMember","Male",null,null,"This is a mandatory field",null,"TotalEmployeeBenefitsMember","HealthInsuranceMember","HealthInsuranceMember","AccidentInsuranceMember","AccidentInsuranceMember","MaternityBenefitsMember","MaternityBenefitsMember","PaternityBenefitsMember","PaternityBenefitsMember","DayCareFacilitiesMember","DayCareFacilitiesMember","NumberOfWellBeingOfEmployeesOrWorkers","NumberOfWellBeingOfEmployeesOrWorkers","PercentageOfWellBeingOfEmployeesOrWorkers","NumberOfWellBeingOfEmployeesOrWorkers","PercentageOfWellBeingOfEmployeesOrWorkers","NumberOfWellBeingOfEmployeesOrWorkers","PercentageOfWellBeingOfEmployeesOrWorkers","NumberOfWellBeingOfEmployeesOrWorkers","PercentageOfWellBeingOfEmployeesOrWorkers","NumberOfWellBeingOfEmployeesOrWorkers","PercentageOfWellBeingOfEmployeesOrWorkers"]
[null,null,null,"Female",{"$f":"IFERROR(IF('General Disclosures'!I53=\"\", \"\", VALUE('General Disclosures'!I53)), \"\")","v":""},null,{"$f":"IF(F16=\"\",\"\",IFERROR(F16/$E16,0))","v":""},null,{"$f":"IF(H16=\"\",\"\",IFERROR(H16/$E16,0))","v":""},null,{"$f":"IF(J16=\"\",\"\",IFERROR(J16/$E16,0))","v":""},null,null,null,{"$f":"IF(N16=\"\",\"\",IFERROR(N16/$E16,0))","v":""},null,null,null,null,null,null,null,null,null,null,"PermanentEmployeesMember","FemaleMember","Female",null,null,"This is a mandatory field",null,"TotalEmployeeBenefitsMember","HealthInsuranceMember","HealthInsuranceMember","AccidentInsuranceMember","AccidentInsuranceMember","MaternityBenefitsMember","MaternityBenefitsMember","PaternityBenefitsMember","PaternityBenefitsMember","DayCareFacilitiesMember","DayCareFacilitiesMember","NumberOfWellBeingOfEmployeesOrWorkers","NumberOfWellBeingOfEmployeesOrWorkers","PercentageOfWellBeingOfEmployeesOrWorkers","NumberOfWellBeingOfEmployeesOrWorkers","PercentageOfWellBeingOfEmployeesOrWorkers","NumberOfWellBeingOfEmployeesOrWorkers","PercentageOfWellBeingOfEmployeesOrWorkers","NumberOfWellBeingOfEmployeesOrWorkers","PercentageOfWellBeingOfEmployeesOrWorkers","NumberOfWellBeingOfEmployeesOrWorkers","PercentageOfWellBeingOfEmployeesOrWorkers"]
[null,null,null,"Other",{"$f":"IFERROR(IF('General Disclosures'!K53=\"\", \"\", VALUE('General Disclosures'!K53)), \"\")","v":""},null,{"$f":"IF(F17=\"\",\"\",IFERROR(F17/$E17,0))","v":""},null,"",null,"",null,"",null,{"$f":"IF(N17=\"\",\"\",IFERROR(N17/$E17,0))","v":""},null,null,null,null,null,null,null,null,null,null,"PermanentEmployeesMember","OtherGenderMember","Other",null,null,"This is a mandatory field",null,"TotalEmployeeBenefitsMember","HealthInsuranceMember","HealthInsuranceMember","AccidentInsuranceMember","AccidentInsuranceMember","MaternityBenefitsMember","MaternityBenefitsMember","PaternityBenefitsMember","PaternityBenefitsMember","DayCareFacilitiesMember","DayCareFacilitiesMember","NumberOfWellBeingOfEmployeesOrWorkers","NumberOfWellBeingOfEmployeesOrWorkers","PercentageOfWellBeingOfEmployeesOrWorkers","NumberOfWellBeingOfEmployeesOrWorkers","PercentageOfWellBeingOfEmployeesOrWorkers","NumberOfWellBeingOfEmployeesOrWorkers","PercentageOfWellBeingOfEmployeesOrWorkers","NumberOfWellBeingOfEmployeesOrWorkers","PercentageOfWellBeingOfEmployeesOrWorkers","NumberOfWellBeingOfEmployeesOrWorkers","PercentageOfWellBeingOfEmployeesOrWorkers"]
[null,null,null,"Total",{"$f":"IF(COUNT(E15:E17)>0,SUM(E15:E17),\"\")","v":""},{"$f":"IF(COUNT(F15:F17)>0,SUM(F15:F17),\"\")","v":""},{"$f":"IF(F18=\"\",\"\",IFERROR(F18/$E18,0))","v":""},"","",{"$f":"IF(COUNT(J16:J17)>0,SUM(J16:J17),\"\")","v":""},"",{"$f":"IF(COUNT(L15,L17)>0,SUM(L15,L17),\"\")","v":""},"","",{"$f":"IF(N18=\"\",\"\",IFERROR(N18/$E18,0))","v":""},null,null,null,null,null,null,null,null,null,null,"PermanentEmployeesMember","GenderMember",null,null,null,null,null,"BenefitsMember","HealthInsuranceMember","HealthInsuranceMember","AccidentInsuranceMember","AccidentInsuranceMember","MaternityBenefitsMember","MaternityBenefitsMember","PaternityBenefitsMember","PaternityBenefitsMember","DayCareFacilitiesMember","DayCareFacilitiesMember","NumberOfWellBeingOfEmployeesOrWorkers","NumberOfWellBeingOfEmployeesOrWorkers","PercentageOfWellBeingOfEmployeesOrWorkers","NumberOfWellBeingOfEmployeesOrWorkers","PercentageOfWellBeingOfEmployeesOrWorkers","NumberOfWellBeingOfEmployeesOrWorkers","PercentageOfWellBeingOfEmployeesOrWorkers","NumberOfWellBeingOfEmployeesOrWorkers","PercentageOfWellBeingOfEmployeesOrWorkers","NumberOfWellBeingOfEmployeesOrWorkers","PercentageOfWellBeingOfEmployeesOrWorkers"]
[null,null,null,"Other than permanent employees"]
[null,null,null,"Male",{"$f":"IFERROR(IF('General Disclosures'!G54=\"\", \"\", VALUE('General Disclosures'!G54)), \"\")","v":""},null,{"$f":"IF(F20=\"\",\"\",IFERROR(F20/$E20,0))","v":""},null,{"$f":"IF(H20=\"\",\"\",IFERROR(H20/$E20,0))","v":""},null,null,null,{"$f":"IF(L20=\"\",\"\",IFERROR(L20/$E20,0))","v":""},null,{"$f":"IF(N20=\"\",\"\",IFERROR(N20/$E20,0))","v":""},null,null,null,null,null,null,null,null,null,null,"OtherThanPermanentEmployeesMember","MaleMember","Male",null,null,"This is a mandatory field",null,"TotalEmployeeBenefitsMember","HealthInsuranceMember","HealthInsuranceMember","AccidentInsuranceMember","AccidentInsuranceMember","MaternityBenefitsMember","MaternityBenefitsMember","PaternityBenefitsMember","PaternityBenefitsMember","DayCareFacilitiesMember","DayCareFacilitiesMember","NumberOfWellBeingOfEmployeesOrWorkers","NumberOfWellBeingOfEmployeesOrWorkers","PercentageOfWellBeingOfEmployeesOrWorkers","NumberOfWellBeingOfEmployeesOrWorkers","PercentageOfWellBeingOfEmployeesOrWorkers","NumberOfWellBeingOfEmployeesOrWorkers","PercentageOfWellBeingOfEmployeesOrWorkers","NumberOfWellBeingOfEmployeesOrWorkers","PercentageOfWellBeingOfEmployeesOrWorkers","NumberOfWellBeingOfEmployeesOrWorkers","PercentageOfWellBeingOfEmployeesOrWorkers"]
[null,null,null,"Female",{"$f":"IFERROR(IF('General Disclosures'!I54=\"\", \"\", VALUE('General Disclosures'!I54)), \"\")","v":""},null,{"$f":"IF(F21=\"\",\"\",IFERROR(F21/$E21,0))","v":""},null,{"$f":"IF(H21=\"\",\"\",IFERROR(H21/$E21,0))","v":""},null,{"$f":"IF(J21=\"\",\"\",IFERROR(J21/$E21,0))","v":""},null,null,null,{"$f":"IF(N21=\"\",\"\",IFERROR(N21/$E21,0))","v":""},null,null,null,null,null,null,null,null,null,null,"OtherThanPermanentEmployeesMember","FemaleMember","Female",null,null,"This is a mandatory field",null,"TotalEmployeeBenefitsMember","HealthInsuranceMember","HealthInsuranceMember","AccidentInsuranceMember","AccidentInsuranceMember","MaternityBenefitsMember","MaternityBenefitsMember","PaternityBenefitsMember","PaternityBenefitsMember","DayCareFacilitiesMember","DayCareFacilitiesMember","NumberOfWellBeingOfEmployeesOrWorkers","NumberOfWellBeingOfEmployeesOrWorkers","PercentageOfWellBeingOfEmployeesOrWorkers","NumberOfWellBeingOfEmployeesOrWorkers","PercentageOfWellBeingOfEmployeesOrWorkers","NumberOfWellBeingOfEmployeesOrWorkers","PercentageOfWellBeingOfEmployeesOrWorkers","NumberOfWellBeingOfEmployeesOrWorkers","PercentageOfWellBeingOfEmployeesOrWorkers","NumberOfWellBeingOfEmployeesOrWorkers","PercentageOfWellBeingOfEmployeesOrWorkers"]
[null,null,null,"Other",{"$f":"IFERROR(IF('General Disclosures'!K54=\"\", \"\", VALUE('General Disclosures'!K54)), \"\")","v":""},null,{"$f":"IF(F22=\"\",\"\",IFERROR(F22/$E22,0))","v":""},null,"",null,"",null,{"$f":"IF(L22=\"\",\"\",IFERROR(L22/$E22,0))","v":""},null,{"$f":"IF(N22=\"\",\"\",IFERROR(N22/$E22,0))","v":""},null,null,null,null,null,null,null,null,null,null,"OtherThanPermanentEmployeesMember","OtherGenderMember","Other",null,null,"This is a mandatory field",null,"TotalEmployeeBenefitsMember","HealthInsuranceMember","HealthInsuranceMember","AccidentInsuranceMember","AccidentInsuranceMember","MaternityBenefitsMember","MaternityBenefitsMember","PaternityBenefitsMember","PaternityBenefitsMember","DayCareFacilitiesMember","DayCareFacilitiesMember","NumberOfWellBeingOfEmployeesOrWorkers","NumberOfWellBeingOfEmployeesOrWorkers","PercentageOfWellBeingOfEmployeesOrWorkers","NumberOfWellBeingOfEmployeesOrWorkers","PercentageOfWellBeingOfEmployeesOrWorkers","NumberOfWellBeingOfEmployeesOrWorkers","PercentageOfWellBeingOfEmployeesOrWorkers","NumberOfWellBeingOfEmployeesOrWorkers","PercentageOfWellBeingOfEmployeesOrWorkers","NumberOfWellBeingOfEmployeesOrWorkers","PercentageOfWellBeingOfEmployeesOrWorkers"]
[null,null,null,"Total",{"$f":"IF(COUNT(E20:E22)>0,SUM(E20:E22),\"\")","v":""},{"$f":"IF(COUNT(F20:F22)>0,SUM(F20:F22),\"\")","v":""},{"$f":"IF(F23=\"\",\"\",IFERROR(F23/$E23,0))","v":""},{"$f":"IF(COUNT(H20:H22)>0,SUM(H20:H22),\"\")","v":""},"",{"$f":"IF(COUNT(J21:J22)>0,SUM(J21:J22),\"\")","v":""},"",{"$f":"IF(COUNT(L20,L22)>0,SUM(L20,L22),\"\")","v":""},"","",{"$f":"IF(N23=\"\",\"\",IFERROR(N23/$E23,0))","v":""},null,null,null,null,null,null,null,null,null,null,"OtherThanPermanentEmployeesMember","GenderMember",null,null,null,null,null,"BenefitsMember","HealthInsuranceMember","HealthInsuranceMember","AccidentInsuranceMember","AccidentInsuranceMember","MaternityBenefitsMember","MaternityBenefitsMember","PaternityBenefitsMember","PaternityBenefitsMember","DayCareFacilitiesMember","DayCareFacilitiesMember","NumberOfWellBeingOfEmployeesOrWorkers","NumberOfWellBeingOfEmployeesOrWorkers","PercentageOfWellBeingOfEmployeesOrWorkers","NumberOfWellBeingOfEmployeesOrWorkers","PercentageOfWellBeingOfEmployeesOrWorkers","NumberOfWellBeingOfEmployeesOrWorkers","PercentageOfWellBeingOfEmployeesOrWorkers","NumberOfWellBeingOfEmployeesOrWorkers","PercentageOfWellBeingOfEmployeesOrWorkers","NumberOfWellBeingOfEmployeesOrWorkers","PercentageOfWellBeingOfEmployeesOrWorkers"]
[null,null,null,"b. Details of measures for the well-being of workers:"]
[null,null,null,"Category","% of workers covered by"]
[null,null,null,null,"Total (A)","Health insurance",null,"Accident insurance",null,"Maternity benefits",null,"Paternity Benefits",null,"Day Care facilities"]
[null,null,null,null,null,"Number (B)","% (B / A)","Number (C)","% (C / A)","Number (D)","% (D / A)","Number (E)","% (E / A)","Number (F)","% (F / A)"]
[null,null,null,"Permanent workers"]
[null,null,null,"Male",{"$f":"IFERROR(IF('General Disclosures'!G57=\"\", \"\", VALUE('General Disclosures'!G57)), \"\")","v":""},null,{"$f":"IF(F29=\"\",\"\",IFERROR(F29/$E29,0))","v":""},null,{"$f":"IF(H29=\"\",\"\",IFERROR(H29/$E29,0))","v":""},null,null,null,{"$f":"IF(L29=\"\",\"\",IFERROR(L29/$E29,0))","v":""},null,{"$f":"IF(N29=\"\",\"\",IFERROR(N29/$E29,0))","v":""},null,null,null,null,null,null,null,null,null,null,"PermanentWorkersMember","MaleMember","Male",null,null,"This is a mandatory field",null,"TotalEmployeeBenefitsMember","HealthInsuranceMember","HealthInsuranceMember","AccidentInsuranceMember","AccidentInsuranceMember","MaternityBenefitsMember","MaternityBenefitsMember","PaternityBenefitsMember","PaternityBenefitsMember","DayCareFacilitiesMember","DayCareFacilitiesMember","NumberOfWellBeingOfEmployeesOrWorkers","NumberOfWellBeingOfEmployeesOrWorkers","PercentageOfWellBeingOfEmployeesOrWorkers","NumberOfWellBeingOfEmployeesOrWorkers","PercentageOfWellBeingOfEmployeesOrWorkers","NumberOfWellBeingOfEmployeesOrWorkers","PercentageOfWellBeingOfEmployeesOrWorkers","NumberOfWellBeingOfEmployeesOrWorkers","PercentageOfWellBeingOfEmployeesOrWorkers","NumberOfWellBeingOfEmployeesOrWorkers","PercentageOfWellBeingOfEmployeesOrWorkers"]
[null,null,null,"Female",{"$f":"IFERROR(IF('General Disclosures'!I57=\"\", \"\", VALUE('General Disclosures'!I57)), \"\")","v":""},null,{"$f":"IF(F30=\"\",\"\",IFERROR(F30/$E30,0))","v":""},null,{"$f":"IF(H30=\"\",\"\",IFERROR(H30/$E30,0))","v":""},null,{"$f":"IF(J30=\"\",\"\",IFERROR(J30/$E30,0))","v":""},null,null,null,{"$f":"IF(N30=\"\",\"\",IFERROR(N30/$E30,0))","v":""},null,null,null,null,null,null,null,null,null,null,"PermanentWorkersMember","FemaleMember","Female",null,null,"This is a mandatory field",null,"TotalEmployeeBenefitsMember","HealthInsuranceMember","HealthInsuranceMember","AccidentInsuranceMember","AccidentInsuranceMember","MaternityBenefitsMember","MaternityBenefitsMember","PaternityBenefitsMember","PaternityBenefitsMember","DayCareFacilitiesMember","DayCareFacilitiesMember","NumberOfWellBeingOfEmployeesOrWorkers","NumberOfWellBeingOfEmployeesOrWorkers","PercentageOfWellBeingOfEmployeesOrWorkers","NumberOfWellBeingOfEmployeesOrWorkers","PercentageOfWellBeingOfEmployeesOrWorkers","NumberOfWellBeingOfEmployeesOrWorkers","PercentageOfWellBeingOfEmployeesOrWorkers","NumberOfWellBeingOfEmployeesOrWorkers","PercentageOfWellBeingOfEmployeesOrWorkers","NumberOfWellBeingOfEmployeesOrWorkers","PercentageOfWellBeingOfEmployeesOrWorkers"]
[null,null,null,"Other",{"$f":"IFERROR(IF('General Disclosures'!K57=\"\", \"\", VALUE('General Disclosures'!K57)), \"\")","v":""},null,{"$f":"IF(F31=\"\",\"\",IFERROR(F31/$E31,0))","v":""},null,"",null,"",null,{"$f":"IF(L31=\"\",\"\",IFERROR(L31/$E31,0))","v":""},null,{"$f":"IF(N31=\"\",\"\",IFERROR(N31/$E31,0))","v":""},null,null,null,null,null,null,null,null,null,null,"PermanentWorkersMember","OtherGenderMember","Other",null,null,"This is a mandatory field",null,"TotalEmployeeBenefitsMember","HealthInsuranceMember","HealthInsuranceMember","AccidentInsuranceMember","AccidentInsuranceMember","MaternityBenefitsMember","MaternityBenefitsMember","PaternityBenefitsMember","PaternityBenefitsMember","DayCareFacilitiesMember","DayCareFacilitiesMember","NumberOfWellBeingOfEmployeesOrWorkers","NumberOfWellBeingOfEmployeesOrWorkers","PercentageOfWellBeingOfEmployeesOrWorkers","NumberOfWellBeingOfEmployeesOrWorkers","PercentageOfWellBeingOfEmployeesOrWorkers","NumberOfWellBeingOfEmployeesOrWorkers","PercentageOfWellBeingOfEmployeesOrWorkers","NumberOfWellBeingOfEmployeesOrWorkers","PercentageOfWellBeingOfEmployeesOrWorkers","NumberOfWellBeingOfEmployeesOrWorkers","PercentageOfWellBeingOfEmployeesOrWorkers"]
[null,null,null,"Total",{"$f":"IF(COUNT(E29:E31)>0,SUM(E29:E31),\"\")","v":""},{"$f":"IF(COUNT(F29:F31)>0,SUM(F29:F31),\"\")","v":""},{"$f":"IF(F32=\"\",\"\",IFERROR(F32/$E32,0))","v":""},{"$f":"IF(COUNT(H29:H31)>0,SUM(H29:H31),\"\")","v":""},"",{"$f":"IF(COUNT(J30:J31)>0,SUM(J30:J31),\"\")","v":""},"",{"$f":"IF(COUNT(L29,L31)>0,SUM(L29,L31),\"\")","v":""},"","",{"$f":"IF(N32=\"\",\"\",IFERROR(N32/$E32,0))","v":""},null,null,null,null,null,null,null,null,null,null,"PermanentWorkersMember","GenderMember",null,null,null,null,null,"BenefitsMember","HealthInsuranceMember","HealthInsuranceMember","AccidentInsuranceMember","AccidentInsuranceMember","MaternityBenefitsMember","MaternityBenefitsMember","PaternityBenefitsMember","PaternityBenefitsMember","DayCareFacilitiesMember","DayCareFacilitiesMember","NumberOfWellBeingOfEmployeesOrWorkers","NumberOfWellBeingOfEmployeesOrWorkers","PercentageOfWellBeingOfEmployeesOrWorkers","NumberOfWellBeingOfEmployeesOrWorkers","PercentageOfWellBeingOfEmployeesOrWorkers","NumberOfWellBeingOfEmployeesOrWorkers","PercentageOfWellBeingOfEmployeesOrWorkers","NumberOfWellBeingOfEmployeesOrWorkers","PercentageOfWellBeingOfEmployeesOrWorkers","NumberOfWellBeingOfEmployeesOrWorkers","PercentageOfWellBeingOfEmployeesOrWorkers"]
[null,null,null,"Other than permanent workers"]
[null,null,null,"Male",{"$f":"IFERROR(IF('General Disclosures'!G58=\"\", \"\", VALUE('General Disclosures'!G58)), \"\")","v":""},null,{"$f":"IF(F34=\"\",\"\",IFERROR(F34/$E34,0))","v":""},null,{"$f":"IF(H34=\"\",\"\",IFERROR(H34/$E34,0))","v":""},null,null,null,{"$f":"IF(L34=\"\",\"\",IFERROR(L34/$E34,0))","v":""},null,{"$f":"IF(N34=\"\",\"\",IFERROR(N34/$E34,0))","v":""},null,null,null,null,null,null,null,null,null,null,"OtherThanPermanentWorkersMember","MaleMember","Male",null,null,"This is a mandatory field",null,"TotalEmployeeBenefitsMember","HealthInsuranceMember","HealthInsuranceMember","AccidentInsuranceMember","AccidentInsuranceMember","MaternityBenefitsMember","MaternityBenefitsMember","PaternityBenefitsMember","PaternityBenefitsMember","DayCareFacilitiesMember","DayCareFacilitiesMember","NumberOfWellBeingOfEmployeesOrWorkers","NumberOfWellBeingOfEmployeesOrWorkers","PercentageOfWellBeingOfEmployeesOrWorkers","NumberOfWellBeingOfEmployeesOrWorkers","PercentageOfWellBeingOfEmployeesOrWorkers","NumberOfWellBeingOfEmployeesOrWorkers","PercentageOfWellBeingOfEmployeesOrWorkers","NumberOfWellBeingOfEmployeesOrWorkers","PercentageOfWellBeingOfEmployeesOrWorkers","NumberOfWellBeingOfEmployeesOrWorkers","PercentageOfWellBeingOfEmployeesOrWorkers"]
[null,null,null,"Female",{"$f":"IFERROR(IF('General Disclosures'!I58=\"\", \"\", VALUE('General Disclosures'!I58)), \"\")","v":""},null,{"$f":"IF(F35=\"\",\"\",IFERROR(F35/$E35,0))","v":""},null,{"$f":"IF(H35=\"\",\"\",IFERROR(H35/$E35,0))","v":""},null,{"$f":"IF(J35=\"\",\"\",IFERROR(J35/$E35,0))","v":""},null,null,null,{"$f":"IF(N35=\"\",\"\",IFERROR(N35/$E35,0))","v":""},null,null,null,null,null,null,null,null,null,null,"OtherThanPermanentWorkersMember","FemaleMember","Female",null,null,"This is a mandatory field",null,"TotalEmployeeBenefitsMember","HealthInsuranceMember","HealthInsuranceMember","AccidentInsuranceMember","AccidentInsuranceMember","MaternityBenefitsMember","MaternityBenefitsMember","PaternityBenefitsMember","PaternityBenefitsMember","DayCareFacilitiesMember","DayCareFacilitiesMember","NumberOfWellBeingOfEmployeesOrWorkers","NumberOfWellBeingOfEmployeesOrWorkers","PercentageOfWellBeingOfEmployeesOrWorkers","NumberOfWellBeingOfEmployeesOrWorkers","PercentageOfWellBeingOfEmployeesOrWorkers","NumberOfWellBeingOfEmployeesOrWorkers","PercentageOfWellBeingOfEmployeesOrWorkers","NumberOfWellBeingOfEmployeesOrWorkers","PercentageOfWellBeingOfEmployeesOrWorkers","NumberOfWellBeingOfEmployeesOrWorkers","PercentageOfWellBeingOfEmployeesOrWorkers"]
[null,null,null,"Other",{"$f":"IFERROR(IF('General Disclosures'!K58=\"\", \"\", VALUE('General Disclosures'!K58)), \"\")","v":""},null,{"$f":"IF(F36=\"\",\"\",IFERROR(F36/$E36,0))","v":""},null,"",null,"",null,{"$f":"IF(L36=\"\",\"\",IFERROR(L36/$E36,0))","v":""},null,{"$f":"IF(N36=\"\",\"\",IFERROR(N36/$E36,0))","v":""},null,null,null,null,null,null,null,null,null,null,"OtherThanPermanentWorkersMember","OtherGenderMember","Other",null,null,"This is a mandatory field",null,"TotalEmployeeBenefitsMember","HealthInsuranceMember","HealthInsuranceMember","AccidentInsuranceMember","AccidentInsuranceMember","MaternityBenefitsMember","MaternityBenefitsMember","PaternityBenefitsMember","PaternityBenefitsMember","DayCareFacilitiesMember","DayCareFacilitiesMember","NumberOfWellBeingOfEmployeesOrWorkers","NumberOfWellBeingOfEmployeesOrWorkers","PercentageOfWellBeingOfEmployeesOrWorkers","NumberOfWellBeingOfEmployeesOrWorkers","PercentageOfWellBeingOfEmployeesOrWorkers","NumberOfWellBeingOfEmployeesOrWorkers","PercentageOfWellBeingOfEmployeesOrWorkers","NumberOfWellBeingOfEmployeesOrWorkers","PercentageOfWellBeingOfEmployeesOrWorkers","NumberOfWellBeingOfEmployeesOrWorkers","PercentageOfWellBeingOfEmployeesOrWorkers"]
[null,null,null,"Total",{"$f":"IF(COUNT(E34:E36)>0,SUM(E34:E36),\"\")","v":""},{"$f":"IF(COUNT(F34:F36)>0,SUM(F34:F36),\"\")","v":""},{"$f":"IF(F37=\"\",\"\",IFERROR(F37/$E37,0))","v":""},{"$f":"IF(COUNT(H34:H36)>0,SUM(H34:H36),\"\")","v":""},"",{"$f":"IF(COUNT(J35:J36)>0,SUM(J35:J36),\"\")","v":""},"",{"$f":"IF(COUNT(L34,L36)>0,SUM(L34,L36),\"\")","v":""},"","",{"$f":"IF(N37=\"\",\"\",IFERROR(N37/$E37,0))","v":""},null,null,null,null,null,null,null,null,null,null,"OtherThanPermanentWorkersMember","GenderMember",null,null,null,null,null,"BenefitsMember","HealthInsuranceMember","HealthInsuranceMember","AccidentInsuranceMember","AccidentInsuranceMember","MaternityBenefitsMember","MaternityBenefitsMember","PaternityBenefitsMember","PaternityBenefitsMember","DayCareFacilitiesMember","DayCareFacilitiesMember","NumberOfWellBeingOfEmployeesOrWorkers","NumberOfWellBeingOfEmployeesOrWorkers","PercentageOfWellBeingOfEmployeesOrWorkers","NumberOfWellBeingOfEmployeesOrWorkers","PercentageOfWellBeingOfEmployeesOrWorkers","NumberOfWellBeingOfEmployeesOrWorkers","PercentageOfWellBeingOfEmployeesOrWorkers","NumberOfWellBeingOfEmployeesOrWorkers","PercentageOfWellBeingOfEmployeesOrWorkers","NumberOfWellBeingOfEmployeesOrWorkers","PercentageOfWellBeingOfEmployeesOrWorkers"]
[null,null,null,"C. Spending on measures towards well-being of employees and workers (including permanent and other than permanent) in the following format:"]
[null,null,null,null,{"$f":"\"FY (\"&RIGHT('General Disclosures'!F19,4)&\"-\"&RIGHT('General Disclosures'!H19,2)&\")\"","v":"FY (-)"},null,null,{"$f":"\"PY (\"&RIGHT('General Disclosures'!F20,4)&\"-\"&RIGHT('General Disclosures'!H20,2)&\")\"","v":"PY (-)"}]
[null,null,null,"i) Cost incurred on wellbeing measures\n(well-being measures means well-being of employees and workers (including male, female, permanent and other than permanent employees and workers)",null,null,null,null,null,null,null,null,null,null,null,null,null,null,null,null,null,null,null,null,null,null,"AmountOfCostIncurredOnWellBeingMeasures"]
[null,null,null,"ii) Total revenue of the company",null,null,null,null,null,null,null,null,null,null,null,null,null,null,null,null,null,null,null,null,null,null,"TotalRevenueOfTheCompany"]
[null,null,null,"iii) Cost incurred on wellbeing measures as a % of total revenue of the company",{"$f":"IFERROR(ROUND(E40/E41,4),\"\")","v":""},null,null,{"$f":"IFERROR(ROUND(H40/H41,4),\"\")","v":""},null,null,null,null,null,null,null,null,null,null,null,null,null,null,null,null,null,null,"PercentageOfCostIncurredOnWellBeingMeasuresWithRespectToTotalRevenueOfTheCompany"]
[null,null,null,"2. Details of retirement benefits"]
[null,null,null,"Benefits",{"$f":"\"FY (\"&RIGHT('General Disclosures'!F19,4)&\"-\"&RIGHT('General Disclosures'!H19,2)&\")\"","v":"FY (-)"},null,null,null,null,null,{"$f":"\"PY (\"&RIGHT('General Disclosures'!F20,4)&\"-\"&RIGHT('General Disclosures'!H20,2)&\")\"","v":"PY (-)"}]
[null,null,null,null,"No.of employees covered as a % of total employees",null,"No.of workers covered as a % of total workers",null,"Deducted and deposited with the authority (Y/N/N.A.)",null,"No.of employees covered as a % of total employees",null,"No.of workers covered as a % of total workers",null,"Deducted and deposited with the authority (Y/N/N.A.)"]
[null,null,null,"PF",null,null,null,null,null,null,null,null,null,null,null,null,null,null,null,null,null,null,null,null,null,null,"ProvidentFundMember","PF",null,null,"This is a mandatory field",null,"NumberOfEmployeesCoveredAsPercentageOfTotalEmployees",null,"NumberOfEmployeesCoveredAsPercentageOfTotalWorker",null,"DeductedAndDepositedWithTheAuthority",null,"NumberOfEmployeesCoveredAsPercentageOfTotalEmployees",null,"NumberOfEmployeesCoveredAsPercentageOfTotalWorker",null,"DeductedAndDepositedWithTheAuthority"]
[null,null,null,"Gratuity",null,null,null,null,null,null,null,null,null,null,null,null,null,null,null,null,null,null,null,null,null,null,"GratuityMember","Gratuity",null,null,"This is a mandatory field",null,"NumberOfEmployeesCoveredAsPercentageOfTotalEmployees",null,"NumberOfEmployeesCoveredAsPercentageOfTotalWorker",null,"DeductedAndDepositedWithTheAuthority",null,"NumberOfEmployeesCoveredAsPercentageOfTotalEmployees",null,"NumberOfEmployeesCoveredAsPercentageOfTotalWorker",null,"DeductedAndDepositedWithTheAuthority"]
[null,null,null,"ESI",null,null,null,null,null,null,null,null,null,null,null,null,null,null,null,null,null,null,null,null,null,null,"ESIMember","ESI",null,null,"This is a mandatory field",null,"NumberOfEmployeesCoveredAsPercentageOfTotalEmployees",null,"NumberOfEmployeesCoveredAsPercentageOfTotalWorker",null,"DeductedAndDepositedWithTheAuthority",null,"NumberOfEmployeesCoveredAsPercentageOfTotalEmployees",null,"NumberOfEmployeesCoveredAsPercentageOfTotalWorker",null,"DeductedAndDepositedWithTheAuthority"]
[null,null,null,"Others – please specify","Add Details"]
[null,null,null,"3. Accessibility of workplaces"]
[null,null,null,"Are the premises / offices of the entity accessible to differently abled employees and workers, as per the requirements of the Rights of Persons with Disabilities Act, 2016? ",null,null,null,null,null,null,null,null,null,null,null,null,null,null,null,null,null,null,null,null,null,null,"AreThePremisesOrOfficesOfTheEntityAccessibleToDifferentlyAbledEmployeesAndWorkers","ThePremisesOrOfficesOfTheEntityAccessibleToDifferentlyAbledEmployeesAndWorkersAreNotApplicableExplanatoryTextBlock",null,null,"This is a mandatory field"]
[null,null,null,"If not, whether any steps are being taken by the entity in this regard.",null,null,null,null,null,null,null,null,null,null,null,null,null,null,null,null,null,null,null,null,null,null,"WhetherAnyStepsAreBeingTakenByTheEntityIfThePremisesOrOfficesOfTheEntityNotAccessibleToDifferentlyAbledEmployeesAndWorkersExplanatoryTextBlock"]
[null,null,null,"4. Does the entity have an equal opportunity policy as per the Rights of Persons with Disabilities Act, 2016?",null,null,null,null,null,null,null,null,null,null,null,null,null,null,null,null,null,null,null,null,null,null,"DoesTheEntityHaveAnEqualOpportunityPolicyAsPerTheRightsOfPersonsWithDisabilitiesAct2016","TheEntityHasNotApplicableAnEqualOpportunityPolicyAsPerTheRightsOfPersonsWithDisabilitiesAct2016ExplanatoryTextBlock",null,null,"This is a mandatory field"]
[null,null,null,"If so, provide a web-link to the policy.",null,null,null,null,null,null,null,null,null,null,null,null,null,null,null,null,null,null,null,null,null,null,"WebLinkOfEqualOppertunityPolicyTextBlock","If so, provide a web-link to the policy.",null,null,"This is a mandatory field"]
[null,null,null,"5. Return to work and Retention rates of permanent employees and workers that took parental leave."]
[null,null,null,null,"Permanent employees",null,null,null,"Permanent workers"]
[null,null,null,"Gender","Return to work rate",null,"Retention rate",null,"Return to work rate",null,"Retention rate"]
[null,null,null,"Male",null,null,null,null,null,null,null,null,null,null,null,null,null,null,null,null,null,null,null,null,null,null,"MaleMember","Male",null,null,"This is a mandatory field",null,"ReturnToWorkRatePermanentEmployeesThatTookParentalLeave",null,"RetentionRatesPermanentEmployeesThatTookParentalLeave",null,"ReturnToWorkRatePermanentWorkersThatTookParentalLeave",null,"RetentionRatesPermanentWorkersThatTookParentalLeave"]
[null,null,null,"Female",null,null,null,null,null,null,null,null,null,null,null,null,null,null,null,null,null,null,null,null,null,null,"FemaleMember","Female",null,null,"This is a mandatory field",null,"ReturnToWorkRatePermanentEmployeesThatTookParentalLeave",null,"RetentionRatesPermanentEmployeesThatTookParentalLeave",null,"ReturnToWorkRatePermanentWorkersThatTookParentalLeave",null,"RetentionRatesPermanentWorkersThatTookParentalLeave"]
[null,null,null,"Other",null,null,null,null,null,null,null,null,null,null,null,null,null,null,null,null,null,null,null,null,null,null,"OtherGenderMember","Other",null,null,"This is a mandatory field",null,"ReturnToWorkRatePermanentEmployeesThatTookParentalLeave",null,"RetentionRatesPermanentEmployeesThatTookParentalLeave",null,"ReturnToWorkRatePermanentWorkersThatTookParentalLeave",null,"RetentionRatesPermanentWorkersThatTookParentalLeave"]
[null,null,null,"Total",null,null,null,null,null,null,null,null,null,null,null,null,null,null,null,null,null,null,null,null,null,null,"GenderMember",null,null,null,null,null,"ReturnToWorkRatePermanentEmployeesThatTookParentalLeave",null,"RetentionRatesPermanentEmployeesThatTookParentalLeave",null,"ReturnToWorkRatePermanentWorkersThatTookParentalLeave",null,"RetentionRatesPermanentWorkersThatTookParentalLeave"]
[null,null,null,"6. Is there a mechanism available to receive and redress grievances for the following categories of employees and worker?",null,null,null,null,null,null,null,null,null,null,null,null,null,null,null,null,null,null,null,null,null,null,"IsThereAMechanismAvailableToReceiveAndRedressGrievancesForTheFollowingCategoriesOfEmployeesAndWorker","6. Is there a mechanism available to receive and redress grievances for the following categories of employees and worker?",null,null,"This is a mandatory field"]
[null,null,null,"If yes, give details of the mechanism in brief.","Yes/No\n","(If Yes, then give details of the mechanism in brief)"]
[null,null,null,"Permanent Workers",null,null,null,null,null,null,null,null,null,null,null,null,null,null,null,null,null,null,null,null,null,"IsThereAMechanismAvailableToReceiveAndRedressGrievancesForPermanentWorkers","DetailsOfMechanismAvailableToReceiveAndRedressGrievancesForPermanentWorkersExplanatoryTextBlock","Permanent Workers",null,null,"This is a mandatory field"]
[null,null,null,"Other than Permanent Workers",null,null,null,null,null,null,null,null,null,null,null,null,null,null,null,null,null,null,null,null,null,"IsThereAMechanismAvailableToReceiveAndRedressGrievancesForOtherThanPermanentWorkers","DetailsOfMechanismAvailableToReceiveAndRedressGrievancesForOtherThanPermanentWorkersExplanatoryTextBlock","Other than Permanent Workers",null,null,"This is a mandatory field"]
[null,null,null,"Permanent Employees",null,null,null,null,null,null,null,null,null,null,null,null,null,null,null,null,null,null,null,null,null,"IsThereAMechanismAvailableToReceiveAndRedressGrievancesForPermanentEmployees","DetailsOfMechanismAvailableToReceiveAndRedressGrievancesForPermanentEmployeesExplanatoryTextBlock","Permanent Employees",null,null,"This is a mandatory field"]
[null,null,null,"Other than Permanent Employees",null,null,null,null,null,null,null,null,null,null,null,null,null,null,null,null,null,null,null,null,null,"IsThereAMechanismAvailableToReceiveAndRedressGrievancesForOtherThanPermanentEmployees","DetailsOfMechanismAvailableToReceiveAndRedressGrievancesForOtherThanPermanentEmployeesExplanatoryTextBlock","Other than Permanent Employees",null,null,"This is a mandatory field"]
[null,null,null,"7. Membership of employees and worker in association(s) or Unions recognised by the listed entity:"]
[null,null,null,"Category",{"$f":"\"FY (\"&RIGHT('General Disclosures'!F19,4)&\"-\"&RIGHT('General Disclosures'!H19,2)&\")\"","v":"FY (-)"},null,null,null,null,null,{"$f":"\"PY (\"&RIGHT('General Disclosures'!F20,4)&\"-\"&RIGHT('General Disclosures'!H20,2)&\")\"","v":"PY (-)"}]
[null,null,null,null,"Total employees/workers in respective category (A)",null,"No.of employees / workers in respective category, who are part of association(s) or Union (B)",null,"% (B / A)",null,"Total employees / workers in respective category (C)",null,"No.of employees /workers in respective category,who are part of association(s) or Union (D)",null,"% (D / C)"]
[null,null,null,"Total Permanent Employees",{"$f":"IF(COUNT(E72:F74)>0,SUM(E72:F74),\"\")","v":""},null,{"$f":"IF(COUNT(G72:H74)>0,SUM(G72:H74),\"\")","v":""},null,{"$f":"IF(G71=\"\",\"\",IFERROR(G71/E71,0))","v":""},null,{"$f":"IF(COUNT(K72:L74)>0,SUM(K72:L74),\"\")","v":""},null,{"$f":"IF(COUNT(M72:N74)>0,SUM(M72:N74),\"\")","v":""},null,{"$f":"IF(M71=\"\",\"\",IFERROR(M71/K71,0))","v":""},null,null,null,null,null,null,null,null,null,null,null,"GenderMember",null,null,null,null,null,"PermanentEmployeesMember","TotalNumberOfEmployeesOrWorkersForMembership",null,"NumberOfEmployeesOrWorkersArePartOfAssociationsOrUnion",null,"PercentageOfEmployeesOrWorkersArePartOfAssociationsOrUnionOfTotalNumberOfEmployee",null,"TotalNumberOfEmployeesOrWorkersForMembership",null,"NumberOfEmployeesOrWorkersArePartOfAssociationsOrUnion",null,"PercentageOfEmployeesOrWorkersArePartOfAssociationsOrUnionOfTotalNumberOfEmployee"]
[null,null,null,"Male",{"$f":"IFERROR(IF('General Disclosures'!G53=\"\", \"\", VALUE('General Disclosures'!G53)), \"\")","v":""},null,null,null,"",null,null,null,null,null,"",null,null,null,null,null,null,null,null,null,null,null,"MaleMember","Male",null,null,"This is a mandatory field",null,"PermanentEmployeesMember","TotalNumberOfEmployeesOrWorkersForMembership",null,"NumberOfEmployeesOrWorkersArePartOfAssociationsOrUnion",null,"PercentageOfEmployeesOrWorkersArePartOfAssociationsOrUnionOfTotalNumberOfEmployee",null,"TotalNumberOfEmployeesOrWorkersForMembership",null,"NumberOfEmployeesOrWorkersArePartOfAssociationsOrUnion",null,"PercentageOfEmployeesOrWorkersArePartOfAssociationsOrUnionOfTotalNumberOfEmployee"]
[null,null,null,"Female",{"$f":"IFERROR(IF('General Disclosures'!I53=\"\", \"\", VALUE('General Disclosures'!I53)), \"\")","v":""},null,null,null,"",null,null,null,null,null,"",null,null,null,null,null,null,null,null,null,null,null,"FemaleMember","Female",null,null,"This is a mandatory field",null,"PermanentEmployeesMember","TotalNumberOfEmployeesOrWorkersForMembership",null,"NumberOfEmployeesOrWorkersArePartOfAssociationsOrUnion",null,"PercentageOfEmployeesOrWorkersArePartOfAssociationsOrUnionOfTotalNumberOfEmployee",null,"TotalNumberOfEmployeesOrWorkersForMembership",null,"NumberOfEmployeesOrWorkersArePartOfAssociationsOrUnion",null,"PercentageOfEmployeesOrWorkersArePartOfAssociationsOrUnionOfTotalNumberOfEmployee"]
[null,null,null,"Other",{"$f":"IFERROR(IF('General Disclosures'!K53=\"\", \"\", VALUE('General Disclosures'!K53)), \"\")","v":""},null,null,null,"",null,null,null,null,null,"",null,null,null,null,null,null,null,null,null,null,null,"OtherGenderMember","Other",null,null,"This is a mandatory field",null,"PermanentEmployeesMember","TotalNumberOfEmployeesOrWorkersForMembership",null,"NumberOfEmployeesOrWorkersArePartOfAssociationsOrUnion",null,"PercentageOfEmployeesOrWorkersArePartOfAssociationsOrUnionOfTotalNumberOfEmployee",null,"TotalNumberOfEmployeesOrWorkersForMembership",null,"NumberOfEmployeesOrWorkersArePartOfAssociationsOrUnion",null,"PercentageOfEmployeesOrWorkersArePartOfAssociationsOrUnionOfTotalNumberOfEmployee"]
[null,null,null,"Total Permanent Workers",{"$f":"IF(COUNT(E76:F78)>0,SUM(E76:F78),\"\")","v":""},null,{"$f":"IF(COUNT(G76:H78)>0,SUM(G76:H78),\"\")","v":""},null,"",null,{"$f":"IF(COUNT(K76:L78)>0,SUM(K76:L78),\"\")","v":""},null,{"$f":"IF(COUNT(M76:N78)>0,SUM(M76:N78),\"\")","v":""},null,"",null,null,null,null,null,null,null,null,null,null,null,"GenderMember",null,null,null,null,null,"PermanentWorkersMember","TotalNumberOfEmployeesOrWorkersForMembership",null,"NumberOfEmployeesOrWorkersArePartOfAssociationsOrUnion",null,"PercentageOfEmployeesOrWorkersArePartOfAssociationsOrUnionOfTotalNumberOfEmployee",null,"TotalNumberOfEmployeesOrWorkersForMembership",null,"NumberOfEmployeesOrWorkersArePartOfAssociationsOrUnion",null,"PercentageOfEmployeesOrWorkersArePartOfAssociationsOrUnionOfTotalNumberOfEmployee"]
[null,null,null,"Male",{"$f":"IFERROR(IF('General Disclosures'!G57=\"\", \"\", VALUE('General Disclosures'!G57)), \"\")","v":""},null,null,null,"",null,null,null,null,null,"",null,null,null,null,null,null,null,null,null,null,null,"MaleMember","Male",null,null,"This is a mandatory field",null,"PermanentWorkersMember","TotalNumberOfEmployeesOrWorkersForMembership",null,"NumberOfEmployeesOrWorkersArePartOfAssociationsOrUnion",null,"PercentageOfEmployeesOrWorkersArePartOfAssociationsOrUnionOfTotalNumberOfEmployee",null,"TotalNumberOfEmployeesOrWorkersForMembership",null,"NumberOfEmployeesOrWorkersArePartOfAssociationsOrUnion",null,"PercentageOfEmployeesOrWorkersArePartOfAssociationsOrUnionOfTotalNumberOfEmployee"]
[null,null,null,"Female",{"$f":"IFERROR(IF('General Disclosures'!I57=\"\", \"\", VALUE('General Disclosures'!I57)), \"\")","v":""},null,null,null,"",null,null,null,null,null,"",null,null,null,null,null,null,null,null,null,null,null,"FemaleMember","Female",null,null,"This is a mandatory field",null,"PermanentWorkersMember","TotalNumberOfEmployeesOrWorkersForMembership",null,"NumberOfEmployeesOrWorkersArePartOfAssociationsOrUnion",null,"PercentageOfEmployeesOrWorkersArePartOfAssociationsOrUnionOfTotalNumberOfEmployee",null,"TotalNumberOfEmployeesOrWorkersForMembership",null,"NumberOfEmployeesOrWorkersArePartOfAssociationsOrUnion",null,"PercentageOfEmployeesOrWorkersArePartOfAssociationsOrUnionOfTotalNumberOfEmployee"]
[null,null,null,"Other",{"$f":"IFERROR(IF('General Disclosures'!K57=\"\", \"\", VALUE('General Disclosures'!K57)), \"\")","v":""},null,null,null,"",null,null,null,null,null,"",null,null,null,null,null,null,null,null,null,null,null,"OtherGenderMember","Other",null,null,"This is a mandatory field",null,"PermanentWorkersMember","TotalNumberOfEmployeesOrWorkersForMembership",null,"NumberOfEmployeesOrWorkersArePartOfAssociationsOrUnion",null,"PercentageOfEmployeesOrWorkersArePartOfAssociationsOrUnionOfTotalNumberOfEmployee",null,"TotalNumberOfEmployeesOrWorkersForMembership",null,"NumberOfEmployeesOrWorkersArePartOfAssociationsOrUnion",null,"PercentageOfEmployeesOrWorkersArePartOfAssociationsOrUnionOfTotalNumberOfEmployee"]
[null,null,null,"8. Details of training given to employees and workers:"]
[null,null,null,"Category",{"$f":"\"FY (\"&RIGHT('General Disclosures'!F19,4)&\"-\"&RIGHT('General Disclosures'!H19,2)&\")\"","v":"FY (-)"},null,null,null,null,{"$f":"\"PY (\"&RIGHT('General Disclosures'!F20,4)&\"-\"&RIGHT('General Disclosures'!H20,2)&\")\"","v":"PY (-)"}]
[null,null,null,null,"Total (A)","On Health\nand safety measures",null,"On Skill upgradation",null,"Total (D)","On Health and safety measures",null,"On Skill upgradation"]
[null,null,null,null,null,"No.\n(B)","% (B\n/ A)","No.\n(C)","% (C /\nA)",null,"No.\n(E)","% (E / D)","No. (F)","% (F / D)"]
[null,null,null,"Employees"]
[null,null,null,"Male",null,null,{"$f":"IF(F84=\"\",\"\",IFERROR(F84/$E84,0))","v":""},null,{"$f":"IF(H84=\"\",\"\",IFERROR(H84/$E84,0))","v":""},null,null,{"$f":"IF(K84=\"\",\"\",IFERROR(K84/$J84,0))","v":""},null,{"$f":"IF(M84=\"\",\"\",IFERROR(M84/$J84,0))","v":""},null,null,null,null,null,null,null,null,null,null,null,"EmployeesMember","MaleMember","Male",null,null,"This is a mandatory field",null,"TotalEmployeesAndWorkersMember","OnHealthAndSafetyMeasuresMember","OnHealthAndSafetyMeasuresMember","OnSkillUpgradationMember","OnSkillUpgradationMember","TotalEmployeesAndWorkersMember","OnHealthAndSafetyMeasuresMember","OnHealthAndSafetyMeasuresMember","OnSkillUpgradationMember","OnSkillUpgradationMember","NumberOfTrainedEmployeesOrWorkers","NumberOfTrainedEmployeesOrWorkers","PercentageOfTrainedEmployeesOrWorkers","NumberOfTrainedEmployeesOrWorkers","PercentageOfTrainedEmployeesOrWorkers","NumberOfTrainedEmployeesOrWorkers","NumberOfTrainedEmployeesOrWorkers","PercentageOfTrainedEmployeesOrWorkers","NumberOfTrainedEmployeesOrWorkers","PercentageOfTrainedEmployeesOrWorkers"]
[null,null,null,"Female",null,null,{"$f":"IF(F85=\"\",\"\",IFERROR(F85/$E85,0))","v":""},null,{"$f":"IF(H85=\"\",\"\",IFERROR(H85/$E85,0))","v":""},null,null,{"$f":"IF(K85=\"\",\"\",IFERROR(K85/$J85,0))","v":""},null,{"$f":"IF(M85=\"\",\"\",IFERROR(M85/$J85,0))","v":""},null,null,null,null,null,null,null,null,null,null,null,"EmployeesMember","FemaleMember","Female",null,null,"This is a mandatory field",null,"TotalEmployeesAndWorkersMember","OnHealthAndSafetyMeasuresMember","OnHealthAndSafetyMeasuresMember","OnSkillUpgradationMember","OnSkillUpgradationMember","TotalEmployeesAndWorkersMember","OnHealthAndSafetyMeasuresMember","OnHealthAndSafetyMeasuresMember","OnSkillUpgradationMember","OnSkillUpgradationMember","NumberOfTrainedEmployeesOrWorkers","NumberOfTrainedEmployeesOrWorkers","PercentageOfTrainedEmployeesOrWorkers","NumberOfTrainedEmployeesOrWorkers","PercentageOfTrainedEmployeesOrWorkers","NumberOfTrainedEmployeesOrWorkers","NumberOfTrainedEmployeesOrWorkers","PercentageOfTrainedEmployeesOrWorkers","NumberOfTrainedEmployeesOrWorkers","PercentageOfTrainedEmployeesOrWorkers"]
[null,null,null,"Other",null,null,{"$f":"IF(F86=\"\",\"\",IFERROR(F86/$E86,0))","v":""},null,{"$f":"IF(H86=\"\",\"\",IFERROR(H86/$E86,0))","v":""},null,null,{"$f":"IF(K86=\"\",\"\",IFERROR(K86/$J86,0))","v":""},null,{"$f":"IF(M86=\"\",\"\",IFERROR(M86/$J86,0))","v":""},null,null,null,null,null,null,null,null,null,null,null,"EmployeesMember","OtherGenderMember","Other",null,null,"This is a mandatory field",null,"TotalEmployeesAndWorkersMember","OnHealthAndSafetyMeasuresMember","OnHealthAndSafetyMeasuresMember","OnSkillUpgradationMember","OnSkillUpgradationMember","TotalEmployeesAndWorkersMember","OnHealthAndSafetyMeasuresMember","OnHealthAndSafetyMeasuresMember","OnSkillUpgradationMember","OnSkillUpgradationMember","NumberOfTrainedEmployeesOrWorkers","NumberOfTrainedEmployeesOrWorkers","PercentageOfTrainedEmployeesOrWorkers","NumberOfTrainedEmployeesOrWorkers","PercentageOfTrainedEmployeesOrWorkers","NumberOfTrainedEmployeesOrWorkers","NumberOfTrainedEmployeesOrWorkers","PercentageOfTrainedEmployeesOrWorkers","NumberOfTrainedEmployeesOrWorkers","PercentageOfTrainedEmployeesOrWorkers"]
[null,null,null,"Total",{"$f":"IF(COUNT(E84:E86)>0,SUM(E84:E86),\"\")","v":""},{"$f":"IF(COUNT(F84:F86)>0,SUM(F84:F86),\"\")","v":""},{"$f":"IF(F87=\"\",\"\",IFERROR(F87/$E87,0))","v":""},"",{"$f":"IF(H87=\"\",\"\",IFERROR(H87/$E87,0))","v":""},{"$f":"IF(COUNT(J84:J86)>0,SUM(J84:J86),\"\")","v":""},"",{"$f":"IF(K87=\"\",\"\",IFERROR(K87/$J87,0))","v":""},"",{"$f":"IF(M87=\"\",\"\",IFERROR(M87/$J87,0))","v":""},null,null,null,null,null,null,null,null,null,null,null,"EmployeesMember","GenderMember",null,null,null,null,null,"TotalEmployeesAndWorkersMember","OnHealthAndSafetyMeasuresMember","OnHealthAndSafetyMeasuresMember","OnSkillUpgradationMember","OnSkillUpgradationMember","TotalEmployeesAndWorkersMember","OnHealthAndSafetyMeasuresMember","OnHealthAndSafetyMeasuresMember","OnSkillUpgradationMember","OnSkillUpgradationMember","NumberOfTrainedEmployeesOrWorkers","NumberOfTrainedEmployeesOrWorkers","PercentageOfTrainedEmployeesOrWorkers","NumberOfTrainedEmployeesOrWorkers","PercentageOfTrainedEmployeesOrWorkers","NumberOfTrainedEmployeesOrWorkers","NumberOfTrainedEmployeesOrWorkers","PercentageOfTrainedEmployeesOrWorkers","NumberOfTrainedEmployeesOrWorkers","PercentageOfTrainedEmployeesOrWorkers"]
[null,null,null,"Workers"]
[null,null,null,"Male",null,null,{"$f":"IF(F89=\"\",\"\",IFERROR(F89/$E89,0))","v":""},null,{"$f":"IF(H89=\"\",\"\",IFERROR(H89/$E89,0))","v":""},null,null,{"$f":"IF(K89=\"\",\"\",IFERROR(K89/$J89,0))","v":""},null,{"$f":"IF(M89=\"\",\"\",IFERROR(M89/$J89,0))","v":""},null,null,null,null,null,null,null,null,null,null,null,"WorkersMember","MaleMember","Male",null,null,"This is a mandatory field",null,"TotalEmployeesAndWorkersMember","OnHealthAndSafetyMeasuresMember","OnHealthAndSafetyMeasuresMember","OnSkillUpgradationMember","OnSkillUpgradationMember","TotalEmployeesAndWorkersMember","OnHealthAndSafetyMeasuresMember","OnHealthAndSafetyMeasuresMember","OnSkillUpgradationMember","OnSkillUpgradationMember","NumberOfTrainedEmployeesOrWorkers","NumberOfTrainedEmployeesOrWorkers","PercentageOfTrainedEmployeesOrWorkers","NumberOfTrainedEmployeesOrWorkers","PercentageOfTrainedEmployeesOrWorkers","NumberOfTrainedEmployeesOrWorkers","NumberOfTrainedEmployeesOrWorkers","PercentageOfTrainedEmployeesOrWorkers","NumberOfTrainedEmployeesOrWorkers","PercentageOfTrainedEmployeesOrWorkers"]
[null,null,null,"Female",null,null,{"$f":"IF(F90=\"\",\"\",IFERROR(F90/$E90,0))","v":""},null,{"$f":"IF(H90=\"\",\"\",IFERROR(H90/$E90,0))","v":""},null,null,{"$f":"IF(K90=\"\",\"\",IFERROR(K90/$J90,0))","v":""},null,{"$f":"IF(M90=\"\",\"\",IFERROR(M90/$J90,0))","v":""},null,null,null,null,null,null,null,null,null,null,null,"WorkersMember","FemaleMember","Female",null,null,"This is a mandatory field",null,"TotalEmployeesAndWorkersMember","OnHealthAndSafetyMeasuresMember","OnHealthAndSafetyMeasuresMember","OnSkillUpgradationMember","OnSkillUpgradationMember","TotalEmployeesAndWorkersMember","OnHealthAndSafetyMeasuresMember","OnHealthAndSafetyMeasuresMember","OnSkillUpgradationMember","OnSkillUpgradationMember","NumberOfTrainedEmployeesOrWorkers","NumberOfTrainedEmployeesOrWorkers","PercentageOfTrainedEmployeesOrWorkers","NumberOfTrainedEmployeesOrWorkers","PercentageOfTrainedEmployeesOrWorkers","NumberOfTrainedEmployeesOrWorkers","NumberOfTrainedEmployeesOrWorkers","PercentageOfTrainedEmployeesOrWorkers","NumberOfTrainedEmployeesOrWorkers","PercentageOfTrainedEmployeesOrWorkers"]
[null,null,null,"Other",null,null,{"$f":"IF(F91=\"\",\"\",IFERROR(F91/$E91,0))","v":""},null,{"$f":"IF(H91=\"\",\"\",IFERROR(H91/$E91,0))","v":""},null,null,{"$f":"IF(K91=\"\",\"\",IFERROR(K91/$J91,0))","v":""},null,{"$f":"IF(M91=\"\",\"\",IFERROR(M91/$J91,0))","v":""},null,null,null,null,null,null,null,null,null,null,null,"WorkersMember","OtherGenderMember","Other",null,null,"This is a mandatory field",null,"TotalEmployeesAndWorkersMember","OnHealthAndSafetyMeasuresMember","OnHealthAndSafetyMeasuresMember","OnSkillUpgradationMember","OnSkillUpgradationMember","TotalEmployeesAndWorkersMember","OnHealthAndSafetyMeasuresMember","OnHealthAndSafetyMeasuresMember","OnSkillUpgradationMember","OnSkillUpgradationMember","NumberOfTrainedEmployeesOrWorkers","NumberOfTrainedEmployeesOrWorkers","PercentageOfTrainedEmployeesOrWorkers","NumberOfTrainedEmployeesOrWorkers","PercentageOfTrainedEmployeesOrWorkers","NumberOfTrainedEmployeesOrWorkers","NumberOfTrainedEmployeesOrWorkers","PercentageOfTrainedEmployeesOrWorkers","NumberOfTrainedEmployeesOrWorkers","PercentageOfTrainedEmployeesOrWorkers"]
[null,null,null,"Total",{"$f":"IF(COUNT(E89:E91)>0,SUM(E89:E91),\"\")","v":""},{"$f":"IF(COUNT(F89:F91)>0,SUM(F89:F91),\"\")","v":""},{"$f":"IF(F92=\"\",\"\",IFERROR(F92/$E92,0))","v":""},"",{"$f":"IF(H92=\"\",\"\",IFERROR(H92/$E92,0))","v":""},{"$f":"IF(COUNT(J89:J91)>0,SUM(J89:J91),\"\")","v":""},"",{"$f":"IF(K92=\"\",\"\",IFERROR(K92/$J92,0))","v":""},"",{"$f":"IF(M92=\"\",\"\",IFERROR(M92/$J92,0))","v":""},null,null,null,null,null,null,null,null,null,null,null,"WorkersMember","GenderMember",null,null,null,null,null,"TotalEmployeesAndWorkersMember","OnHealthAndSafetyMeasuresMember","OnHealthAndSafetyMeasuresMember","OnSkillUpgradationMember","OnSkillUpgradationMember","TotalEmployeesAndWorkersMember","OnHealthAndSafetyMeasuresMember","OnHealthAndSafetyMeasuresMember","OnSkillUpgradationMember","OnSkillUpgradationMember","NumberOfTrainedEmployeesOrWorkers","NumberOfTrainedEmployeesOrWorkers","PercentageOfTrainedEmployeesOrWorkers","NumberOfTrainedEmployeesOrWorkers","PercentageOfTrainedEmployeesOrWorkers","NumberOfTrainedEmployeesOrWorkers","NumberOfTrainedEmployeesOrWorkers","PercentageOfTrainedEmployeesOrWorkers","NumberOfTrainedEmployeesOrWorkers","PercentageOfTrainedEmployeesOrWorkers"]
[null,null,null,"9. Details of performance and career development reviews of employees and worker:"]
[null,null,null,"Category",{"$f":"\"FY (\"&RIGHT('General Disclosures'!F19,4)&\"-\"&RIGHT('General Disclosures'!H19,2)&\")\"","v":"FY (-)"},null,null,{"$f":"\"PY (\"&RIGHT('General Disclosures'!F20,4)&\"-\"&RIGHT('General Disclosures'!H20,2)&\")\"","v":"PY (-)"}]
[null,null,null,null,"Total (A)","No.\n(B)","% (B\n/ A)","Total (D)","No.\n(E)","% (E / D)"]
[null,null,null,"Employees"]
[null,null,null,"Male",{"$f":"IFERROR(IF(E84=\"\", \"\", VALUE(E84)), \"\")","v":""},null,{"$f":"IF(F97=\"\",\"\",IFERROR(F97/$E97,0))","v":""},{"$f":"IFERROR(IF(J84=\"\", \"\", VALUE(J84)), \"\")","v":""},null,{"$f":"IF(I97=\"\",\"\",IFERROR(I97/$H97,0))","v":""},null,null,null,null,null,null,null,null,null,null,null,null,null,null,null,"EmployeesMember","MaleMember","Male",null,null,"This is a mandatory field",null,"TotalNumberOfEmployeesOrWorkersForPerformanceAndCareerDevelopment","NumberOfEmployeesOrWorkerForPerformanceAndCareerDevelopment","PercentageOfEmployeesOrWorkerForPerformanceAndCareerDevelopment","TotalNumberOfEmployeesOrWorkersForPerformanceAndCareerDevelopment","NumberOfEmployeesOrWorkerForPerformanceAndCareerDevelopment","PercentageOfEmployeesOrWorkerForPerformanceAndCareerDevelopment"]
[null,null,null,"Female",{"$f":"IFERROR(IF(E85=\"\", \"\", VALUE(E85)), \"\")","v":""},null,{"$f":"IF(F98=\"\",\"\",IFERROR(F98/$E98,0))","v":""},{"$f":"IFERROR(IF(J85=\"\", \"\", VALUE(J85)), \"\")","v":""},null,{"$f":"IF(I98=\"\",\"\",IFERROR(I98/$H98,0))","v":""},null,null,null,null,null,null,null,null,null,null,null,null,null,null,null,"EmployeesMember","FemaleMember","Female",null,null,"This is a mandatory field",null,"TotalNumberOfEmployeesOrWorkersForPerformanceAndCareerDevelopment","NumberOfEmployeesOrWorkerForPerformanceAndCareerDevelopment","PercentageOfEmployeesOrWorkerForPerformanceAndCareerDevelopment","TotalNumberOfEmployeesOrWorkersForPerformanceAndCareerDevelopment","NumberOfEmployeesOrWorkerForPerformanceAndCareerDevelopment","PercentageOfEmployeesOrWorkerForPerformanceAndCareerDevelopment"]
[null,null,null,"Other","",null,{"$f":"IF(F99=\"\",\"\",IFERROR(F99/$E99,0))","v":""},"",null,{"$f":"IF(I99=\"\",\"\",IFERROR(I99/$H99,0))","v":""},null,null,null,null,null,null,null,null,null,null,null,null,null,null,null,"EmployeesMember","OtherGenderMember","Other",null,null,"This is a mandatory field",null,"TotalNumberOfEmployeesOrWorkersForPerformanceAndCareerDevelopment","NumberOfEmployeesOrWorkerForPerformanceAndCareerDevelopment","PercentageOfEmployeesOrWorkerForPerformanceAndCareerDevelopment","TotalNumberOfEmployeesOrWorkersForPerformanceAndCareerDevelopment","NumberOfEmployeesOrWorkerForPerformanceAndCareerDevelopment","PercentageOfEmployeesOrWorkerForPerformanceAndCareerDevelopment"]
[null,null,null,"Total",{"$f":"IF(COUNT(E97:E99)>0,SUM(E97:E99),\"\")","v":""},{"$f":"IF(COUNT(F97:F99)>0,SUM(F97:F99),\"\")","v":""},{"$f":"IF(F100=\"\",\"\",IFERROR(F100/$E100,0))","v":""},{"$f":"IF(COUNT(H97:H99)>0,SUM(H97:H99),\"\")","v":""},{"$f":"IF(COUNT(I97:I99)>0,SUM(I97:I99),\"\")","v":""},{"$f":"IF(I100=\"\",\"\",IFERROR(I100/$H100,0))","v":""},null,null,null,null,null,null,null,null,null,null,null,null,null,null,null,"EmployeesMember","GenderMember",null,null,null,null,null,"TotalNumberOfEmployeesOrWorkersForPerformanceAndCareerDevelopment","NumberOfEmployeesOrWorkerForPerformanceAndCareerDevelopment","PercentageOfEmployeesOrWorkerForPerformanceAndCareerDevelopment","TotalNumberOfEmployeesOrWorkersForPerformanceAndCareerDevelopment","NumberOfEmployeesOrWorkerForPerformanceAndCareerDevelopment","PercentageOfEmployeesOrWorkerForPerformanceAndCareerDevelopment"]
[null,null,null,"Workers"]
[null,null,null,"Male",{"$f":"IFERROR(IF(E89=\"\", \"\", VALUE(E89)), \"\")","v":""},null,{"$f":"IF(F102=\"\",\"\",IFERROR(F102/$E102,0))","v":""},{"$f":"IFERROR(IF(J89=\"\", \"\", VALUE(J89)), \"\")","v":""},null,{"$f":"IF(I102=\"\",\"\",IFERROR(I102/$H102,0))","v":""},null,null,null,null,null,null,null,null,null,null,null,null,null,null,null,"WorkersMember","MaleMember","Male",null,null,"This is a mandatory field",null,"TotalNumberOfEmployeesOrWorkersForPerformanceAndCareerDevelopment","NumberOfEmployeesOrWorkerForPerformanceAndCareerDevelopment","PercentageOfEmployeesOrWorkerForPerformanceAndCareerDevelopment","TotalNumberOfEmployeesOrWorkersForPerformanceAndCareerDevelopment","NumberOfEmployeesOrWorkerForPerformanceAndCareerDevelopment","PercentageOfEmployeesOrWorkerForPerformanceAndCareerDevelopment"]
[null,null,null,"Female",{"$f":"IFERROR(IF(E90=\"\", \"\", VALUE(E90)), \"\")","v":""},null,{"$f":"IF(F103=\"\",\"\",IFERROR(F103/$E103,0))","v":""},{"$f":"IFERROR(IF(J90=\"\", \"\", VALUE(J90)), \"\")","v":""},null,{"$f":"IF(I103=\"\",\"\",IFERROR(I103/$H103,0))","v":""},null,null,null,null,null,null,null,null,null,null,null,null,null,null,null,"WorkersMember","FemaleMember","Female",null,null,"This is a mandatory field",null,"TotalNumberOfEmployeesOrWorkersForPerformanceAndCareerDevelopment","NumberOfEmployeesOrWorkerForPerformanceAndCareerDevelopment","PercentageOfEmployeesOrWorkerForPerformanceAndCareerDevelopment","TotalNumberOfEmployeesOrWorkersForPerformanceAndCareerDevelopment","NumberOfEmployeesOrWorkerForPerformanceAndCareerDevelopment","PercentageOfEmployeesOrWorkerForPerformanceAndCareerDevelopment"]
[null,null,null,"Other",{"$f":"IFERROR(IF(E91=\"\", \"\", VALUE(E91)), \"\")","v":""},null,{"$f":"IF(F104=\"\",\"\",IFERROR(F104/$E104,0))","v":""},"",null,{"$f":"IF(I104=\"\",\"\",IFERROR(I104/$H104,0))","v":""},null,null,null,null,null,null,null,null,null,null,null,null,null,null,null,"WorkersMember","OtherGenderMember","Other",null,null,"This is a mandatory field",null,"TotalNumberOfEmployeesOrWorkersForPerformanceAndCareerDevelopment","NumberOfEmployeesOrWorkerForPerformanceAndCareerDevelopment","PercentageOfEmployeesOrWorkerForPerformanceAndCareerDevelopment","TotalNumberOfEmployeesOrWorkersForPerformanceAndCareerDevelopment","NumberOfEmployeesOrWorkerForPerformanceAndCareerDevelopment","PercentageOfEmployeesOrWorkerForPerformanceAndCareerDevelopment"]
[null,null,null,"Total",{"$f":"IF(COUNT(E102:E104)>0,SUM(E102:E104),\"\")","v":""},{"$f":"IF(COUNT(F102:F104)>0,SUM(F102:F104),\"\")","v":""},{"$f":"IF(F105=\"\",\"\",IFERROR(F105/$E105,0))","v":""},{"$f":"IF(COUNT(H102:H104)>0,SUM(H102:H104),\"\")","v":""},{"$f":"IF(COUNT(I102:I104)>0,SUM(I102:I104),\"\")","v":""},{"$f":"IF(I105=\"\",\"\",IFERROR(I105/$H105,0))","v":""},null,null,null,null,null,null,null,null,null,null,null,null,null,null,null,"WorkersMember","GenderMember",null,null,null,null,null,"TotalNumberOfEmployeesOrWorkersForPerformanceAndCareerDevelopment","NumberOfEmployeesOrWorkerForPerformanceAndCareerDevelopment","PercentageOfEmployeesOrWorkerForPerformanceAndCareerDevelopment","TotalNumberOfEmployeesOrWorkersForPerformanceAndCareerDevelopment","NumberOfEmployeesOrWorkerForPerformanceAndCareerDevelopment","PercentageOfEmployeesOrWorkerForPerformanceAndCareerDevelopment"]
[null,null,null,"10. Health and safety management system:"]
[null,null,null,"a.Whether an occupational health and safety management system has been implemented by the entity? (Yes/ No/ NA).",null,null,null,null,null,null,null,null,null,null,null,null,null,null,null,null,null,null,null,null,null,null,"WhetherAnOccupationalHealthAndSafetyManagementSystemHasBeenImplementedByTheEntity","AnOccupationalHealthAndSafetyManagementSystemHasBeenNotApplicableToTheEntityExplanatoryTextBlock",null,null,"This is a mandatory field"]
[null,null,null," If yes, the coverage such system?",null,null,null,null,null,null,null,null,null,null,null,null,null,null,null,null,null,null,null,null,null,null,"DetailsOfOccupationalHealthAndSafetyManagementSystemExplanatoryTextBlock"]
[null,null,null,"b. What are the processes used to identify work-related hazards and assess risks on a routine and non-routine basis by the entity?",null,null,null,null,null,null,null,null,null,null,null,null,null,null,null,null,null,null,null,null,null,null,"DesclosureOfTheProcessesUsedToIdentifyWorkRelatedHazardsAndAssessRisksOnARoutineAndNonRoutineBasisByTheEntityExplanatoryTextBlock"]
[null,null,null,"c. Whether you have processes for workers to report the work related hazards and to remove themselves from such risks?",null,null,null,null,null,null,null,null,null,null,null,null,null,null,null,null,null,null,null,null,null,null,"WhetherYouHaveProcessesForWorkersToReportTheWorkRelatedHazardsAndToRemoveThemselvesFromSuchRisks","ProcessesForWorkersToReportTheWorkRelatedHazardsAndToRemoveThemselvesFromSuchRisksIsNotApplicableExplanatoryTextBlock",null,null,"This is a mandatory field"]
[null,null,null,"d. Do the employees/ worker of the entity have access to non-occupational medical and healthcare services?",null,null,null,null,null,null,null,null,null,null,null,null,null,null,null,null,null,null,null,null,null,null,"DoTheEmployeesOrWorkerOfTheEntityHaveAccessToNonOccupationalMedicalAndHealthcareServices","DetailsIfTheEmployeesOrWorkerOfTheEntityHaveAccessToNonOccupationalMedicalAndHealthcareServicesIsNotApplicableExplanatoryTextBlock",null,null,"This is a mandatory field"]
[null,null,null,"11. Details of safety related incidents, in the following format:"]
[null,null,null,"Safety Incident/Number","Category*",{"$f":"\"FY (\"&RIGHT('General Disclosures'!F19,4)&\"-\"&RIGHT('General Disclosures'!H19,2)&\")\"","v":"FY (-)"},{"$f":"\"PY (\"&RIGHT('General Disclosures'!F20,4)&\"-\"&RIGHT('General Disclosures'!H20,2)&\")\"","v":"PY (-)"}]
[null,null,null,"Lost Time Injury Frequency Rate (LTIFR) (per one million-person hours worked)","Employees",null,null,null,null,null,null,null,null,null,null,null,null,null,null,null,null,null,null,null,null,"EmployeesMember","LostTimeInjuryFrequencyRatePerOneMillionPersonHoursWorked","Lost Time Injury Frequency Rate (LTIFR) (per one million-person hours worked)",null,null,"This is a mandatory field"]
[null,null,null,null,"Workers",null,null,null,null,null,null,null,null,null,null,null,null,null,null,null,null,null,null,null,null,"WorkersMember","LostTimeInjuryFrequencyRatePerOneMillionPersonHoursWorked"]
[null,null,null,"Total recordable work-related injuries","Employees",null,null,null,null,null,null,null,null,null,null,null,null,null,null,null,null,null,null,null,null,"EmployeesMember","TotalRecordableWorkRelatedInjuries","Total recordable work-related injuries",null,null,"This is a mandatory field"]
[null,null,null,null,"Workers",null,null,null,null,null,null,null,null,null,null,null,null,null,null,null,null,null,null,null,null,"WorkersMember","TotalRecordableWorkRelatedInjuries"]
[null,null,null,"No. of fatalities","Employees",null,null,null,null,null,null,null,null,null,null,null,null,null,null,null,null,null,null,null,null,"EmployeesMember","NumberOfFatalities","No. of fatalities",null,null,"This is a mandatory field"]
[null,null,null,null,"Workers",null,null,null,null,null,null,null,null,null,null,null,null,null,null,null,null,null,null,null,null,"WorkersMember","NumberOfFatalities"]
[null,null,null,"High consequence work related injury or ill-health (excluding fatalities)","Employees",null,null,null,null,null,null,null,null,null,null,null,null,null,null,null,null,null,null,null,null,"EmployeesMember","HighConsequenceWorkRelatedInjuryOrIllHealthExcludingFatalities","High consequence work related injury or ill-health (excluding fatalities)",null,null,"This is a mandatory field"]
[null,null,null,null,"Workers",null,null,"*Including in the contract workforce",null,null,null,null,null,null,null,null,null,null,null,null,null,null,null,null,null,"WorkersMember","HighConsequenceWorkRelatedInjuryOrIllHealthExcludingFatalities"]
[null,null,null,"12. Describe the measures taken by the entity to ensure a safe and healthy work place.",null,null,null,null,null,null,null,null,null,null,null,null,null,null,null,null,null,null,null,null,null,null,"DescribeTheMeasuresTakenByTheEntityToEnsureASafeAndHealthyWorkPlaceExplanatoryTextBlock"]
[null,null,null,"13. Number of Complaints on the following made by employees and workers:"]
[null,null,null,null,{"$f":"\"FY (\"&RIGHT('General Disclosures'!F19,4)&\"-\"&RIGHT('General Disclosures'!H19,2)&\")\"","v":"FY (-)"},null,null,{"$f":"\"PY (\"&RIGHT('General Disclosures'!F20,4)&\"-\"&RIGHT('General Disclosures'!H20,2)&\")\"","v":"PY (-)"}]
[null,null,null,null,"Filed during the year","Pending resolution at the end of year","Remarks","Filed during the year","Pending resolution at the end of year","Remarks"]
[null,null,null,"Working Conditions",null,null,null,null,null,null,null,null,null,null,null,null,null,null,null,null,null,null,null,null,null,null,"WorkingConditionsComplaintsMember","Working Conditions",null,null,"This is a mandatory field",null,"NumberOfComplaintsFiledDuringTheYear","NumberOfComplaintsPendingResolutionAtTheEndOfYear","RemarksforComplaintsExplanatoryTextBlock","NumberOfComplaintsFiledDuringTheYear","NumberOfComplaintsPendingResolutionAtTheEndOfYear","RemarksforComplaintsExplanatoryTextBlock"]
[null,null,null,"Health & Safety",null,null,null,null,null,null,null,null,null,null,null,null,null,null,null,null,null,null,null,null,null,null,"HealthSafetyComplaintsMember","Health & Safety",null,null,"This is a mandatory field",null,"NumberOfComplaintsFiledDuringTheYear","NumberOfComplaintsPendingResolutionAtTheEndOfYear","RemarksforComplaintsExplanatoryTextBlock","NumberOfComplaintsFiledDuringTheYear","NumberOfComplaintsPendingResolutionAtTheEndOfYear","RemarksforComplaintsExplanatoryTextBlock"]
[null,null,null,"14. Assessments for the year:"]
[null,null,null,null,"% of your plants and offices that were assessed (by entity or statutory authorities or third parties)"]
[null,null,null,"Health and safety practices",null,null,null,null,null,null,null,null,null,null,null,null,null,null,null,null,null,null,null,null,null,null,"PercentageOfHealthAndSafetyPracticesOfYourPlantsAndOfficesThatWereAssessedP3","Health and safety practices",null,null,"This is a mandatory field"]
[null,null,null,"Working Conditions",null,null,null,null,null,null,null,null,null,null,null,null,null,null,null,null,null,null,null,null,null,null,"PercentageOfWorkingConditionsOfYourPlantsAndOfficesThatWereAssessedP3","Working Conditions",null,null,"This is a mandatory field"]
[null,null,null,"15. Provide details of any corrective action taken or underway to address safety-related incidents (if any) and on significant risks / concerns arising from assessments of health & safety practices and working conditions.",null,null,null,null,null,null,null,null,null,null,null,null,null,null,null,null,null,null,null,null,null,null,"DetailsOfAnyCorrectiveActionTakenOrUnderwayToAddressSafetyRelatedIncidentsOfYourPlantsAndOfficesThatWereAssessedExplanatoryTextBlock"]
[null,null,null,"Leadership Indicators"]
[null,null,null,"1. Does the entity extend any life insurance or any compensatory package in the event of death of "]
[null,null,null,"(A) Employees (Y/N)",null,null,null,null,null,null,null,null,null,null,null,null,null,null,null,null,null,null,null,null,null,null,"DoesTheEntityExtendAnyLifeInsuranceOrAnyCompensatoryPackageInTheEventOfDeathOfEmployees","(A) Employees (Y/N)",null,null,"This is a mandatory field"]
[null,null,null,"(B) Workers (Y/N).",null,null,null,null,null,null,null,null,null,null,null,null,null,null,null,null,null,null,null,null,null,null,"DoesTheEntityExtendAnyLifeInsuranceOrAnyCompensatoryPackageInTheEventOfDeathOfWorkers","(B) Workers (Y/N).",null,null,"This is a mandatory field"]
[null,null,null,"2. Provide the measures undertaken by the entity to ensure that statutory dues have been deducted and deposited by the value chain partners.",null,null,null,null,null,null,null,null,null,null,null,null,null,null,null,null,null,null,null,null,null,null,"DetailsOfMeasuresUndertakenByTheEntityToEnsureThatStatutoryDuesHaveBeenDeductedAndDepositedByTheValueChainPartnersExplanatoryTextBlock"]
[null,null,null,"3. Provide the number of employees / workers having suffered high consequence work related injury / ill-health / fatalities (as reported in Q11 of Essential Indicators above), who have been are rehabilitated and placed in suitable employment or whose family members have been placed in suitable employment:"]
[null,null,null,null,"Total no. of affected employees/ workers",null,null,null,"No. of employees/workers that are rehabilitated and placed in suitable employment or whose family members have been placed in suitable employment"]
[null,null,null,null,{"$f":"\"FY (\"&RIGHT('General Disclosures'!F19,4)&\"-\"&RIGHT('General Disclosures'!H19,2)&\")\"","v":"FY (-)"},null,{"$f":"\"PY (\"&RIGHT('General Disclosures'!F20,4)&\"-\"&RIGHT('General Disclosures'!H20,2)&\")\"","v":"PY (-)"},null,{"$f":"\"FY (\"&RIGHT('General Disclosures'!F19,4)&\"-\"&RIGHT('General Disclosures'!H19,2)&\")\"","v":"FY (-)"},null,{"$f":"\"PY (\"&RIGHT('General Disclosures'!F20,4)&\"-\"&RIGHT('General Disclosures'!H20,2)&\")\"","v":"PY (-)"}]
[null,null,null,"Employees",null,null,null,null,null,null,null,null,null,null,null,null,null,null,null,null,null,null,null,null,null,null,"Employees","Employees",null,null,null,null,"TotalNumberOfAffectedEmployees",null,"TotalNumberOfAffectedEmployees",null,"NumberOfEmployeesOrWhoseFamilyMembersRehabilitatedAndPlacedInSuitableEmployment",null,"NumberOfEmployeesOrWhoseFamilyMembersRehabilitatedAndPlacedInSuitableEmployment"]
[null,null,null,"Workers",null,null,null,null,null,null,null,null,null,null,null,null,null,null,null,null,null,null,null,null,null,null,"Workers","Workers",null,null,null,null,"TotalNumberOfAffectedWorkers",null,"TotalNumberOfAffectedWorkers",null,"NumberOfWorkersOrWhoseFamilyMembersRehabilitatedAndPlacedInSuitableEmployment",null,"NumberOfWorkersOrWhoseFamilyMembersRehabilitatedAndPlacedInSuitableEmployment"]
[null,null,null,"4. Does the entity provide transition assistance programs to facilitate continued employability and the management of career endings resulting from retirement or termination of employment? (Yes/ No/ NA)",null,null,null,null,null,null,null,null,null,null,null,null,null,null,null,null,null,null,null,null,null,null,"DoesTheEntityProvideTransitionAssistanceProgramsToFacilitateContinuedEmployabilityAndTheManagementOfCareerEndingsResultingFromRetirementOrTerminationOfEmployment","TheEntityHasNotApplicableTransitionAssistanceProgramsToFacilitateContinuedEmployabilityAndTheManagementOfCareerEndingsResultingFromRetirementOrTerminationOfEmploymentExplanatoryTextBlock"]
[null,null,null,"5. Details on assessment of value chain partners: "]
[null,null,null,null,"% of value chain partners (by value of business done with such partners) that were assessed"]
[null,null,null,"Health and safety practices",null,null,null,null,null,null,null,null,null,null,null,null,null,null,null,null,null,null,null,null,null,null,"PercentageOfHealthAndSafetyPracticesOfValueChainPartnersP3","Health and safety practices"]
[null,null,null,"Working Conditions",null,null,null,null,null,null,null,null,null,null,null,null,null,null,null,null,null,null,null,null,null,null,"PercentageOfWorkingConditionsOfValueChainPartnersP3","Working Conditions"]
[null,null,null,"6. Provide details of any corrective actions taken or underway to address significant risks / concerns arising from assessments of health and safety practices and working conditions of value chain partners.",null,null,null,null,null,null,null,null,null,null,null,null,null,null,null,null,null,null,null,null,null,null,"DetailsOfAnyCorrectiveActionTakenOrUnderwayToAddressSafetyRelatedIncidentsOnAssessmentOfValueChainPartnersExplanatoryTextBlock"]
[null,null,null,"Notes",null,null,null,null,null,null,null,null,null,null,null,null,null,null,null,null,null,null,null,null,null,null,"NotesPrinciple3ExplanatoryTextBlock"]

{"sheet":"Other retirement benefits","index":27,"n_rows":12,"n_cols":31,"rows_kept":12,"cut":false,"hidden":false,"merged":[[5,26,5,30],[11,3,11,10],[7,3,7,10],[8,3,9,3],[8,4,9,4],[8,5,8,7],[8,8,8,10]]}
[null,null,null,null,null,null,null,null,0,null,null,null,null,"Yes"]
[null,null,null,null,"NameOfOtherRetirementBenefits","NumberOfEmployeesCoveredAsPercentageOfTotalEmployees","NumberOfEmployeesCoveredAsPercentageOfTotalWorker","DeductedAndDepositedWithTheAuthority","NumberOfEmployeesCoveredAsPercentageOfTotalEmployees","NumberOfEmployeesCoveredAsPercentageOfTotalWorker","DeductedAndDepositedWithTheAuthority",null,null,"No"]
[null,null,null,null,null,null,null,null,null,null,null,null,null,"NA"]
[]
[]
[null,null,null,null,null,null,null,null,null,null,null,null,null,null,null,null,null,null,null,null,null,null,null,null,null,null,"Taxonomy"]
[null,null,null,null,null,null,null,null,null,null,"Back"]
[null,null,null,"Details of Other Retirement benefits",null,null,null,null,null,null,null,null,null,null,null,null,null,null,null,null,null,null,null,null,null,null,"Element Name","Lable Name","Type","I/D","Validation"]
[null,null,null,"Sr. No.","Name of Benefits",{"$f":"\"FY (\"&RIGHT('General Disclosures'!F19,4)&\"-\"&RIGHT('General Disclosures'!H19,2)&\")\"","v":"FY (-)"},null,null,{"$f":"\"PY (\"&RIGHT('General Disclosures'!F20,4)&\"-\"&RIGHT('General Disclosures'!H20,2)&\")\"","v":"PY (-)"},null,null,null,null,null,null,null,null,null,null,null,null,null,null,null,null,null,"NameOfBenefits","Name Of Benefits",null,null,"This is a mandatory field"]
[null,null,null,null,null,"No. of employees covered as a % of total employees","No. of workers covered as a % of total workers","Deducted and deposited with the authority (Y/N/N.A.)","No. of employees covered as a % of total employees","No. of workers covered as a % of total workers","Deducted and deposited with the authority (Y/N/N.A.)",null,null,null,null,null,null,null,null,null,null,null,null,null,null,null,"No.ofemployeescoveredasa%oftotalemployees","No. of employees covered as a % of total employees",null,null,"This is a mandatory field"]
[null,null,null,null,null,null,null,null,null,null,null,null,null,null,null,null,null,null,null,null,null,null,null,null,null,null,"No.ofworkerscoveredasa%oftotalworkers","No. of workers covered as a % of total workers",null,null,"This is a mandatory field"]
[null,null,null,null,null,null,null,null,null,null,null,null,null,null,null,null,null,null,null,null,null,null,null,null,null,null,"Deductedanddepositedwiththeauthority(Y/N/N.A.)","Deducted and deposited with the authority (Y/N/N.A.)",null,null,"This is a mandatory field"]

{"sheet":"PRINCIPLE 4","index":28,"n_rows":17,"n_cols":31,"rows_kept":17,"cut":false,"hidden":false,"merged":[[7,3,7,4],[8,3,8,4],[11,3,11,4],[5,26,5,30]]}
[null,null,null,null,null,null,null,null,null,null,null,null,null,null,null,null,"Yes"]
[null,null,null,null,null,null,null,null,null,null,null,null,null,null,null,null,"No"]
[]
[]
[]
[null,null,null,null,null,null,null,null,null,null,null,null,null,null,null,null,null,null,null,null,null,null,null,null,null,null,"Taxonomy"]
[]
[null,null,null,"PRINCIPLE 4: Businesses should respect the interests of and be responsive to all its stakeholders",null,null,null,null,null,null,null,null,null,null,null,null,null,null,null,null,null,null,null,null,null,null,"Element Name","Label name","type","I/D","validations"]
[null,null,null,"Essential Indicators"]
[null,null,null,"1. Describe the processes for identifying key stakeholder groups of the entity.",null,null,null,null,null,null,null,null,null,null,null,null,null,null,null,null,null,null,null,null,null,null,"DescribeTheProcessesForIdentifyingKeyStakeholderGroupsOfTheEntityExplanatoryTextBlock"]
[null,null,null,"2. List stakeholder groups identified as key for your entity and the frequency of engagement with each stakeholder group.","Add Details"]
[null,null,null,"Leadership Indicators"]
[null,null,null,"1. Provide the processes for consultation between stakeholders and the Board on economic, environmental, and social topics or if consultation is delegated, how is feedback from such consultations provided to the Board.",null,null,null,null,null,null,null,null,null,null,null,null,null,null,null,null,null,null,null,null,null,null,"ProvideTheProcessesForConsultationBetweenStakeholdersAndTheBoardOnEconomicEnvironmentalAndSocialTopicsOrIfConsultationIsDelegatedHowIsFeedbackFromSuchConsultationsProvidedToTheBoardExplanatoryTextBlock"]
[null,null,null,"2.Whether stakeholder consultation is used to support the identification and management of environmental, and social topics.",null,null,null,null,null,null,null,null,null,null,null,null,null,null,null,null,null,null,null,null,null,null,"WhetherStakeholderConsultationIsUsedToSupportTheIdentificationAndManagementOfEnvironmentalAndSocialTopics","2.Whether stakeholder consultation is used to support the identification and management of environmental, and social topics.",null,null,"This is a mandatory field"]
[null,null,null,"If so, provide details of instances as to how the inputs received from stakeholders on these topics were incorporated into policies and activities of the entity.",null,null,null,null,null,null,null,null,null,null,null,null,null,null,null,null,null,null,null,null,null,null,"DetailsOfInstancesAsToHowTheInputsReceivedFromStakeholdersOnTheseTopicsWereIncorporatedIntoPoliciesAndActivitiesOfTheEntityExplanatoryTextBlock"]
[null,null,null,"3. Provide details of instances of engagement with, and actions taken to, address the concerns of vulnerable/ marginalized stakeholder groups.",null,null,null,null,null,null,null,null,null,null,null,null,null,null,null,null,null,null,null,null,null,null,"DetailsOfInstancesOfEngagementWithAndActionsTakenToAddressTheConcernsOfVulnerableMarginalizedStakeholderGroupsExplanatoryTextBlock"]
[null,null,null,"Notes",null,null,null,null,null,null,null,null,null,null,null,null,null,null,null,null,null,null,null,null,null,null,"NotesPrinciple4ExplanatoryTextBlock"]

{"sheet":"Stakeholder group","index":29,"n_rows":13,"n_cols":33,"rows_kept":13,"cut":false,"hidden":false,"merged":[[7,3,7,10],[10,3,10,10],[5,28,5,32]]}
[null,null,null,null,null,null,null,null,0,null,1,null,null,null,null,null,null,null,"Yes","E-mail","Annually"]
[null,null,null,null,"StakeholderGroup","WhetherIdentifiedAsVulnerableAndMarginalizedGroup","ChannelsOfCommunication","DetailsOfOtherChannelsOfCommunication","FrequencyOfEngagement","DetailsOfOtherFrequencyOfEngagement","PurposeAndScopeOfEngagementIncludingKeyTopicsAndConcernsRaisedDuringSuchEngagement",null,null,null,null,null,null,null,"No","SMS","Half yearly"]
[null,null,null,null,null,null,null,null,null,null,null,null,null,null,null,null,null,null,null,"Newspaper","Quarterly"]
[null,null,null,null,null,null,null,null,null,null,null,null,null,null,null,null,null,null,null,"Pamphlets","Others – please specify"]
[null,null,null,null,null,null,null,null,null,null,null,null,null,null,null,null,null,null,null,"Advertisement"]
[null,null,null,null,null,null,null,null,null,null,null,null,null,null,null,null,null,null,null,"Community Meetings",null,null,null,null,null,null,null,null,"Taxonomy"]
[null,null,null,null,null,null,null,null,null,null,"Back",null,null,null,null,null,null,null,null,"Notice Board"]
[null,null,null,"List stakeholder groups identified as key for your entity and the frequency of engagement with each stakeholder group.",null,null,null,null,null,null,null,null,null,null,null,null,null,null,null,"Website",null,null,null,null,null,null,null,null,"Element Name","Lable Name","Type","I/D","Validation"]
[null,null,null,"Sr. No.","Stakeholder Group","Whether identified as Vulnerable & Marginalized Group","Channels of communication","Details of Other Channels of communication","Frequency of engagement","Details of Other Frequency of engagement","Purpose and scope of engagement including key topics and concerns raised during such engagement",null,null,null,null,null,null,null,null,"Other",null,null,null,null,null,null,null,null,"StakeholderGroup","Stakeholder Group",null,null,"This is a mandatory field"]
[null,null,null,null,null,null,null,null,null,null,null,null,null,null,null,null,null,null,null,null,null,null,null,null,null,null,null,null,"WhetheridentifiedasVulnerable&MarginalizedGroup","Whether identified as Vulnerable & Marginalized Group",null,null,"This is a mandatory field"]
[null,null,null,null,null,null,null,null,null,null,null,null,null,null,null,null,null,null,null,null,null,null,null,null,null,null,null,null,"Channelsofcommunication","Channels of communication",null,null,"This is a mandatory field"]
[null,null,null,null,null,null,null,null,null,null,null,null,null,null,null,null,null,null,null,null,null,null,null,null,null,null,null,null,"Frequencyofengagement","Frequency of engagement",null,null,"This is a mandatory field"]
[null,null,null,null,null,null,null,null,null,null,null,null,null,null,null,null,null,null,null,null,null,null,null,null,null,null,null,null,"Purposeandscopeofengagementincludingkeytopicsandconcernsraisedduringsuchengagement","Purpose and scope of engagement including key topics and concerns raised during such engagement",null,null,"This is a mandatory field"]

{"sheet":"PRINCIPLE 5","index":30,"n_rows":97,"n_cols":43,"rows_kept":97,"cut":false,"hidden":false,"merged":[[96,3,96,9],[96,11,96,13],[95,11,95,13],[5,26,5,30],[24,3,24,13],[33,3,33,13],[7,3,7,13],[8,3,8,13],[9,3,9,9],[10,3,11,3],[10,4,10,6],[10,7,10,9],[12,3,12,9],[16,3,16,9],[20,3,20,13],[66,3,66,9],[55,3,55,6],[57,3,57,9],[21,3,23,3],[21,4,21,8],[21,9,21,13],[22,4,23,4],[22,5,22,6],[22,7,22,8],[22,9,23,9],[22,10,22,11],[22,12,22,13],[56,3,56,6],[44,4,44,5],[44,6,44,7],[42,3,42,9],[43,3,43,9],[93,4,93,6],[95,3,95,9],[44,8,44,9],[86,3,86,9],[87,3,87,6],[88,4,88,6],[89,4,89,6],[90,4,90,6],[91,4,91,6],[79,4,79,6],[80,4,80,6],[82,3,82,9],[83,3,83,13],[92,4,92,6],[58,3,59,3],[58,4,58,6],[58,7,58,9],[72,3,72,7],[74,3,74,6],[75,4,75,6],[73,3,73,6],[67,4,67,6],[67,7,67,9],[68,4,68,6],[68,7,68,9],[69,4,69,6],[69,7,69,9],[70,4,70,6],[70,7,70,9],[71,4,71,6],[71,7,71,9],[76,4,76,6],[77,4,77,6],[84,3,84,9],[85,3,85,9],[78,4,78,6],[44,3,45,3],[54,4,54,6],[54,7,54,9],[51,4,51,6],[51,7,51,9],[50,3,50,9],[52,4,52,6],[52,7,52,9],[53,4,53,6],[53,7,53,9]]}
[null,null,null,null,"MaleMember","MaleMember","FemaleMember","FemaleMember","OtherGenderMember","OtherGenderMember",null,null,null,null,null,null,null,null,null,null,null,"Yes"]
[null,null,null,null,"TotalNumberOfEmployeesOrWorkersForTrainingOnHumanRightsIssues","NumberOfEmployeesOrWorkersCoveredForProvidedTrainingOnHumanRightsIssues","PercentageOfEmployeesOrWorkersCoveredForProvidedTrainingOnHumanRightsIssues","TotalNumberOfEmployeesOrWorkersForTrainingOnHumanRightsIssues","NumberOfEmployeesOrWorkersCoveredForProvidedTrainingOnHumanRightsIssues","PercentageOfEmployeesOrWorkersCoveredForProvidedTrainingOnHumanRightsIssues",null,null,null,null,null,null,null,null,null,null,null,"No"]
[null,null,null,null,"NumberOfEmployeesOrWorkersRelatedToMinimumWages","NumberOfEmployeesOrWorkersRelatedToMinimumWages","PercentageOfEmployeesOrWorkersRelatedToMinimumWages","NumberOfEmployeesOrWorkersRelatedToMinimumWages","PercentageOfEmployeesOrWorkersRelatedToMinimumWages","NumberOfEmployeesOrWorkersRelatedToMinimumWages","NumberOfEmployeesOrWorkersRelatedToMinimumWages","PercentageOfEmployeesOrWorkersRelatedToMinimumWages","NumberOfEmployeesOrWorkersRelatedToMinimumWages","PercentageOfEmployeesOrWorkersRelatedToMinimumWages",null,null,null,null,null,null,null,"NA"]
[null,null,null,null,"TotalMinimumWagesMember","EqualToMinimumWageMember","EqualToMinimumWageMember","MoreThanMinimumWageMember","MoreThanMinimumWageMember","TotalMinimumWagesMember","EqualToMinimumWageMember","EqualToMinimumWageMember","MoreThanMinimumWageMember","MoreThanMinimumWageMember"]
[]
[null,null,null,null,null,null,null,null,null,null,null,null,null,null,null,null,null,null,null,null,null,null,null,null,null,null,"Taxonomy"]
[]
[null,null,null,"PRINCIPLE 5 Businesses should respect and promote human rights",null,null,null,null,null,null,null,null,null,null,null,null,null,null,null,null,null,null,null,null,null,null,"Element Name","Label name","type","I/D","validations"]
[null,null,null,"Essential Indicators"]
[null,null,null,"1. Employees and workers who have been provided training on human rights issues and policy(ies) of the entity, in the following format:"]
[null,null,null,"Category",{"$f":"\"FY (\"&RIGHT('General Disclosures'!F19,4)&\"-\"&RIGHT('General Disclosures'!H19,2)&\")\"","v":"FY (-)"},null,null,{"$f":"\"PY (\"&RIGHT('General Disclosures'!F20,4)&\"-\"&RIGHT('General Disclosures'!H20,2)&\")\"","v":"PY (-)"}]
[null,null,null,null,"Total (A)","No. of employees/workers covered (B)","% (B\n/ A)","Total (C)","No. of employees/workers covered (D)","% (D / C)"]
[null,null,null,"Employees"]
[null,null,null,"Permanent",{"$f":"IFERROR(IF('General Disclosures'!F53=\"\", \"\", VALUE('General Disclosures'!F53)), \"\")","v":""},null,{"$f":"IF(F14=\"\",\"\",IFERROR(F14/$E14,0))","v":""},null,null,{"$f":"IF(I14=\"\",\"\",IFERROR(I14/$H14,0))","v":""},null,null,null,null,null,null,null,null,null,null,null,null,null,null,null,null,"Permanent","Permanent",null,null,"This is a mandatory field",null,"PermanentEmployeesMember","PermanentEmployeesMember","PermanentEmployeesMember","PermanentEmployeesMember","PermanentEmployeesMember","PermanentEmployeesMember"]
[null,null,null,"Other than permanent",{"$f":"IFERROR(IF('General Disclosures'!F54=\"\", \"\", VALUE('General Disclosures'!F54)), \"\")","v":""},null,{"$f":"IF(F15=\"\",\"\",IFERROR(F15/$E15,0))","v":""},null,null,{"$f":"IF(I15=\"\",\"\",IFERROR(I15/$H15,0))","v":""},null,null,null,null,null,null,null,null,null,null,null,null,null,null,null,null,"Otherthanpermanent","Other than permanent",null,null,"This is a mandatory field",null,"OtherThanPermanentEmployeesMember","OtherThanPermanentEmployeesMember","OtherThanPermanentEmployeesMember","OtherThanPermanentEmployeesMember","OtherThanPermanentEmployeesMember","OtherThanPermanentEmployeesMember"]
[null,null,null,"Total Employees",{"$f":"IF(COUNT(E14:E15)>0,SUM(E14:E15),\"\")","v":""},{"$f":"IF(COUNT(F14:F15)>0,SUM(F14:F15),\"\")","v":""},"",{"$f":"IF(COUNT(H14:H15)>0,SUM(H14:H15),\"\")","v":""},{"$f":"IF(COUNT(I14:I15)>0,SUM(I14:I15),\"\")","v":""},{"$f":"IF(I16=\"\",\"\",IFERROR(I16/$H16,0))","v":""},null,null,null,null,null,null,null,null,null,null,null,null,null,null,null,null,"TotalEmployees","Total Employees",null,null,"This is a mandatory field",null,"EmployeesMember","EmployeesMember","EmployeesMember","EmployeesMember","EmployeesMember","EmployeesMember"]
[null,null,null,"Workers"]
[null,null,null,"Permanent",{"$f":"IFERROR(IF('General Disclosures'!F57=\"\", \"\", VALUE('General Disclosures'!F57)), \"\")","v":""},null,{"$f":"IF(F18=\"\",\"\",IFERROR(F18/$E18,0))","v":""},null,null,{"$f":"IF(I18=\"\",\"\",IFERROR(I18/$H18,0))","v":""},null,null,null,null,null,null,null,null,null,null,null,null,null,null,null,null,"Permanent","Permanent",null,null,"This is a mandatory field",null,"PermanentWorkersMember","PermanentWorkersMember","PermanentWorkersMember","PermanentWorkersMember","PermanentWorkersMember","PermanentWorkersMember"]
[null,null,null,"Other than permanent",{"$f":"IFERROR(IF('General Disclosures'!F58=\"\", \"\", VALUE('General Disclosures'!F58)), \"\")","v":""},null,{"$f":"IF(F19=\"\",\"\",IFERROR(F19/$E19,0))","v":""},null,null,{"$f":"IF(I19=\"\",\"\",IFERROR(I19/$H19,0))","v":""},null,null,null,null,null,null,null,null,null,null,null,null,null,null,null,null,"Otherthanpermanent","Other than permanent",null,null,"This is a mandatory field",null,"OtherThanPermanentWorkersMember","OtherThanPermanentWorkersMember","OtherThanPermanentWorkersMember","OtherThanPermanentWorkersMember","OtherThanPermanentWorkersMember","OtherThanPermanentWorkersMember"]
[null,null,null,"Total Workers",{"$f":"IF(COUNT(E18:E19)>0,SUM(E18:E19),\"\")","v":""},{"$f":"IF(COUNT(F18:F19)>0,SUM(F18:F19),\"\")","v":""},"",{"$f":"IF(COUNT(H18:H19)>0,SUM(H18:H19),\"\")","v":""},{"$f":"IF(COUNT(I18:I19)>0,SUM(I18:I19),\"\")","v":""},{"$f":"IF(I20=\"\",\"\",IFERROR(I20/$H20,0))","v":""},null,null,null,null,null,null,null,null,null,null,null,null,null,null,null,null,"TotalWorkers","Total Workers",null,null,"This is a mandatory field",null,"WorkersMember","WorkersMember","WorkersMember","WorkersMember","WorkersMember","WorkersMember"]
[null,null,null,"2. Details of minimum wages paid to employees and workers, in the following format:"]
[null,null,null,"Category",{"$f":"\"FY (\"&RIGHT('General Disclosures'!F19,4)&\"-\"&RIGHT('General Disclosures'!H19,2)&\")\"","v":"FY (-)"},null,null,null,null,{"$f":"\"PY (\"&RIGHT('General Disclosures'!F20,4)&\"-\"&RIGHT('General Disclosures'!H20,2)&\")\"","v":"PY (-)"}]
[null,null,null,null,"Total (A)","Equal to Minimum Wage",null,"More than Minimum Wage",null,"Total (D)","Equal to Minimum Wage",null,"More than Minimum Wage"]
[null,null,null,null,null,"No.\n(B)","% (B /A)","No.\n(C)","% (C /A)",null,"No.\n(E)","% (E /D)","No.\n(F)","% (F /D)"]
[null,null,null,"Employees"]
[null,null,null,"Permanent",{"$f":"IF(COUNT(E27:E29)>0,SUM(E27:E29),\"\")","v":""},{"$f":"IF(COUNT(F27:F29)>0,SUM(F27:F29),\"\")","v":""},{"$f":"IF(F26=\"\",\"\",IFERROR(F26/$E26,0))","v":""},{"$f":"IF(COUNT(H27:H29)>0,SUM(H27:H29),\"\")","v":""},{"$f":"IF(H26=\"\",\"\",IFERROR(H26/$E26,0))","v":""},{"$f":"IF(COUNT(J27:J29)>0,SUM(J27:J29),\"\")","v":""},{"$f":"IF(COUNT(K27:K29)>0,SUM(K27:K29),\"\")","v":""},{"$f":"IF(K26=\"\",\"\",IFERROR(K26/$J26,0))","v":""},{"$f":"IF(COUNT(M27:M29)>0,SUM(M27:M29),\"\")","v":""},{"$f":"IF(M26=\"\",\"\",IFERROR(M26/$J26,0))","v":""},null,null,null,null,null,null,null,null,null,null,null,null,null,null,null,null,null,null,"PermanentEmployeesMember","PermanentEmployeesMember","PermanentEmployeesMember","PermanentEmployeesMember","PermanentEmployeesMember","PermanentEmployeesMember","PermanentEmployeesMember","PermanentEmployeesMember","PermanentEmployeesMember","PermanentEmployeesMember"]
[null,null,null,"Male",{"$f":"IFERROR(IF('General Disclosures'!G53=\"\", \"\", VALUE('General Disclosures'!G53)), \"\")","v":""},null,{"$f":"IF(F27=\"\",\"\",IFERROR(F27/$E27,0))","v":""},null,"",null,null,"",null,"",null,null,null,null,null,null,null,null,null,null,null,null,"Male","Male",null,null,"This is a mandatory field",null,"MaleMember","MaleMember","MaleMember","MaleMember","MaleMember","MaleMember","MaleMember","MaleMember","MaleMember","MaleMember"]
[null,null,null,"Female",{"$f":"IFERROR(IF('General Disclosures'!I53=\"\", \"\", VALUE('General Disclosures'!I53)), \"\")","v":""},null,"",null,"",null,null,"",null,"",null,null,null,null,null,null,null,null,null,null,null,null,"Female","Female",null,null,"This is a mandatory field",null,"FemaleMember","FemaleMember","FemaleMember","FemaleMember","FemaleMember","FemaleMember","FemaleMember","FemaleMember","FemaleMember","FemaleMember"]
[null,null,null,"Other",{"$f":"IFERROR(IF('General Disclosures'!K53=\"\", \"\", VALUE('General Disclosures'!K53)), \"\")","v":""},null,"",null,"",null,null,"",null,"",null,null,null,null,null,null,null,null,null,null,null,null,"Other","Other",null,null,"This is a mandatory field",null,"OtherGenderMember","OtherGenderMember","OtherGenderMember","OtherGenderMember","OtherGenderMember","OtherGenderMember","OtherGenderMember","OtherGenderMember","OtherGenderMember","OtherGenderMember"]
[null,null,null,"Other than Permanent",{"$f":"IF(COUNT(E31:E33)>0,SUM(E31:E33),\"\")","v":""},{"$f":"IF(COUNT(F31:F33)>0,SUM(F31:F33),\"\")","v":""},"",{"$f":"IF(COUNT(H31:H33)>0,SUM(H31:H33),\"\")","v":""},"",{"$f":"IF(COUNT(J31:J33)>0,SUM(J31:J33),\"\")","v":""},{"$f":"IF(COUNT(K31:K33)>0,SUM(K31:K33),\"\")","v":""},"",{"$f":"IF(COUNT(M31:M33)>0,SUM(M31:M33),\"\")","v":""},"",null,null,null,null,null,null,null,null,null,null,null,null,null,null,null,null,null,null,"OtherThanPermanentEmployeesMember","OtherThanPermanentEmployeesMember","OtherThanPermanentEmployeesMember","OtherThanPermanentEmployeesMember","OtherThanPermanentEmployeesMember","OtherThanPermanentEmployeesMember","OtherThanPermanentEmployeesMember","OtherThanPermanentEmployeesMember","OtherThanPermanentEmployeesMember","OtherThanPermanentEmployeesMember","OtherThanPermanentEmployeesMember"]
[null,null,null,"Male",{"$f":"IFERROR(IF('General Disclosures'!G54=\"\", \"\", VALUE('General Disclosures'!G54)), \"\")","v":""},null,"",null,{"$f":"IF(H31=\"\",\"\",IFERROR(H31/$E31,0))","v":""},null,null,"",null,"",null,null,null,null,null,null,null,null,null,null,null,null,"Male","Male",null,null,"This is a mandatory field",null,"MaleMember","MaleMember","MaleMember","MaleMember","MaleMember","MaleMember","MaleMember","MaleMember","MaleMember","MaleMember"]
[null,null,null,"Female",{"$f":"IFERROR(IF('General Disclosures'!I54=\"\", \"\", VALUE('General Disclosures'!I54)), \"\")","v":""},null,"",null,{"$f":"IF(H32=\"\",\"\",IFERROR(H32/$E32,0))","v":""},null,null,"",null,"",null,null,null,null,null,null,null,null,null,null,null,null,"Female","Female",null,null,"This is a mandatory field",null,"FemaleMember","FemaleMember","FemaleMember","FemaleMember","FemaleMember","FemaleMember","FemaleMember","FemaleMember","FemaleMember","FemaleMember"]
[null,null,null,"Other",{"$f":"IFERROR(IF('General Disclosures'!K54=\"\", \"\", VALUE('General Disclosures'!K54)), \"\")","v":""},null,"",null,{"$f":"IF(H33=\"\",\"\",IFERROR(H33/$E33,0))","v":""},null,null,"",null,"",null,null,null,null,null,null,null,null,null,null,null,null,"Other","Other",null,null,"This is a mandatory field",null,"OtherGenderMember","OtherGenderMember","OtherGenderMember","OtherGenderMember","OtherGenderMember","OtherGenderMember","OtherGenderMember","OtherGenderMember","OtherGenderMember","OtherGenderMember"]
[null,null,null,"Workers"]
[null,null,null,"Permanent",{"$f":"IF(COUNT(E36:E38)>0,SUM(E36:E38),\"\")","v":""},{"$f":"IF(COUNT(F36:F38)>0,SUM(F36:F38),\"\")","v":""},"",{"$f":"IF(COUNT(H36:H38)>0,SUM(H36:H38),\"\")","v":""},"",{"$f":"IF(COUNT(J36:J38)>0,SUM(J36:J38),\"\")","v":""},{"$f":"IF(COUNT(K36:K38)>0,SUM(K36:K38),\"\")","v":""},{"$f":"IF(K35=\"\",\"\",IFERROR(K35/$J35,0))","v":""},{"$f":"IF(COUNT(M36:M38)>0,SUM(M36:M38),\"\")","v":""},{"$f":"IF(M35=\"\",\"\",IFERROR(M35/$J35,0))","v":""},null,null,null,null,null,null,null,null,null,null,null,null,null,null,null,null,null,null,"PermanentWorkersMember","PermanentWorkersMember","PermanentWorkersMember","PermanentWorkersMember","PermanentWorkersMember","PermanentWorkersMember","PermanentWorkersMember","PermanentWorkersMember","PermanentWorkersMember"]
[null,null,null,"Male",{"$f":"IFERROR(IF('General Disclosures'!G57=\"\", \"\", VALUE('General Disclosures'!G57)), \"\")","v":""},null,"",null,"",null,null,"",null,"",null,null,null,null,null,null,null,null,null,null,null,null,"Male","Male",null,null,"This is a mandatory field",null,"MaleMember","MaleMember","MaleMember","MaleMember","MaleMember","MaleMember","MaleMember","MaleMember","MaleMember","MaleMember"]
[null,null,null,"Female",{"$f":"IFERROR(IF('General Disclosures'!I57=\"\", \"\", VALUE('General Disclosures'!I57)), \"\")","v":""},null,"",null,"",null,null,"",null,"",null,null,null,null,null,null,null,null,null,null,null,null,"Female","Female",null,null,"This is a mandatory field",null,"FemaleMember","FemaleMember","FemaleMember","FemaleMember","FemaleMember","FemaleMember","FemaleMember","FemaleMember","FemaleMember","FemaleMember"]
[null,null,null,"Other",{"$f":"IFERROR(IF('General Disclosures'!K57=\"\", \"\", VALUE('General Disclosures'!K57)), \"\")","v":""},null,"",null,"",null,null,"",null,"",null,null,null,null,null,null,null,null,null,null,null,null,"Other","Other",null,null,"This is a mandatory field",null,"OtherGenderMember","OtherGenderMember","OtherGenderMember","OtherGenderMember","OtherGenderMember","OtherGenderMember","OtherGenderMember","OtherGenderMember","OtherGenderMember","OtherGenderMember"]
[null,null,null,"Other than Permanent",{"$f":"IF(COUNT(E40:E42)>0,SUM(E40:E42),\"\")","v":""},{"$f":"IF(COUNT(F40:F42)>0,SUM(F40:F42),\"\")","v":""},{"$f":"IF(F39=\"\",\"\",IFERROR(F39/$E39,0))","v":""},{"$f":"IF(COUNT(H40:H42)>0,SUM(H40:H42),\"\")","v":""},"",{"$f":"IF(COUNT(J40:J42)>0,SUM(J40:J42),\"\")","v":""},{"$f":"IF(COUNT(K40:K42)>0,SUM(K40:K42),\"\")","v":""},"",{"$f":"IF(COUNT(M40:M42)>0,SUM(M40:M42),\"\")","v":""},"",null,null,null,null,null,null,null,null,null,null,null,null,null,null,null,null,null,null,"OtherThanPermanentWorkersMember","OtherThanPermanentWorkersMember","OtherThanPermanentWorkersMember","OtherThanPermanentWorkersMember","OtherThanPermanentWorkersMember","OtherThanPermanentWorkersMember","OtherThanPermanentWorkersMember","OtherThanPermanentWorkersMember","OtherThanPermanentWorkersMember","OtherThanPermanentWorkersMember","OtherThanPermanentWorkersMember"]
[null,null,null,"Male",{"$f":"IFERROR(IF('General Disclosures'!G58=\"\", \"\", VALUE('General Disclosures'!G58)), \"\")","v":""},null,"",null,"",null,null,"",null,"",null,null,null,null,null,null,null,null,null,null,null,null,"Male","Male",null,null,"This is a mandatory field",null,"MaleMember","MaleMember","MaleMember","MaleMember","MaleMember","MaleMember","MaleMember","MaleMember","MaleMember","MaleMember"]
[null,null,null,"Female",{"$f":"IFERROR(IF('General Disclosures'!I58=\"\", \"\", VALUE('General Disclosures'!I58)), \"\")","v":""},null,"",null,"",null,null,"",null,"",null,null,null,null,null,null,null,null,null,null,null,null,"Female","Female",null,null,"This is a mandatory field",null,"FemaleMember","FemaleMember","FemaleMember","FemaleMember","FemaleMember","FemaleMember","FemaleMember","FemaleMember","FemaleMember","FemaleMember"]
[null,null,null,"Other",{"$f":"IFERROR(IF('General Disclosures'!K58=\"\", \"\", VALUE('General Disclosures'!K58)), \"\")","v":""},null,"",null,"",null,null,"",null,"",null,null,null,null,null,null,null,null,null,null,null,null,"Other","Other",null,null,"This is a mandatory field",null,"OtherGenderMember","OtherGenderMember","OtherGenderMember","OtherGenderMember","OtherGenderMember","OtherGenderMember","OtherGenderMember","OtherGenderMember","OtherGenderMember","OtherGenderMember"]
[null,null,null,"3. Details of remuneration/salary/wages, in the following format:"]
[null,null,null,"a. Median remuneration / wages:"]
[null,null,null,null,"Male",null,"Female",null,"Other"]
[null,null,null,null,"Number","Median remuneration/ salary/ wages of respective category","Number","Median remuneration/ salary/ wages of\nrespective category","Number","Median remuneration/ salary/ wages of\nrespective category"]
[null,null,null,"Board of Directors (BoD)",null,null,null,null,null,null,null,null,null,null,null,null,null,null,null,null,null,null,null,null,null,null,"BoardofDirectors(BoD)","Board of Directors (BoD)",null,null,"This is a mandatory field",null,"NumberOfBoardOfDirectorsForRemunerationOrSalaryOrWages","MedianOfRemunerationOrSalaryOrWagesOfBoardOfDirectors","NumberOfBoardOfDirectorsForRemunerationOrSalaryOrWages","MedianOfRemunerationOrSalaryOrWagesOfBoardOfDirectors","NumberOfBoardOfDirectorsForRemunerationOrSalaryOrWages","MedianOfRemunerationOrSalaryOrWagesOfBoardOfDirectors"]
[null,null,null,"Key Managerial Personnel",null,null,null,null,null,null,null,null,null,null,null,null,null,null,null,null,null,null,null,null,null,null,"KeyManagerialPersonnel","Key Managerial Personnel",null,null,"This is a mandatory field",null,"NumberOfKeyManagerialPersonnelForRemunerationOrSalaryOrWages","MedianOfRemunerationOrSalaryOrWagesOfKeyManagerialPersonnel","NumberOfKeyManagerialPersonnelForRemunerationOrSalaryOrWages","MedianOfRemunerationOrSalaryOrWagesOfKeyManagerialPersonnel","NumberOfKeyManagerialPersonnelForRemunerationOrSalaryOrWages","MedianOfRemunerationOrSalaryOrWagesOfKeyManagerialPersonnel"]
[null,null,null,"Employees other than BoD and KMP",null,null,null,null,null,null,null,null,null,null,null,null,null,null,null,null,null,null,null,null,null,null,"EmployeesotherthanBoDandKMP","Employees other than BoD and KMP",null,null,"This is a mandatory field",null,"NumberOfEmployeesOtherThanBodAndKMPForRemunerationOrSalaryOrWages","MedianOfRemunerationOrSalaryOrWagesOfEmployeesOtherThanBodAndKMP","NumberOfEmployeesOtherThanBodAndKMPForRemunerationOrSalaryOrWages","MedianOfRemunerationOrSalaryOrWagesOfEmployeesOtherThanBodAndKMP","NumberOfEmployeesOtherThanBodAndKMPForRemunerationOrSalaryOrWages","MedianOfRemunerationOrSalaryOrWagesOfEmployeesOtherThanBodAndKMP"]
[null,null,null,"Workers",null,null,null,null,null,null,null,null,null,null,null,null,null,null,null,null,null,null,null,null,null,null,"Workers","Workers",null,null,"This is a mandatory field",null,"NumberOfWorkersForRemunerationOrSalaryOrWages","MedianOfRemunerationOrSalaryOrWagesOfWorkers","NumberOfWorkersForRemunerationOrSalaryOrWages","MedianOfRemunerationOrSalaryOrWagesOfWorkers","NumberOfWorkersForRemunerationOrSalaryOrWages","MedianOfRemunerationOrSalaryOrWagesOfWorkers"]
[null,null,null,"b. Gross wages paid to females:"]
[null,null,null,null,{"$f":"\"FY (\"&RIGHT('General Disclosures'!F19,4)&\"-\"&RIGHT('General Disclosures'!H19,2)&\")\"","v":"FY (-)"},null,null,{"$f":"\"PY (\"&RIGHT('General Disclosures'!F20,4)&\"-\"&RIGHT('General Disclosures'!H20,2)&\")\"","v":"PY (-)"}]
[null,null,null,"Gross wages paid to females",null,null,null,null,null,null,null,null,null,null,null,null,null,null,null,null,null,null,null,null,null,null,"GrossWagesPaidToFemale"]
[null,null,null,"Total wages",null,null,null,null,null,null,null,null,null,null,null,null,null,null,null,null,null,null,null,null,null,null,"TotalWagesPaid"]
[null,null,null,"Gross wages paid to females\n(Gross wages paid to females as % of total wages)",{"$f":"IFERROR(ROUND(E53/E54,4),\"\")","v":""},null,null,{"$f":"IFERROR(ROUND(H53/H54,4),\"\")","v":""},null,null,null,null,null,null,null,null,null,null,null,null,null,null,null,null,null,null,"PercentageOfGrossWagesPaidToFemaleToTotalWagesPaid"]
[null,null,null,"4. Do you have a focal point (Individual/ Committee) responsible for addressing human rights impacts or issues caused or contributed to by the business?",null,null,null,null,null,null,null,null,null,null,null,null,null,null,null,null,null,null,null,null,null,null,"DoYouHaveAFocalPointResponsibleForAddressingHumanRightsImpactsOrIssuesCausedOrContributedToByTheBusiness","4. Do you have a focal point (Individual/ Committee) responsible for addressing human rights impacts or issues caused or contributed to by the business?",null,null,"This is a mandatory field"]
[null,null,null,"5. Describe the internal mechanisms in place to redress grievances related to human rights issues.",null,null,null,null,null,null,null,null,null,null,null,null,null,null,null,null,null,null,null,null,null,null,"DescribeTheInternalMechanismsInPlaceToRedressGrievancesRelatedToHumanRightsIssuesExplanatoryTextBlock"]
[null,null,null,"6. Number of Complaints on the following made by employees and workers:"]
[null,null,null,null,{"$f":"\"FY (\"&RIGHT('General Disclosures'!F19,4)&\"-\"&RIGHT('General Disclosures'!H19,2)&\")\"","v":"FY (-)"},null,null,{"$f":"\"PY (\"&RIGHT('General Disclosures'!F20,4)&\"-\"&RIGHT('General Disclosures'!H20,2)&\")\"","v":"PY (-)"}]
[null,null,null,null,"Filed during the year","Pending resolution at the end of year","Remarks","Filed during the year","Pending resolution at the end of year","Remarks",null,null,null,null,null,null,null,null,null,null,null,null,null,null,null,null,"NumberOfComplaintsFiledDuringTheYear","NumberOfComplaintsPendingResolutionAtTheEndOfYear","RemarksforComplaintsExplanatoryTextBlock","NumberOfComplaintsFiledDuringTheYear","NumberOfComplaintsPendingResolutionAtTheEndOfYear","RemarksforComplaintsExplanatoryTextBlock"]
[null,null,null,"Sexual Harassment",null,null,null,null,null,null,null,null,null,null,null,null,null,null,null,null,null,null,null,null,null,null,"SexualHarassment","Sexual Harassment",null,null,"This is a mandatory field",null,"SexualHarassmentMember","SexualHarassmentMember","SexualHarassmentMember","SexualHarassmentMember","SexualHarassmentMember","SexualHarassmentMember"]
[null,null,null,"Discrimination at workplace",null,null,null,null,null,null,null,null,null,null,null,null,null,null,null,null,null,null,null,null,null,null,"Discriminationatworkplace","Discrimination at workplace",null,null,"This is a mandatory field",null,"DiscriminationAtWorkPlaceMember","DiscriminationAtWorkPlaceMember","DiscriminationAtWorkPlaceMember","DiscriminationAtWorkPlaceMember","DiscriminationAtWorkPlaceMember","DiscriminationAtWorkPlaceMember"]
[null,null,null,"Child Labour",null,null,null,null,null,null,null,null,null,null,null,null,null,null,null,null,null,null,null,null,null,null,"ChildLabour","Child Labour",null,null,"This is a mandatory field",null,"ChildLabourMember","ChildLabourMember","ChildLabourMember","ChildLabourMember","ChildLabourMember","ChildLabourMember"]
[null,null,null,"Forced Labour/Involuntary Labour",null,null,null,null,null,null,null,null,null,null,null,null,null,null,null,null,null,null,null,null,null,null,"ForcedLabour/InvoluntaryLabour","Forced Labour/Involuntary Labour",null,null,"This is a mandatory field",null,"ForcedLabourOrInvoluntaryLabourMember","ForcedLabourOrInvoluntaryLabourMember","ForcedLabourOrInvoluntaryLabourMember","ForcedLabourOrInvoluntaryLabourMember","ForcedLabourOrInvoluntaryLabourMember","ForcedLabourOrInvoluntaryLabourMember"]
[null,null,null,"Wages",null,null,null,null,null,null,null,null,null,null,null,null,null,null,null,null,null,null,null,null,null,null,"Wages","Wages",null,null,"This is a mandatory field",null,"WagesMember","WagesMember","WagesMember","WagesMember","WagesMember","WagesMember"]
[null,null,null,"Other human rights related issues",null,null,null,null,null,null,null,null,null,null,null,null,null,null,null,null,null,null,null,null,null,null,"Otherhuman\r\nrightsrelatedissues","Other human\nrights related issues",null,null,"This is a mandatory field",null,"OtherhumanrightsrelatedissuesMember","OtherhumanrightsrelatedissuesMember","OtherhumanrightsrelatedissuesMember","OtherhumanrightsrelatedissuesMember","OtherhumanrightsrelatedissuesMember","OtherhumanrightsrelatedissuesMember"]
[null,null,null,"7. Complaints filed under the Sexual Harassment of Women at Workplace (Prevention, Prohibition and Redressal) Act, 2013, in the following format:"]
[null,null,null,null,{"$f":"\"FY (\"&RIGHT('General Disclosures'!F19,4)&\"-\"&RIGHT('General Disclosures'!H19,2)&\")\"","v":"FY (-)"},null,null,{"$f":"\"PY (\"&RIGHT('General Disclosures'!F20,4)&\"-\"&RIGHT('General Disclosures'!H20,2)&\")\"","v":"PY (-)"}]
[null,null,null,"i) Total Complaints reported under Sexual Harassment on of Women at Workplace (Prevention, Prohibition and Redressal) Act, 2013 (POSH)",null,null,null,null,null,null,null,null,null,null,null,null,null,null,null,null,null,null,null,null,null,null,"TotalComplaintsReportedUnderSexualHarassmentOfWomenAtWorkplace"]
[null,null,null,"ii) Average number of female employees/workers at the beginning of the year and as at end of the year",null,null,null,null,null,null,null,null,null,null,null,null,null,null,null,null,null,null,null,null,null,null,"AverageNumberOfFemaleEmployeesOrWorkersAtTheBeginningOfTheYearAndAsAtEndOfTheYear"]
[null,null,null,"iii) Complaints on POSH as a % of female employees / workers",{"$f":"IFERROR(ROUND(E69/E70,4),\"\")","v":""},null,null,{"$f":"IFERROR(ROUND(H69/H70,4),\"\")","v":""},null,null,null,null,null,null,null,null,null,null,null,null,null,null,null,null,null,null,"PercentageOfComplaintsInRespectOfNumberOfEmployeesOrWorker"]
[null,null,null,"iv) Complaints on POSH upheld",null,null,null,null,null,null,null,null,null,null,null,null,null,null,null,null,null,null,null,null,null,null,"ComplaintsOnPOSHUpHeld"]
[null,null,null,"8. Mechanisms to prevent adverse consequences to the complainant in discrimination and harassment cases.",null,null,null,null,null,null,null,null,null,null,null,null,null,null,null,null,null,null,null,null,null,null,"MechanismsToPreventAdverseConsequencesToTheComplainantInDiscriminationAndHarassmentCasesExplanatoryTextBlock"]
[null,null,null,"9. Do human rights requirements form part of your business agreements and contracts? (Yes/No/NA)",null,null,null,null,null,null,null,null,null,null,null,null,null,null,null,null,null,null,null,null,null,null,"DoHumanRightsRequirementsFormPartOfYourBusinessAgreementsAndContracts","HumanRightsRequirementsFormPartOfYourBusinessAgreementsAndContractsIsNotApplicableExplanatoryTextBlock",null,null,"This is a mandatory field"]
[null,null,null,"10. Assessments for the year:"]
[null,null,null,null,"% of your plants and offices that were assessed (by entity or statutory authorities or third parties)"]
[null,null,null,"Child labour ",null,null,null,null,null,null,null,null,null,null,null,null,null,null,null,null,null,null,null,null,null,null,"PercentageOfChildLabourOfYourPlantsAndOfficesThatWereAssessedP5","Child labour ",null,null,"This is a mandatory field",null,"OtherAssessmentsDomain"]
[null,null,null,"Forced/involuntary labour ",null,null,null,null,null,null,null,null,null,null,null,null,null,null,null,null,null,null,null,null,null,null,"PercentageOfForcedLabourOrInvoluntaryLabourOfYourPlantsAndOfficesThatWereAssessedP5","Forced/involuntary labour ",null,null,"This is a mandatory field",null,"OtherAssessmentsDomain"]
[null,null,null,"Sexual harassment",null,null,null,null,null,null,null,null,null,null,null,null,null,null,null,null,null,null,null,null,null,null,"PercentageOfSexualHarassmentOfYourPlantsAndOfficesThatWereAssessedP5","Sexual harassment",null,null,"This is a mandatory field",null,"OtherAssessmentsDomain"]
[null,null,null,"Discrimination at workplace",null,null,null,null,null,null,null,null,null,null,null,null,null,null,null,null,null,null,null,null,null,null,"PercentageOfDiscriminationAtWorkPlaceOfYourPlantsAndOfficesThatWereAssessedP5","Discrimination at workplace",null,null,"This is a mandatory field",null,"OtherAssessmentsDomain"]
[null,null,null,"Wages",null,null,null,null,null,null,null,null,null,null,null,null,null,null,null,null,null,null,null,null,null,null,"PercentageOfWagesOfYourPlantsAndOfficesThatWereAssessedP5","Wages",null,null,"This is a mandatory field",null,"OtherAssessmentsDomain"]
[null,null,null,"Others – please specify","Add Details"]
[null,null,null,"11. Provide details of any corrective actions taken or underway to address significant risks / concerns arising from the assessments at Question 10 above.",null,null,null,null,null,null,null,null,null,null,null,null,null,null,null,null,null,null,null,null,null,null,"DetailsOfAnyCorrectiveActionsTakenOrUnderwayToAddressSignificantRisksOrConcernsArisingFromTheAssessmentsOfPlantAndOfficeExplanatoryTextBlock"]
[null,null,null,"Leadership Indicators"]
[null,null,null,"1. Details of a business process being modified / introduced as a result of addressing human rights grievances/complaints.",null,null,null,null,null,null,null,null,null,null,null,null,null,null,null,null,null,null,null,null,null,null,"DetailsOfABusinessProcessBeingModifiedOrIntroducedAsAResultOfAddressingHumanRightsGrievancesOrComplaintsExplanatoryTextBlock"]
[null,null,null,"2. Details of the scope and coverage of any Human rights due-diligence conducted",null,null,null,null,null,null,null,null,null,null,null,null,null,null,null,null,null,null,null,null,null,null,"DetailsOfTheScopeAndCoverageOfAnyHumanRightsDueDiligenceConductedExplanatoryTextBlock"]
[null,null,null,"3. Is the premise/office of the entity accessible to differently abled visitors, as per the requirements of the Rights of Persons with Disabilities Act, 2016?",null,null,null,null,null,null,null,null,null,null,null,null,null,null,null,null,null,null,null,null,null,null,"IsThePremiseOrOfficeOfTheEntityAccessibleToDifferentlyAbledVisitorsAsPerTheRequirementsOfTheRightsOfPersonsWithDisabilitiesAct2016","3. Is the premise/office of the entity accessible to differently abled visitors, as per the\nrequirements of the Rights of Persons with Disabilities Act, 2016?",null,null,"This is a mandatory field"]
[null,null,null,"4. Details on assessment of value chain partners:"]
[null,null,null,null,"% of value chain partners (by value of business done with such partners) that were assessed"]
[null,null,null,"Sexual harassment ",null,null,null,null,null,null,null,null,null,null,null,null,null,null,null,null,null,null,null,null,null,null,"PercentageOfSexualHarassmentOfValueChainPartnersP5","Sexual harassment",null,null,"This is a mandatory field"]
[null,null,null,"Discrimination at workplace ",null,null,null,null,null,null,null,null,null,null,null,null,null,null,null,null,null,null,null,null,null,null,"PercentageOfDiscriminationAtWorkPlaceOfValueChainPartnersP5","Discrimination at workplace",null,null,"This is a mandatory field"]
[null,null,null,"Child Labour ",null,null,null,null,null,null,null,null,null,null,null,null,null,null,null,null,null,null,null,null,null,null,"PercentageOfChildLabourOfValueChainPartnersP5","Child Labour",null,null,"This is a mandatory field"]
[null,null,null,"Forced Labour/Involuntary Labour ",null,null,null,null,null,null,null,null,null,null,null,null,null,null,null,null,null,null,null,null,null,null,"PercentageOfForcedLabourOrInvoluntaryLabourOfValueChainPartnersP5","Forced Labour/Involuntary Labour",null,null,"This is a mandatory field"]
[null,null,null,"Wages ",null,null,null,null,null,null,null,null,null,null,null,null,null,null,null,null,null,null,null,null,null,null,"PercentageOfWagesOfValueChainPartnersP5","Wages",null,null,"This is a mandatory field"]
[null,null,null,"Others – please specify","Add Details"]
[null,null,null,"5. Provide details of any corrective actions taken or underway to address significant risks / concerns arising from the assessments at Question 4 above.",null,null,null,null,null,null,null,null,null,null,null,null,null,null,null,null,null,null,null,null,null,null,"DetailsOfAnyCorrectiveActionsTakenOrUnderwayToAddressSignificantRisksOrConcernsArisingFromTheAssessmentsOfValueChainPartnerExplanatoryTextBlock"]
[null,null,null,"Notes",null,null,null,null,null,null,null,null,null,null,null,null,null,null,null,null,null,null,null,null,null,null,"NotesPrinciple5ExplanatoryTextBlock"]

{"sheet":"Other assessments","index":31,"n_rows":10,"n_cols":33,"rows_kept":10,"cut":false,"hidden":false,"merged":[[7,3,7,5],[10,3,10,5],[5,26,5,30]]}
[null,null,null,null,null,null,null,"Yes",0]
[null,null,null,null,null,null,null,"No"]
[]
[]
[]
[null,null,null,null,null,null,null,null,null,null,null,null,null,null,null,null,null,null,null,null,null,null,null,null,null,null,"Taxonomy"]
[null,null,null,null,null,"Back"]
[null,null,null,"Details of other assessments of plant and office",null,null,null,null,null,null,null,null,null,null,null,null,null,null,null,null,null,null,null,null,null,null,"Element Name","Lable Name","Type","I/D","Validation"]
[null,null,null,"Sr. No.","Name of other assessment","% of your plants and offices that were assessed(by entity or statutory authorities or third parties)",null,null,null,null,null,null,null,null,null,null,null,null,null,null,null,null,null,null,null,null,"Nameofotherassessment","Name of other assessment",null,null,"This is a mandatory field","NameOfOtherAssessmentsOfPlantAndOffice","PercentageOfOtherAssessmentsOfPlantAndOffice"]
[null,null,null,null,null,null,null,null,null,null,null,null,null,null,null,null,null,null,null,null,null,null,null,null,null,null,"%ofyourplantsandofficesthatwereassessed(byentityorstatutoryauthoritiesorthirdparties)","% of your plants and offices that were assessed(by entity or statutory authorities or third parties)",null,null,"This is a mandatory field"]

{"sheet":"Details of other value chain","index":32,"n_rows":10,"n_cols":33,"rows_kept":10,"cut":false,"hidden":false,"merged":[[7,3,7,5],[10,3,10,5],[5,26,5,30]]}
[null,null,null,null,null,null,null,"Yes",0]
[null,null,null,null,null,null,null,"No"]
[]
[]
[]
[null,null,null,null,null,null,null,null,null,null,null,null,null,null,null,null,null,null,null,null,null,null,null,null,null,null,"Taxonomy"]
[null,null,null,null,null,"Back"]
[null,null,null,"Details of other assessments of value chain partner",null,null,null,null,null,null,null,null,null,null,null,null,null,null,null,null,null,null,null,null,null,null,"Element Name","Lable Name","Type","I/D","Validation"]
[null,null,null,"Sr. No.","Name of other assessment","% of value chain partners (by value of business done with such partners) that were assessed",null,null,null,null,null,null,null,null,null,null,null,null,null,null,null,null,null,null,null,null,"Nameofotherassessment","Name of other assessment",null,null,"This is a mandatory field","NameOfOtherAssessmentOfValueChainPartner","PercentageOfOtherAssessmentOfValueChainPartner"]
[null,null,null,null,null,null,null,null,null,null,null,null,null,null,null,null,null,null,null,null,null,null,null,null,null,null,"%ofvaluechainpartners(byvalueofbusinessdonewithsuchpartners)thatwereassessed","% of value chain partners (by value of business done\nwith such partners) that were assessed",null,null,"This is a mandatory field"]

{"sheet":"PRINCIPLE 6","index":33,"n_rows":153,"n_cols":36,"rows_kept":153,"cut":false,"hidden":false,"merged":[[81,3,81,5],[79,4,79,6],[71,3,71,5],[70,3,70,6],[66,3,66,5],[67,3,67,5],[69,3,69,4],[30,3,30,5],[31,3,31,5],[45,3,45,5],[46,3,46,5],[80,3,80,5],[68,3,68,4],[152,3,152,5],[118,3,118,5],[128,3,128,4],[129,3,129,4],[123,3,123,5],[124,3,124,5],[125,3,125,5],[126,3,126,5],[127,3,127,5],[135,3,135,6],[131,3,131,6],[148,3,148,5],[141,3,141,5],[142,3,142,5],[143,3,143,5],[144,3,144,5],[5,3,5,7],[47,3,47,5],[8,3,8,5],[6,3,6,7],[147,3,147,5],[145,3,145,4],[146,3,146,4],[94,3,94,4],[91,3,91,4],[132,3,132,5],[133,3,133,5],[134,3,134,5],[130,3,130,7],[112,3,112,5],[117,3,117,5],[111,3,111,5],[150,3,150,5],[151,3,151,5],[149,3,149,6],[7,3,7,6],[27,3,27,5],[28,3,28,5],[49,3,49,5],[9,3,10,4],[92,3,92,4],[95,3,95,5],[97,3,97,5],[136,3,136,5],[93,3,93,4],[83,3,83,5],[82,3,82,6],[29,3,29,5]]}
[null,null,null,null,null,null,null,null,null,null,null,null,null,null,"Yes","Joule (J)","Tonne","KL","tCO2e"]
[null,null,null,null,null,null,null,null,null,null,null,null,null,null,"No","Kilojoule (KJ)","Kilotonne","L","ktCO2e"]
[null,null,null,null,null,null,null,null,null,null,null,null,null,null,"NA","Gigajoule (GJ)","mg/m3","Cubic Meter","MtCO2e"]
[null,null,null,null,null,null,null,null,null,null,null,null,null,null,null,"Megajoule (MJ)","ug/m3","MT","GtCO2e"]
[null,null,null,null,null,null,null,null,null,null,null,null,null,null,null,"Terajoule (TJ)","Kg/Day","Mega Litres"]
[null,null,null,"PRINCIPLE 6: Businesses should respect and make efforts to protect and restore the environment",null,null,null,null,null,null,null,null,null,null,null,null,"Kg","Million KL",null,null,null,null,null,null,null,null,"Taxonomy",null,null,null,null,null,"AddNewElemnt10","AddNewElemnt10","AddNewElemnt10"]
[null,null,null,"Essential Indicators",null,null,null,null,null,null,null,null,null,null,null,null,"mg/Nm3","Million Cubic Meter"]
[null,null,null,"1. Details of total energy consumption (in Joules or multiples) and energy intensity, in the following format:",null,null,null,null,null,null,null,null,null,null,null,null,"kgSOxe",null,null,null,null,null,null,null,null,null,"Element Name","Label name","type","I/D","validations"]
[null,null,null,"Whether total energy consumption and energy intensity is applicable to the company?",null,null,null,null,null,null,null,null,null,null,null,null,"Tonnes/Year",null,null,null,null,null,null,null,null,null,null,null,null,null,null,null,"WhetherDetailsOfTotalEnergyConsumptionAndEnergyIntensityApplicableToTheCompany"]
[null,null,null,"Revenue from operations (in Rs.)",null,{"$f":"\"FY (\"&RIGHT('General Disclosures'!F19,4)&\"-\"&RIGHT('General Disclosures'!H19,2)&\")\"","v":"FY (-)"},{"$f":"\"PY (\"&RIGHT('General Disclosures'!F20,4)&\"-\"&RIGHT('General Disclosures'!H20,2)&\")\"","v":"PY (-)"},null,null,null,null,null,null,null,null,null,"Parts Per Million (PPM)"]
[null,null,null,null,null,null,null,null,null,null,null,null,null,null,null,null,null,null,null,null,null,null,null,null,null,null,null,null,null,null,null,null,"RevenueFromOperations"]
[null,null,null,"Parameter","Units",{"$f":"\"FY (\"&RIGHT('General Disclosures'!F19,4)&\"-\"&RIGHT('General Disclosures'!H19,2)&\")\"","v":"FY (-)"},{"$f":"\"PY (\"&RIGHT('General Disclosures'!F20,4)&\"-\"&RIGHT('General Disclosures'!H20,2)&\")\"","v":"PY (-)"},null,null,null,null,null,null,null,null,null,"tCO2e"]
[null,null,null,"From renewable sources",null,null,null,null,null,null,null,null,null,null,null,null,"Kg/Year"]
[null,null,null,"Total electricity consumption (A)",null,null,null,null,null,null,null,null,null,null,null,null,null,null,null,null,null,null,null,null,null,null,null,"Totalelectricityconsumption\r\n(A)","Total electricity consumption\n(A)",null,null,"This is a mandatory field","TotalElectricityConsumptionFromRenewableSources","TotalElectricityConsumptionFromRenewableSources","TotalElectricityConsumptionFromRenewableSources"]
[null,null,null,"Total fuel consumption (B)",{"$f":"IF(E14=\"\",\"\",E14)","v":""},null,null,null,null,null,null,null,null,null,null,null,null,null,null,null,null,null,null,null,null,null,null,"Totalfuelconsumption(B)","Total fuel consumption (B)",null,null,"This is a mandatory field","TotalFuelConsumptionFromRenewableSources","TotalFuelConsumptionFromRenewableSources","TotalFuelConsumptionFromRenewableSources"]
[null,null,null,"Energy consumption through other sources (C)",{"$f":"IF(E14=\"\",\"\",E14)","v":""},{"$f":"IF(COUNT(F14:F15)>0,+SUM('Energy consumed from renewable'!G11:G498),\"\")","v":""},{"$f":"IF(COUNT(G14:G15)>0,+SUM('Energy consumed from renewable'!H11:H498),\"\")","v":""},null,null,null,null,null,null,null,null,null,null,null,null,null,null,null,null,null,null,null,null,null,null,null,null,null,"EnergyConsumptionThroughOtherSourcesFromRenewableSources","EnergyConsumptionThroughOtherSourcesFromRenewableSources","EnergyConsumptionThroughOtherSourcesFromRenewableSources"]
[null,null,null,"Total energy consumed from renewable sources (A+B+C)",{"$f":"IF(E14=\"\",\"\",E14)","v":""},{"$f":"IF(COUNT(F14:F16)>0,SUM(F14:F16),\"\")","v":""},{"$f":"IF(COUNT(G14:G16)>0,SUM(G14:G16),\"\")","v":""},null,null,null,null,null,null,null,null,null,null,null,null,null,null,null,null,null,null,null,null,null,null,null,null,null,"TotalEnergyConsumedFromRenewableSources","TotalEnergyConsumedFromRenewableSources","TotalEnergyConsumedFromRenewableSources"]
[null,null,null,"From non-renewable sources"]
[null,null,null,"Total electricity consumption (D)",{"$f":"IF(E14=\"\",\"\",E14)","v":""},null,null,null,null,null,null,null,null,null,null,null,null,null,null,null,null,null,null,null,null,null,"Totalelectricityconsumption\n(D)","Total electricity consumption\n(D)",null,null,"This is a mandatory field",null,"TotalElectricityConsumptionFromNonRenewableSources","TotalElectricityConsumptionFromNonRenewableSources","TotalElectricityConsumptionFromNonRenewableSources"]
[null,null,null,"Total fuel consumption (E)",{"$f":"IF(E14=\"\",\"\",E14)","v":""},null,null,null,null,null,null,null,null,null,null,null,null,null,null,null,null,null,null,null,null,null,"Totalfuelconsumption(E)","Total fuel consumption (E)",null,null,"This is a mandatory field",null,"TotalFuelConsumptionFromNonRenewableSources","TotalFuelConsumptionFromNonRenewableSources","TotalFuelConsumptionFromNonRenewableSources"]
[null,null,null,"Energy consumption through other sources (F)",{"$f":"IF(E14=\"\",\"\",E14)","v":""},{"$f":"IF(COUNT(F19:F20)>0,+SUM('EnergyConsumed from NR'!G11:G498),\"\")","v":""},{"$f":"IF(COUNT(G19:G20)>0,+SUM('EnergyConsumed from NR'!H11:H498),\"\")","v":""},null,null,null,null,null,null,null,null,null,null,null,null,null,null,null,null,null,null,null,null,null,null,null,null,null,"EnergyConsumptionThroughOtherSourcesFromNonRenewableSources","EnergyConsumptionThroughOtherSourcesFromNonRenewableSources","EnergyConsumptionThroughOtherSourcesFromNonRenewableSources"]
[null,null,null,"Total energy consumed from non-renewable sources (D+E+F)",{"$f":"IF(E14=\"\",\"\",E14)","v":""},{"$f":"IF(COUNT(F19:F21)>0,SUM(F19:F21),\"\")","v":""},{"$f":"IF(COUNT(G19:G21)>0,SUM(G19:G21),\"\")","v":""},null,null,null,null,null,null,null,null,null,null,null,null,null,null,null,null,null,null,null,null,null,null,null,null,null,"TotalEnergyConsumedFromNonRenewableSources","TotalEnergyConsumedFromNonRenewableSources","TotalEnergyConsumedFromNonRenewableSources"]
[null,null,null,"Total energy consumed (A+B+C+D+E+F)",{"$f":"IF(E14=\"\",\"\",E14)","v":""},{"$f":"IF(COUNT(F17,F22)>0,SUM(F17,F22),\"\")","v":""},{"$f":"IF(COUNT(G17,G22)>0,SUM(G17,G22),\"\")","v":""},null,null,null,null,null,null,null,null,null,null,null,null,null,null,null,null,null,null,null,null,null,null,null,null,null,"EnergyintensityintermsofphysicalOutput1","TotalEnergyConsumedFromRenewableAndNonRenewableSources","TotalEnergyConsumedFromRenewableAndNonRenewableSources"]
[null,null,null,"Energy intensity per rupee of turnover (Total energy consumed / Revenue from operations)",{"$f":"IF(E14=\"\",\"\",E14&\" / Rs.\")","v":""},{"$f":"IF(F23=\"\",\"\",IFERROR(ROUND(F23/F11,10),\"\"))","v":""},{"$f":"IF(G23=\"\",\"\",IFERROR(ROUND(G23/G11,10),\"\"))","v":""},null,null,null,null,null,null,null,null,null,null,null,null,null,null,null,null,null,null,null,null,null,null,null,null,null,"EnergyIntensityPerRupeeOfTurnover","EnergyIntensityPerRupeeOfTurnover","EnergyIntensityPerRupeeOfTurnover"]
[null,null,null,"Energy intensity per rupee of turnover adjusted for Purchasing Power Parity (PPP)\n(Total energy consumed / Revenue from operations adjusted for PPP)",{"$f":"IF(E14=\"\",\"\",E14&\" / Rs.\")","v":""},null,null,null,null,null,null,null,null,null,null,null,null,null,null,null,null,null,null,null,null,null,null,null,null,null,null,null,"EnergyIntensityPerRupeeOfTurnoverAdjustingForPurchasingPowerParity","EnergyIntensityPerRupeeOfTurnoverAdjustingForPurchasingPowerParity","EnergyIntensityPerRupeeOfTurnoverAdjustingForPurchasingPowerParity"]
[null,null,null,"Energy intensity in terms of physical Output",{"$f":"IF(E14=\"\",\"\",E14)","v":""},null,null,null,null,null,null,null,null,null,null,null,null,null,null,null,null,null,null,null,null,null,null,null,null,null,null,null,"EnergyIntensityInTermOfPhysicalOutput","EnergyIntensityInTermOfPhysicalOutput","EnergyIntensityInTermOfPhysicalOutput"]
[null,null,null,"Energy intensity (optional) – the relevant metric may be selected by the entity",null,null,null,null,null,null,null,null,null,null,null,null,null,null,null,null,null,null,null,null,null,null,null,null,null,null,null,null,"EnergyIntensityTheRelevantMetricMayBeSelectedByTheEntity","EnergyIntensityTheRelevantMetricMayBeSelectedByTheEntity","EnergyIntensityTheRelevantMetricMayBeSelectedByTheEntity"]
[null,null,null,"Note: Indicate if any independent assessment/ evaluation/assurance has been carried out by an external agency? (Y/N)",null,null,null,null,null,null,null,null,null,null,null,null,null,null,null,null,null,null,null,null,null,null,"Note:Indicateifanyindependentassessment/evaluation/assurancehasbeencarriedoutbyanexternalagency?(Y/N)","Note: Indicate if any independent assessment/ evaluation/assurance has been carried out by an external agency? (Y/N)",null,null,"This is a mandatory field",null,"WhetherAnyIndependentAssessmentOrEvaluationOrAssuranceHasBeenCarriedOutByAnExternalAgencyForEnergyConsumptionUnderLeadershipIndicators","WhetherAnyIndependentAssessmentOrEvaluationOrAssuranceHasBeenCarriedOutByAnExternalAgencyForEnergyConsumptionUnderLeadershipIndicators","WhetherAnyIndependentAssessmentOrEvaluationOrAssuranceHasBeenCarriedOutByAnExternalAgencyForEnergyConsumptionUnderLeadershipIndicators"]
[null,null,null,"If yes, name of the external agency.",null,null,null,null,null,null,null,null,null,null,null,null,null,null,null,null,null,null,null,null,null,null,null,null,null,null,null,null,"NameOfTheExternalAgencyThatUndertookIndependentAssessmentOrEvaluationOrAssuranceForEnergyConsumptionExplanatoryTextBlock","NameOfTheExternalAgencyThatUndertookIndependentAssessmentOrEvaluationOrAssuranceForEnergyConsumptionExplanatoryTextBlock","NameOfTheExternalAgencyThatUndertookIndependentAssessmentOrEvaluationOrAssuranceForEnergyConsumptionExplanatoryTextBlock"]
[null,null,null,"2. Does the entity have any sites / facilities identified as designated consumers (DCs) under the Performance, Achieve and Trade (PAT) Scheme of the Government of India?",null,null,null,null,null,null,null,null,null,null,null,null,null,null,null,null,null,null,null,null,null,null,"DoesTheEntityHaveAnySitesOrFacilitiesIdentifiedAsDesignatedConsumersUnderThePerformanceAchieveAndTradeSchemeOfTheGovernmentOfIndia","2. Does the entity have any sites / facilities identified as designated consumers (DCs) under the Performance, Achieve and Trade (PAT) Scheme of the Government of India?",null,null,"This is a mandatory field",null,"DoesTheEntityHaveAnySitesOrFacilitiesIdentifiedAsDesignatedConsumersUnderThePerformanceAchieveAndTradeSchemeOfTheGovernmentOfIndia","DoesTheEntityHaveAnySitesOrFacilitiesIdentifiedAsDesignatedConsumersUnderThePerformanceAchieveAndTradeSchemeOfTheGovernmentOfIndia","DoesTheEntityHaveAnySitesOrFacilitiesIdentifiedAsDesignatedConsumersUnderThePerformanceAchieveAndTradeSchemeOfTheGovernmentOfIndia"]
[null,null,null,"If yes, disclose whether targets set under the PAT scheme have been achieved. In case targets have not been achieved, provide the remedial action taken, if any.",null,null,null,null,null,null,null,null,null,null,null,null,null,null,null,null,null,null,null,null,null,null,"DiscloseWhetherTargetsSetUnderThePatSchemeHaveBeenAchievedInCaseTargetsHaveNotBeenAchievedThenProvideTheRemedialActionTakenExplanatoryTextBlock",null,null,null,null,null,"DiscloseWhetherTargetsSetUnderThePatSchemeHaveBeenAchievedInCaseTargetsHaveNotBeenAchievedThenProvideTheRemedialActionTakenExplanatoryTextBlock","DiscloseWhetherTargetsSetUnderThePatSchemeHaveBeenAchievedInCaseTargetsHaveNotBeenAchievedThenProvideTheRemedialActionTakenExplanatoryTextBlock","DiscloseWhetherTargetsSetUnderThePatSchemeHaveBeenAchievedInCaseTargetsHaveNotBeenAchievedThenProvideTheRemedialActionTakenExplanatoryTextBlock"]
[null,null,null,"3. Provide details of the following disclosures related to water, in the following format:"]
[null,null,null,"Parameter",{"$f":"\"FY (\"&RIGHT('General Disclosures'!F19,4)&\"-\"&RIGHT('General Disclosures'!H19,2)&\")\"","v":"FY (-)"},{"$f":"\"PY (\"&RIGHT('General Disclosures'!F20,4)&\"-\"&RIGHT('General Disclosures'!H20,2)&\")\"","v":"PY (-)"}]
[null,null,null,"Water withdrawal by source (in kilolitres)",null,null,null,null,null,null,null,null,null,null,null,null,null,null,null,null,null,null,null,null,null,null,"Waterwithdrawalbysource(inkilolitres)","Water withdrawal by source (in kilolitres)",null,null,"This is a mandatory field"]
[null,null,null,"(i) Surface water",null,null,null,null,null,null,null,null,null,null,null,null,null,null,null,null,null,null,null,null,null,null,"(i)Surfacewater","(i) Surface water",null,null,"This is a mandatory field",null,"WaterWithdrawalBySurfaceWater","WaterWithdrawalBySurfaceWater","WaterWithdrawalBySurfaceWater"]
[null,null,null,"(ii) Groundwater",null,null,null,null,null,null,null,null,null,null,null,null,null,null,null,null,null,null,null,null,null,null,"(ii)Groundwater","(ii) Groundwater",null,null,"This is a mandatory field",null,"WaterWithdrawalByGroundwater","WaterWithdrawalByGroundwater","WaterWithdrawalByGroundwater"]
[null,null,null,"(iii) Third party water",null,null,null,null,null,null,null,null,null,null,null,null,null,null,null,null,null,null,null,null,null,null,"(iii)Thirdpartywater","(iii) Third party water",null,null,"This is a mandatory field",null,"WaterWithdrawalByThirdPartyWater","WaterWithdrawalByThirdPartyWater","WaterWithdrawalByThirdPartyWater"]
[null,null,null,"(iv) Seawater / desalinated water",null,null,null,null,null,null,null,null,null,null,null,null,null,null,null,null,null,null,null,null,null,null,"(iv)Seawater/desalinatedwater","(iv) Seawater / desalinated water",null,null,"This is a mandatory field",null,"WaterWithdrawalBySeawaterOrDesalinatedWater","WaterWithdrawalBySeawaterOrDesalinatedWater","WaterWithdrawalBySeawaterOrDesalinatedWater"]
[null,null,null,"(v) Others",null,null,null,null,null,null,null,null,null,null,null,null,null,null,null,null,null,null,null,null,null,null,"(v)Others","(v) Others",null,null,"This is a mandatory field",null,"WaterWithdrawalByOthers","WaterWithdrawalByOthers","WaterWithdrawalByOthers"]
[null,null,null,"Total volume of water withdrawal (in kilolitres) (i + ii + iii + iv + v)",{"$f":"IF(COUNT(E35:E39)>0,SUM(E35:E39),\"\")","v":""},{"$f":"IF(COUNT(F35:F39)>0,SUM(F35:F39),\"\")","v":""},null,null,null,null,null,null,null,null,null,null,null,null,null,null,null,null,null,null,null,null,null,null,null,null,null,null,"TotalVolumeOfWaterWithdrawal","TotalVolumeOfWaterWithdrawal","TotalVolumeOfWaterWithdrawal"]
[null,null,null,"Total volume of water consumption (in kilolitres)",null,null,null,null,null,null,null,null,null,null,null,null,null,null,null,null,null,null,null,null,null,null,"Totalvolumeofwaterconsumption\r\n(inkilolitres)","Total volume of water consumption\n(in kilolitres)",null,null,"This is a mandatory field",null,"TotalVolumeOfWaterConsumption","TotalVolumeOfWaterConsumption","TotalVolumeOfWaterConsumption"]
[null,null,null,"Water intensity per rupee of turnover (Total water consumption / Revenue from operations)",{"$f":"IF(E41=\"\",\"\",IFERROR(ROUND(E41/F11,10),\"\"))","v":""},{"$f":"IF(F41=\"\",\"\",IFERROR(ROUND(F41/G11,10),\"\"))","v":""},null,null,null,null,null,null,null,null,null,null,null,null,null,null,null,null,null,null,null,null,"WaterIntensityPerRupeeOfTurnover","Water intensity per rupee of\nturnover (Water consumed / turnover)",null,null,"This is a mandatory field",null,"WaterIntensityPerRupeeOfTurnover","WaterIntensityPerRupeeOfTurnover","WaterIntensityPerRupeeOfTurnover"]
[null,null,null,"Water intensity per rupee of turnover adjusted for Purchasing Power Parity (PPP)\n(Total water consumption / Revenue from operations adjusted for PPP)",null,null,null,null,null,null,null,null,null,null,null,null,null,null,null,null,null,null,null,null,null,null,"WaterIntensityPerRupeeOfTurnoverAdjustingForPurchasingPowerParity",null,null,null,null,null,"WaterIntensityPerRupeeOfTurnoverAdjustingForPurchasingPowerParity","WaterIntensityPerRupeeOfTurnoverAdjustingForPurchasingPowerParity","WaterIntensityPerRupeeOfTurnoverAdjustingForPurchasingPowerParity"]
[null,null,null,"Water intensity in terms of physical output",null,null,null,null,null,null,null,null,null,null,null,null,null,null,null,null,null,null,null,null,null,null,"WaterIntensityInTermOfPhysicalOutput",null,null,null,null,null,"WaterIntensityInTermOfPhysicalOutput","WaterIntensityInTermOfPhysicalOutput","WaterIntensityInTermOfPhysicalOutput"]
[null,null,null,"Water intensity (optional) – the relevant metric may be selected by the entity",null,null,null,null,null,null,null,null,null,null,null,null,null,null,null,null,null,null,null,null,null,null,"WaterIntensityTheRelevantMetricMayBeSelectedByTheEntity","Water intensity (optional) – the\nrelevant metric may be selected by the entity",null,null,"This is a mandatory field",null,"WaterIntensityTheRelevantMetricMayBeSelectedByTheEntity","WaterIntensityTheRelevantMetricMayBeSelectedByTheEntity","WaterIntensityTheRelevantMetricMayBeSelectedByTheEntity"]
[null,null,null,"Note: Indicate if any independent assessment/ evaluation/assurance has been carried out by an external agency?",null,null,null,null,null,null,null,null,null,null,null,null,null,null,null,null,null,null,null,null,null,null,"AnyIndependentAssessmentOrEvaluationOrAssuranceHasBeenCarriedOutByAnExternalAgencyForWaterWithdrawal","Note: Indicate if any independent assessment/ evaluation/assurance has been carried out by an external\nagency?",null,null,"This is a mandatory field"]
[null,null,null,"If yes, name of the external agency.",null,null,null,null,null,null,null,null,null,null,null,null,null,null,null,null,null,null,null,null,null,null,"NameOfTheExternalAgencyInCaseAnyIndependentAssessmentOrEvaluationOrAssuranceHasBeenCarriedOutByAnExternalAgencyForWaterWithdrawalExplanatoryTextBlock"]
[null,null,null,"4. Provide the following details related to water discharged:"]
[null,null,null,"Parameter",{"$f":"\"FY (\"&RIGHT('General Disclosures'!F19,4)&\"-\"&RIGHT('General Disclosures'!H19,2)&\")\"","v":"FY (-)"},{"$f":"\"PY (\"&RIGHT('General Disclosures'!F20,4)&\"-\"&RIGHT('General Disclosures'!H20,2)&\")\"","v":"PY (-)"}]
[null,null,null,"Water discharge by destination and level of treatment (in kilolitres)"]
[null,null,null,"(i) To Surface water",{"$f":"IF(COUNT(E52:E53)>0,SUM(E52:E53),\"\")","v":""},{"$f":"IF(COUNT(F52:F53)>0,SUM(F52:F53),\"\")","v":""},null,null,null,null,null,null,null,null,null,null,null,null,null,null,null,null,null,null,null,null,null,null,null,null,null,null,"WaterDischargeToSurfaceWater","WaterDischargeToSurfaceWater","WaterDischargeToSurfaceWater"]
[null,null,null,"No treatment",null,null,null,null,null,null,null,null,null,null,null,null,null,null,null,null,null,null,null,null,null,null,"Notreatment","No treatment",null,null,"This is a mandatory field",null,"WaterDischargeToSurfaceWaterWithOutTreatment","WaterDischargeToSurfaceWaterWithOutTreatment","WaterDischargeToSurfaceWaterWithOutTreatment"]
[null,null,null,"With treatment – please specify level of treatment",null,null,null,null,null,null,null,null,null,null,null,null,null,null,null,null,null,null,null,null,null,null,"Withtreatment–pleasespecifylevelof\r\ntreatment","With treatment – please specify level of\ntreatment",null,null,"This is a mandatory field",null,"WaterDischargeToSurfaceWaterWithTreatment","WaterDischargeToSurfaceWaterWithTreatment","WaterDischargeToSurfaceWaterWithTreatment"]
[null,null,null,"(ii) To Groundwater",{"$f":"IF(COUNT(E55:E56)>0,SUM(E55:E56),\"\")","v":""},{"$f":"IF(COUNT(F55:F56)>0,SUM(F55:F56),\"\")","v":""},null,null,null,null,null,null,null,null,null,null,null,null,null,null,null,null,null,null,null,null,null,null,null,null,null,null,"WaterDischargeToGroundwater","WaterDischargeToGroundwater","WaterDischargeToGroundwater"]
[null,null,null,"No treatment",null,null,null,null,null,null,null,null,null,null,null,null,null,null,null,null,null,null,null,null,null,null,"Notreatment","No treatment",null,null,"This is a mandatory field",null,"WaterDischargeToGroundwaterWithOutTreatment","WaterDischargeToGroundwaterWithOutTreatment","WaterDischargeToGroundwaterWithOutTreatment"]
[null,null,null,"With treatment – please specify level of treatment",null,null,null,null,null,null,null,null,null,null,null,null,null,null,null,null,null,null,null,null,null,null,"Withtreatment–pleasespecifylevelof\r\ntreatment","With treatment – please specify level of\ntreatment",null,null,"This is a mandatory field",null,"WaterDischargeToGroundwaterWithTreatment","WaterDischargeToGroundwaterWithTreatment","WaterDischargeToGroundwaterWithTreatment"]
[null,null,null,"(iii) To Seawater",{"$f":"IF(COUNT(E58:E59)>0,SUM(E58:E59),\"\")","v":""},{"$f":"IF(COUNT(F58:F59)>0,SUM(F58:F59),\"\")","v":""},null,null,null,null,null,null,null,null,null,null,null,null,null,null,null,null,null,null,null,null,null,null,null,null,null,null,"WaterDischargeToSeawater","WaterDischargeToSeawater","WaterDischargeToSeawater"]
[null,null,null,"No treatment",null,null,null,null,null,null,null,null,null,null,null,null,null,null,null,null,null,null,null,null,null,null,"Notreatment","No treatment",null,null,"This is a mandatory field",null,"WaterDischargeToSeawaterWithOutTreatment","WaterDischargeToSeawaterWithOutTreatment","WaterDischargeToSeawaterWithOutTreatment"]
[null,null,null,"With treatment – please specify level of treatment",null,null,null,null,null,null,null,null,null,null,null,null,null,null,null,null,null,null,null,null,null,null,"Withtreatment–pleasespecifylevelof\r\ntreatment","With treatment – please specify level of\ntreatment",null,null,"This is a mandatory field",null,"WaterDischargeToSeawaterWithTreatment","WaterDischargeToSeawaterWithTreatment","WaterDischargeToSeawaterWithTreatment"]
[null,null,null,"(iv) Sent to third-parties",{"$f":"IF(COUNT(E61:E62)>0,SUM(E61:E62),\"\")","v":""},{"$f":"IF(COUNT(F61:F62)>0,SUM(F61:F62),\"\")","v":""},null,null,null,null,null,null,null,null,null,null,null,null,null,null,null,null,null,null,null,null,null,null,null,null,null,null,"WaterDischargeBySentToThirdParties","WaterDischargeBySentToThirdParties","WaterDischargeBySentToThirdParties"]
[null,null,null,"No treatment",null,null,null,null,null,null,null,null,null,null,null,null,null,null,null,null,null,null,null,null,null,null,"Notreatment","No treatment",null,null,"This is a mandatory field",null,"WaterDischargeBySentToThirdPartiesWithoutTreatment","WaterDischargeBySentToThirdPartiesWithoutTreatment","WaterDischargeBySentToThirdPartiesWithoutTreatment"]
[null,null,null,"With treatment – please specify level of treatment",null,null,null,null,null,null,null,null,null,null,null,null,null,null,null,null,null,null,null,null,null,null,"Withtreatment–pleasespecifylevelof\r\ntreatment","With treatment – please specify level of\ntreatment",null,null,"This is a mandatory field",null,"WaterDischargeBySentToThirdPartiesWithTreatment","WaterDischargeBySentToThirdPartiesWithTreatment","WaterDischargeBySentToThirdPartiesWithTreatment"]
[null,null,null,"(v) Others",{"$f":"IF(COUNT(E64:E65)>0,SUM(E64:E65),\"\")","v":""},{"$f":"IF(COUNT(F64:F65)>0,SUM(F64:F65),\"\")","v":""},null,null,null,null,null,null,null,null,null,null,null,null,null,null,null,null,null,null,null,null,null,null,null,null,null,null,"WaterDischargeToOthers","WaterDischargeToOthers","WaterDischargeToOthers"]
[null,null,null,"No treatment",null,null,null,null,null,null,null,null,null,null,null,null,null,null,null,null,null,null,null,null,null,null,"Notreatment","No treatment",null,null,"This is a mandatory field",null,"WaterDischargeToOthersWithoutTreatment","WaterDischargeToOthersWithoutTreatment","WaterDischargeToOthersWithoutTreatment"]
[null,null,null,"With treatment – please specify level of treatment",null,null,null,null,null,null,null,null,null,null,null,null,null,null,null,null,null,null,null,null,null,null,"Withtreatment–pleasespecifylevelof\r\ntreatment","With treatment – please specify level of\ntreatment",null,null,"This is a mandatory field",null,"WaterDischargeToOthersWithTreatment","WaterDischargeToOthersWithTreatment","WaterDischargeToOthersWithTreatment"]
[null,null,null,"Total water discharged (in kilolitres)",{"$f":"+IF(COUNT(E51,E54,E57,E60,E63)>0,SUM(E51,E54,E57,E60,E63),\"\")","v":""},{"$f":"+IF(COUNT(F51,F54,F57,F60,F63)>0,SUM(F51,F54,F57,F60,F63),\"\")","v":""},null,null,null,null,null,null,null,null,null,null,null,null,null,null,null,null,null,null,null,null,null,null,null,null,null,null,"TotalWaterDischargedInKilolitres","TotalWaterDischargedInKilolitres","TotalWaterDischargedInKilolitres"]
[null,null,null,"Note: Indicate if any independent assessment/ evaluation/assurance has been carried out by an external agency? (Y/N)",null,null,null,null,null,null,null,null,null,null,null,null,null,null,null,null,null,null,null,null,null,null,"Note:Indicateifanyindependentassessment/evaluation/assurancehasbeencarriedoutbyanexternalagency?(Y/N)","Note: Indicate if any independent assessment/ evaluation/assurance has been carried out by an external agency? (Y/N)",null,null,"This is a mandatory field",null,"WhetherAnyIndependentAssessmentOrEvaluationOrAssuranceHasBeenCarriedOutByAnExternalAgencyForWaterDischarged","WhetherAnyIndependentAssessmentOrEvaluationOrAssuranceHasBeenCarriedOutByAnExternalAgencyForWaterDischarged","WhetherAnyIndependentAssessmentOrEvaluationOrAssuranceHasBeenCarriedOutByAnExternalAgencyForWaterDischarged"]
[null,null,null,"If yes, name of the external agency.",null,null,null,null,null,null,null,null,null,null,null,null,null,null,null,null,null,null,null,null,null,null,null,null,null,null,null,null,"NameOfTheExternalAgencyThatUndertookIndependentAssessmentOrEvaluationOrAssuranceForWaterDischargedExplanatoryTextBlock","NameOfTheExternalAgencyThatUndertookIndependentAssessmentOrEvaluationOrAssuranceForWaterDischargedExplanatoryTextBlock","NameOfTheExternalAgencyThatUndertookIndependentAssessmentOrEvaluationOrAssuranceForWaterDischargedExplanatoryTextBlock"]
[null,null,null,"5. Has the entity implemented a mechanism for Zero Liquid Discharge?",null,null,null,null,null,null,null,null,null,null,null,null,null,null,null,null,null,null,null,null,null,null,"HasTheEntityImplementedAMechanismForZeroLiquidDischarge","AMechanismForZeroLiquidDischargeIsNotApplicableToTheEntityExplanatoryTextBlock",null,null,"This is a mandatory field",null,"HasTheEntityImplementedAMechanismForZeroLiquidDischarge","AMechanismForZeroLiquidDischargeIsNotApplicableToTheEntityExplanatoryTextBlock"]
[null,null,null,"If yes, provide details of its coverage and implementation.",null,null,null,null,null,null,null,null,null,null,null,null,null,null,null,null,null,null,null,null,null,null,"DetailsOfCoverageAndImplementationIfForZeroLiquidDischargeExplanatoryTextBlock",null,null,null,null,null,"DetailsOfCoverageAndImplementationIfForZeroLiquidDischargeExplanatoryTextBlock"]
[null,null,null,"6. Please provide details of air emissions (other than GHG emissions) by the entity, in the following format:"]
[null,null,null,"Whether air emissions (other than GHG emissions) by the entity is applicable to the company?",null,null,null,null,null,null,null,null,null,null,null,null,null,null,null,null,null,null,null,null,null,null,null,null,null,null,null,null,"WhetherDetailsOfAirEmissionsOtherThanGhgEmissionsByTheEntityIsApplicableToTheCompany","WhetherDetailsOfAirEmissionsOtherThanGhgEmissionsByTheEntityIsApplicableToTheCompany","WhetherDetailsOfAirEmissionsOtherThanGhgEmissionsByTheEntityIsApplicableToTheCompany"]
[null,null,null,"Parameter","Please specify unit",{"$f":"\"FY (\"&RIGHT('General Disclosures'!F19,4)&\"-\"&RIGHT('General Disclosures'!H19,2)&\")\"","v":"FY (-)"},{"$f":"\"PY (\"&RIGHT('General Disclosures'!F20,4)&\"-\"&RIGHT('General Disclosures'!H20,2)&\")\"","v":"PY (-)"}]
[null,null,null,"NOx",null,null,null,null,null,null,null,null,null,null,null,null,null,null,null,null,null,null,null,null,null,null,"NOx","NOx",null,null,"This is a mandatory field",null,"NOx","NOx","NOx"]
[null,null,null,"SOx",null,null,null,null,null,null,null,null,null,null,null,null,null,null,null,null,null,null,null,null,null,null,"SOx","SOx",null,null,"This is a mandatory field",null,"SOx","SOx","SOx"]
[null,null,null,"Particulate matter (PM)",null,null,null,null,null,null,null,null,null,null,null,null,null,null,null,null,null,null,null,null,null,null,"Particulatematter\r\n(PM)","Particulate matter\n(PM)",null,null,"This is a mandatory field",null,"ParticulateMatter","ParticulateMatter","ParticulateMatter"]
[null,null,null,"Persistent organic pollutants (POP)",null,null,null,null,null,null,null,null,null,null,null,null,null,null,null,null,null,null,null,null,null,null,"Persistentorganic\r\npollutants(POP)","Persistent organic\npollutants (POP)",null,null,"This is a mandatory field",null,"PersistentOrganicPollutants","PersistentOrganicPollutants","PersistentOrganicPollutants"]
[null,null,null,"Volatile organic compounds (VOC)",null,null,null,null,null,null,null,null,null,null,null,null,null,null,null,null,null,null,null,null,null,null,"Volatileorganic\r\ncompounds(VOC)","Volatile organic\ncompounds (VOC)",null,null,"This is a mandatory field",null,"VolatileOrganicCompounds","VolatileOrganicCompounds","VolatileOrganicCompounds"]
[null,null,null,"Hazardous air pollutants (HAP)",null,null,null,null,null,null,null,null,null,null,null,null,null,null,null,null,null,null,null,null,null,null,"Hazardousair\r\npollutants(HAP)","Hazardous air\npollutants (HAP)",null,null,"This is a mandatory field",null,"HazardousAirPollutants","HazardousAirPollutants","HazardousAirPollutants"]
[null,null,null,"Others – please specify"]
[null,null,null,"Note: Indicate if any independent assessment/ evaluation/assurance has been carried out by an external agency? (Y/N)",null,null,null,null,null,null,null,null,null,null,null,null,null,null,null,null,null,null,null,null,null,null,"IndicateIfAnyIndependentAssessmentOrEvaluationOrAssuranceHasBeenCarriedOutByAnExternalAgencyForAirEmissionsOtherThanGHGEmissions","Note: Indicate if any independent assessment/ evaluation/assurance has been carried out by an\nexternal agency? (Y/N)",null,null,"This is a mandatory field",null,"IndicateIfAnyIndependentAssessmentOrEvaluationOrAssuranceHasBeenCarriedOutByAnExternalAgencyForAirEmissionsOtherThanGHGEmissions"]
[null,null,null,"If yes, name of the external agency.",null,null,null,null,null,null,null,null,null,null,null,null,null,null,null,null,null,null,null,null,null,null,"NameOfTheExternalAgencyIfAnyIndependentAssessmentOrEvaluationOrAssuranceHasBeenCarriedOutByAnExternalAgencyForAirEmissionsOtherThanGHGEmissionsExplanatoryTextBlock",null,null,null,null,null,"NameOfTheExternalAgencyIfAnyIndependentAssessmentOrEvaluationOrAssuranceHasBeenCarriedOutByAnExternalAgencyForAirEmissionsOtherThanGHGEmissionsExplanatoryTextBlock"]
[null,null,null,"7. Provide details of greenhouse gas emissions (Scope 1 and Scope 2 emissions) & its intensity, in the following format:"]
[null,null,null,"Whether greenhouse gas emissions (Scope 1 and Scope 2 emissions) & its intensity is applicable to the company?",null,null,null,null,null,null,null,null,null,null,null,null,null,null,null,null,null,null,null,null,null,null,null,null,null,null,null,null,"WhetherDetailsOfGreenHouseGasEmissionsAndItsIntensityIsApplicableToTheCompany","WhetherDetailsOfGreenHouseGasEmissionsAndItsIntensityIsApplicableToTheCompany","WhetherDetailsOfGreenHouseGasEmissionsAndItsIntensityIsApplicableToTheCompany"]
[null,null,null,"Parameter","Unit",{"$f":"\"FY (\"&RIGHT('General Disclosures'!F19,4)&\"-\"&RIGHT('General Disclosures'!H19,2)&\")\"","v":"FY (-)"},{"$f":"\"PY (\"&RIGHT('General Disclosures'!F20,4)&\"-\"&RIGHT('General Disclosures'!H20,2)&\")\"","v":"PY (-)"}]
[null,null,null,"Total Scope 1 emissions (Break-up of the GHG into CO2, CH4, N2O, HFCs, PFCs, SF6, NF3, if available)",null,null,null,null,null,null,null,null,null,null,null,null,null,null,null,null,null,null,null,null,null,null,"TotalScope1emissions(Break-upoftheGHGintoCO2,CH4,N2O,HFCs,PFCs,\r\nSF6,NF3,ifavailable)","Total Scope 1 emissions (Break-up of the GHG into CO2, CH4, N2O, HFCs, PFCs,\nSF6, NF3, if available)",null,null,"This is a mandatory field",null,"TotalScope1Emissions","TotalScope1Emissions","TotalScope1Emissions"]
[null,null,null,"Total Scope 2 emissions (Break-up of the GHG into CO2, CH4, N2O, HFCs, PFCs, SF6, NF3, if available)",{"$f":"IF(E86=\"\",\"\",E86)","v":""},null,null,null,null,null,null,null,null,null,null,null,null,null,null,null,null,null,null,null,null,null,"TotalScope2emissions(Break-upoftheGHGintoCO2,CH4,N2O,HFCs,PFCs,\r\nSF6,NF3,ifavailable)","Total Scope 2 emissions (Break-up of the GHG into CO2, CH4, N2O, HFCs, PFCs,\nSF6, NF3, if available)",null,null,"This is a mandatory field",null,"TotalScope2Emissions","TotalScope2Emissions","TotalScope2Emissions"]
[null,null,null,"Total Scope 1 and Scope 2 emission intensity per rupee of turnover\n(Total Scope 1 and Scope 2 GHG emissions / Revenue from operations)",{"$f":"IF(E86=\"\",\"\",E86&\" / Rs.\")","v":""},{"$f":"IF(OR(F86=\"\",F87=\"\"),\"\",IFERROR(ROUND(SUM(F86,F87)/F11,10),\"\"))","v":""},{"$f":"IF(OR(G86=\"\",G87=\"\"),\"\",IFERROR(ROUND(SUM(G86,G87)/G11,10),\"\"))","v":""},null,null,null,null,null,null,null,null,null,null,null,null,null,null,null,null,null,null,null,"TotalScope1andScope2emissionsperrupeeof\r\nturnover","Total Scope 1 and Scope 2 emissions per rupee of\nturnover",null,null,"This is a mandatory field",null,"TotalScope1AndScope2EmissionsIntensityPerRupeeOfTurnover","TotalScope1AndScope2EmissionsIntensityPerRupeeOfTurnover","TotalScope1AndScope2EmissionsIntensityPerRupeeOfTurnover"]
[null,null,null,"Total Scope 1 and Scope 2 emission intensity per rupee of turnover adjusted for Purchasing Power Parity (PPP)\n(Total Scope 1 and Scope 2 GHG emissions / Revenue from operations adjusted for PPP)",{"$f":"IF(E86=\"\",\"\",E86&\" / Rs.\")","v":""},null,null,null,null,null,null,null,null,null,null,null,null,null,null,null,null,null,null,null,null,null,"TotalScope1andScope2emissionintensity(optional)\r\n–therelevantmetricmaybe\r\nselectedbytheentity","Total Scope 1 and Scope 2 emission intensity (optional)\n– the relevant metric may be\nselected by the entity",null,null,"This is a mandatory field",null,"TotalScope1AndScope2EmissionsIntensityPerRupeeOfTurnoverAdjustedForPurchasingPowerParity","TotalScope1AndScope2EmissionsIntensityPerRupeeOfTurnoverAdjustedForPurchasingPowerParity","TotalScope1AndScope2EmissionsIntensityPerRupeeOfTurnoverAdjustedForPurchasingPowerParity"]
[null,null,null,"Total Scope 1 and Scope 2 emission intensity in terms of physical output",{"$f":"IF(E86=\"\",\"\",E86)","v":""},null,null,null,null,null,null,null,null,null,null,null,null,null,null,null,null,null,null,null,null,null,"TotalScope1AndScope2EmissionsIntensityInTermOfPhysicalOutput",null,null,null,null,null,"TotalScope1AndScope2EmissionsIntensityInTermOfPhysicalOutput","TotalScope1AndScope2EmissionsIntensityInTermOfPhysicalOutput","TotalScope1AndScope2EmissionsIntensityInTermOfPhysicalOutput","TotalScope1AndScope2EmissionsIntensityInTermOfPhysicalOutput"]
[null,null,null,"Total Scope 1 and Scope 2 emission intensity (optional) – the relevant metric may be selected by the entity",null,null,null,null,null,null,null,null,null,null,null,null,null,null,null,null,null,null,null,null,null,null,"TotalScope1AndScope2EmissionsIntensityTheRelevantMetricMayBeSelectedByTheEntity",null,null,null,null,null,"TotalScope1AndScope2EmissionsIntensityTheRelevantMetricMayBeSelectedByTheEntity","TotalScope1AndScope2EmissionsIntensityTheRelevantMetricMayBeSelectedByTheEntity","TotalScope1AndScope2EmissionsIntensityTheRelevantMetricMayBeSelectedByTheEntity"]
[null,null,null,"Note: Indicate if any independent assessment/ evaluation/assurance has been carried out by an external agency? (Y/N)",null,null,null,null,null,null,null,null,null,null,null,null,null,null,null,null,null,null,null,null,null,null,"WhetherAnyIndicateIfAnyIndependentAssessmentOrEvaluationOrAssuranceHasBeenCarriedOutByAnExternalAgencyForGreenHouseGasEmissions","Note: Indicate if any independent assessment/ evaluation/assurance has been carried out by an external\nagency? (Y/N)",null,null,"This is a mandatory field",null,"WhetherAnyIndicateIfAnyIndependentAssessmentOrEvaluationOrAssuranceHasBeenCarriedOutByAnExternalAgencyForGreenHouseGasEmissions"]
[null,null,null,"If yes, name of the external agency.",null,null,null,null,null,null,null,null,null,null,null,null,null,null,null,null,null,null,null,null,null,null,"NameOfTheExternalAgencyThatUndertookIndependentAssessmentOrEvaluationOrAssuranceForGreenHouseGasEmissionsExplanatoryTextBlock",null,null,null,null,null,"NameOfTheExternalAgencyThatUndertookIndependentAssessmentOrEvaluationOrAssuranceForGreenHouseGasEmissionsExplanatoryTextBlock"]
[null,null,null,"8. Does the entity have any project related to reducing Green House Gas emission? ",null,null,null,null,null,null,null,null,null,null,null,null,null,null,null,null,null,null,null,null,null,null,"DoesTheEntityHaveAnyProjectRelatedToReducingGreenHouseGasEmission","ProjectRelatedToReducingGreenHouseGasEmissionIsNotApplicableToTheEntityExplanatoryTextBlock",null,null,"This is a mandatory field",null,"DoesTheEntityHaveAnyProjectRelatedToReducingGreenHouseGasEmission","ProjectRelatedToReducingGreenHouseGasEmissionIsNotApplicableToTheEntityExplanatoryTextBlock"]
[null,null,null,"If Yes, then provide details.",null,null,null,null,null,null,null,null,null,null,null,null,null,null,null,null,null,null,null,null,null,null,"DetailsOfProjectRelatedToReducingGreenHouseGasEmissionExplanatoryTextBlock",null,null,null,null,null,"DetailsOfProjectRelatedToReducingGreenHouseGasEmissionExplanatoryTextBlock"]
[null,null,null,"9. Provide details related to waste management by the entity, in the following format:"]
[null,null,null,"Parameter",{"$f":"\"FY (\"&RIGHT('General Disclosures'!F19,4)&\"-\"&RIGHT('General Disclosures'!H19,2)&\")\"","v":"FY (-)"},{"$f":"\"PY (\"&RIGHT('General Disclosures'!F20,4)&\"-\"&RIGHT('General Disclosures'!H20,2)&\")\"","v":"PY (-)"}]
[null,null,null,"Total Waste generated (in metric tonnes)"]
[null,null,null,"Plastic waste (A)",null,null,null,null,null,null,null,null,null,null,null,null,null,null,null,null,null,null,null,null,null,null,"Plasticwaste(A)","Plastic waste (A)",null,null,"This is a mandatory field",null,"PlasticWaste","PlasticWaste","PlasticWaste"]
[null,null,null,"E-waste (B)",null,null,null,null,null,null,null,null,null,null,null,null,null,null,null,null,null,null,null,null,null,null,"E-waste(B)","E-waste (B)",null,null,"This is a mandatory field",null,"EWaste","EWaste","EWaste"]
[null,null,null,"Bio-medical waste (C)",null,null,null,null,null,null,null,null,null,null,null,null,null,null,null,null,null,null,null,null,null,null,"Bio-medicalwaste(C)","Bio-medical waste (C)",null,null,"This is a mandatory field",null,"BioMedicalWaste","BioMedicalWaste","BioMedicalWaste"]
[null,null,null,"Construction and demolition waste (D)",null,null,null,null,null,null,null,null,null,null,null,null,null,null,null,null,null,null,null,null,null,null,"Constructionanddemolition\r\nwaste(D)","Construction and demolition\nwaste (D)",null,null,"This is a mandatory field",null,"ConstructionAndDemolitionWaste","ConstructionAndDemolitionWaste","ConstructionAndDemolitionWaste"]
[null,null,null,"Battery waste (E)",null,null,null,null,null,null,null,null,null,null,null,null,null,null,null,null,null,null,null,null,null,null,"Batterywaste(E)","Battery waste (E)",null,null,"This is a mandatory field",null,"BatteryWaste","BatteryWaste","BatteryWaste"]
[null,null,null,"Radioactive waste (F)",null,null,null,null,null,null,null,null,null,null,null,null,null,null,null,null,null,null,null,null,null,null,"Radioactivewaste(F)","Radioactive waste (F)",null,null,"This is a mandatory field",null,"RadioactiveWaste","RadioactiveWaste","RadioactiveWaste"]
[null,null,null,"Other Hazardous waste. Please specify, if any. (G)",null,null,null,null,null,null,null,null,null,null,null,null,null,null,null,null,null,null,null,null,null,null,"OtherHazardouswaste.Please\r\nspecify,ifany.(G)","Other Hazardous waste. Please\nspecify, if any. (G)",null,null,"This is a mandatory field",null,"OtherHazardousWaste","OtherHazardousWaste","OtherHazardousWaste"]
[null,null,null,"Other Non-hazardous waste generated (H). Please specify, if any. (Break-up by composition i.e. by materials relevant to the sector)",null,null,null,null,null,null,null,null,null,null,null,null,null,null,null,null,null,null,null,null,null,null,"OtherNon-hazardouswastegenerated(H).Pleasespecify,ifany.\r\n(Break-upbycompositioni.e.by\r\nmaterialsrelevanttothesector)","Other Non-hazardous waste generated (H). Please specify, if any.\n(Break-up by composition i.e. by\nmaterials relevant to the sector)",null,null,"This is a mandatory field",null,"OtherNonHazardousWasteGenerated","OtherNonHazardousWasteGenerated","OtherNonHazardousWasteGenerated"]
[null,null,null,"Total (A+B + C + D + E + F + G + H)",{"$f":"IF(COUNT(E99:E106)>0,SUM(E99:E106),\"\")","v":""},{"$f":"IF(COUNT(F99:F106)>0,SUM(F99:F106),\"\")","v":""},null,null,null,null,null,null,null,null,null,null,null,null,null,null,null,null,null,null,null,null,null,null,null,null,null,null,"TotalWasteGenerated","TotalWasteGenerated","TotalWasteGenerated"]
[null,null,null,"Waste intensity per rupee of turnover\n(Total waste generated / Revenue from operations)",{"$f":"IF(E107=\"\",\"\",IFERROR(ROUND(E107/F11,10),\"\"))","v":""},{"$f":"IF(F107=\"\",\"\",IFERROR(ROUND(F107/G11,10),\"\"))","v":""},null,null,null,null,null,null,null,null,null,null,null,null,null,null,null,null,null,null,null,null,null,null,null,null,null,null,"WasteIntensityPerRupeeOfTurnover","WasteIntensityPerRupeeOfTurnover","WasteIntensityPerRupeeOfTurnover"]
[null,null,null,"Waste intensity per rupee of turnover adjusted for Purchasing Power Parity (PPP)\n(Total waste generated / Revenue from operations adjusted for PPP)",null,null,null,null,null,null,null,null,null,null,null,null,null,null,null,null,null,null,null,null,null,null,null,null,null,null,null,null,"WasteIntensityPerRupeeOfTurnoverAdjustingForPurchasingPowerParity","WasteIntensityPerRupeeOfTurnoverAdjustingForPurchasingPowerParity","WasteIntensityPerRupeeOfTurnoverAdjustingForPurchasingPowerParity"]
[null,null,null,"Waste intensity in terms of physical output",null,null,null,null,null,null,null,null,null,null,null,null,null,null,null,null,null,null,null,null,null,null,null,null,null,null,null,null,"WasteIntensityInTermOfPhysicalOutput","WasteIntensityInTermOfPhysicalOutput","WasteIntensityInTermOfPhysicalOutput"]
[null,null,null,"Waste intensity (optional) – the relevant metric may be selected by the entity",null,null,null,null,null,null,null,null,null,null,null,null,null,null,null,null,null,null,null,null,null,null,null,null,null,null,null,null,"WasteIntensityTheRelevantMetricMayBeSelectedByTheEntity","WasteIntensityTheRelevantMetricMayBeSelectedByTheEntity","WasteIntensityTheRelevantMetricMayBeSelectedByTheEntity"]
[null,null,null,"For each category of waste generated, total waste recovered through recycling, re-using or other recovery operations (in metric tonnes)"]
[null,null,null,"Category of waste"]
[null,null,null,"(i) Recycled",null,null,null,null,null,null,null,null,null,null,null,null,null,null,null,null,null,null,null,null,null,null,"(i)Recycled","(i) Recycled",null,null,"This is a mandatory field",null,"WasteRecoveredThroughRecycled","WasteRecoveredThroughRecycled","WasteRecoveredThroughRecycled"]
[null,null,null,"(ii) Re-used",null,null,null,null,null,null,null,null,null,null,null,null,null,null,null,null,null,null,null,null,null,null,"(ii)Re-used","(ii) Re-used",null,null,"This is a mandatory field",null,"WasteRecoveredThroughReUsed","WasteRecoveredThroughReUsed","WasteRecoveredThroughReUsed"]
[null,null,null,"(iii) Other recovery operations",null,null,null,null,null,null,null,null,null,null,null,null,null,null,null,null,null,null,null,null,null,null,"(iii)Otherrecoveryoperations","(iii) Other recovery operations",null,null,"This is a mandatory field",null,"WasteRecoveredThroughOtherRecoveryOperations","WasteRecoveredThroughOtherRecoveryOperations","WasteRecoveredThroughOtherRecoveryOperations"]
[null,null,null,"Total",{"$f":"IF(COUNT(E114:E116)>0,SUM(E114:E116),\"\")","v":""},{"$f":"IF(COUNT(F114:F116)>0,SUM(F114:F116),\"\")","v":""},null,null,null,null,null,null,null,null,null,null,null,null,null,null,null,null,null,null,null,null,null,null,null,null,null,null,"TotalWasteRecovered","TotalWasteRecovered","TotalWasteRecovered"]
[null,null,null,"For each category of waste generated, total waste disposed by nature of disposal method (in metric tonnes)"]
[null,null,null,"Category of waste"]
[null,null,null,"(i) Incineration",null,null,null,null,null,null,null,null,null,null,null,null,null,null,null,null,null,null,null,null,null,null,"(i)Incineration","(i) Incineration",null,null,"This is a mandatory field",null,"WasteDisposedByIncineration","WasteDisposedByIncineration","WasteDisposedByIncineration"]
[null,null,null,"(ii) Landfilling",null,null,null,null,null,null,null,null,null,null,null,null,null,null,null,null,null,null,null,null,null,null,"(ii)Landfilling","(ii) Landfilling",null,null,"This is a mandatory field",null,"WasteDisposedByLandfilling","WasteDisposedByLandfilling","WasteDisposedByLandfilling"]
[null,null,null,"(iii) Other disposal operations",null,null,null,null,null,null,null,null,null,null,null,null,null,null,null,null,null,null,null,null,null,null,"(iii)Otherdisposaloperations","(iii) Other disposal operations",null,null,"This is a mandatory field",null,"WasteDisposedByOtherDisposalOperations","WasteDisposedByOtherDisposalOperations","WasteDisposedByOtherDisposalOperations"]
[null,null,null,"Total",{"$f":"IF(COUNT(E120:E122)>0,SUM(E120:E122),\"\")","v":""},{"$f":"IF(COUNT(F120:F122)>0,SUM(F120:F122),\"\")","v":""},null,null,null,null,null,null,null,null,null,null,null,null,null,null,null,null,null,null,null,null,null,null,null,null,null,null,"TotalWasteDisposed","TotalWasteDisposed","TotalWasteDisposed"]
[null,null,null,"Note: Indicate if any independent assessment/ evaluation/assurance has been carried out by an external agency? (Y/N)",null,null,null,null,null,null,null,null,null,null,null,null,null,null,null,null,null,null,null,null,null,null,"Note:Indicateifanyindependentassessment/evaluation/assurancehasbeencarriedoutbyanexternal\r\nagency?(Y/N)","Note: Indicate if any independent assessment/ evaluation/assurance has been carried out by an external\nagency? (Y/N)",null,null,"This is a mandatory field",null,"WhetherAnyIndependentAssessmentOrEvaluationOrAssuranceHasBeenCarriedOutByAnExternalAgencyForWasteManagement","WhetherAnyIndependentAssessmentOrEvaluationOrAssuranceHasBeenCarriedOutByAnExternalAgencyForWasteManagement","WhetherAnyIndependentAssessmentOrEvaluationOrAssuranceHasBeenCarriedOutByAnExternalAgencyForWasteManagement"]
[null,null,null,"If yes, name of the external agency.",null,null,null,null,null,null,null,null,null,null,null,null,null,null,null,null,null,null,null,null,null,null,null,null,null,null,null,null,"NameOfTheExternalAgencyThatUndertookIndependentAssessmentOrEvaluationOrAssuranceRelatedToWasteManagementExplanatoryTextBlock","NameOfTheExternalAgencyThatUndertookIndependentAssessmentOrEvaluationOrAssuranceRelatedToWasteManagementExplanatoryTextBlock","NameOfTheExternalAgencyThatUndertookIndependentAssessmentOrEvaluationOrAssuranceRelatedToWasteManagementExplanatoryTextBlock"]
[null,null,null,"10. Briefly describe the waste management practices adopted in your establishments. Describe the strategy adopted by your company to reduce usage of hazardous and toxic chemicals in your products and processes and the practices adopted to manage such wastes.",null,null,null,null,null,null,null,null,null,null,null,null,null,null,null,null,null,null,null,null,null,null,null,null,null,null,null,null,"DetailsOfWasteManagementPracticesAdoptedInYourEstablishmentsAndTheStrategyAdoptedByCompanyToReduceUsageOfHazardousAndToxicChemicalsExplanatoryTextBlock","DetailsOfWasteManagementPracticesAdoptedInYourEstablishmentsAndTheStrategyAdoptedByCompanyToReduceUsageOfHazardousAndToxicChemicalsExplanatoryTextBlock","DetailsOfWasteManagementPracticesAdoptedInYourEstablishmentsAndTheStrategyAdoptedByCompanyToReduceUsageOfHazardousAndToxicChemicalsExplanatoryTextBlock"]
[null,null,null,"11. If the entity has operations/offices in/around ecologically sensitive areas (such as national parks, wildlife sanctuaries, biosphere reserves, wetlands, biodiversity hotspots, forests, coastal regulation zones etc.) where environmental approvals / clearances are required, please specify details in the following format:",null,null,"Add Details"]
[null,null,null,"12. Details of environmental impact assessments of projects undertaken by the entity based on applicable laws, in the current financial year:",null,null,"Add Details"]
[null,null,null,"13. Is the entity compliant with the applicable environmental law/ regulations/ guidelines in India; such as the Water (Prevention and Control of Pollution) Act, Air (Prevention and Control of Pollution) Act, Environment protection act and rules thereunder (Y/N/NA).",null,null,null,null,null,null,null,null,null,null,null,null,null,null,null,null,null,null,null,null,null,null,"12.Istheentitycompliantwiththeapplicableenvironmentallaw/regulations/guidelinesinIndia;suchastheWater(PreventionandControlofPollution)Act,Air(PreventionandControlofPollution)Act,Environmentprotectionactandrulesthereunder(Y/N).","TheEntityHasNotApplicableEnvironmentalLawExplanatoryTextBlock",null,null,"This is a mandatory field",null,"IsTheEntityCompliantWithTheApplicableEnvironmentalLaw","IsTheEntityCompliantWithTheApplicableEnvironmentalLaw","IsTheEntityCompliantWithTheApplicableEnvironmentalLaw"]
[null,null,null,"If not, provide details of all such non-compliances, in the following format:",null,null,null,null,null,null,null,null,null,null,null,null,null,null,null,null,null,null,null,null,null,null,null,"TheEntityHasNotApplicableEnvironmentalLawExplanatoryTextBlockAddByHiren",null,null,null,null,"TheEntityHasNotApplicableEnvironmentalLawExplanatoryTextBlockAddByHiren","TheEntityHasNotApplicableEnvironmentalLawExplanatoryTextBlockAddByHiren","TheEntityHasNotApplicableEnvironmentalLawExplanatoryTextBlockAddByHiren"]
[null,null,null,"Leadership Indicators\n"]
[null,null,null,"1. Water withdrawal, consumption and discharge in areas of water stress (in kilolitres):"]
[null,null,null,"For each facility / plant located in areas of water stress, provide the following information:",null,null,"Add Details"]
[null,null,null,"Note: Indicate if any independent assessment/ evaluation/assurance has been carried out by an external agency? (Y/N)",null,null,null,null,null,null,null,null,null,null,null,null,null,null,null,null,null,null,null,null,null,null,"Note:Indicateifanyindependentassessment/evaluation/assurancehasbeencarriedoutbyanexternalagency?(Y/N)","Note: Indicate if any independent assessment/ evaluation/assurance has been carried out by an external agency? (Y/N)",null,null,"This is a mandatory field",null,"IndicateIfAnyIndependentAssessmentOrEvaluationOrAssuranceHasBeenCarriedOutByAnExternalAgencyForAreasOfWaterStress","IndicateIfAnyIndependentAssessmentOrEvaluationOrAssuranceHasBeenCarriedOutByAnExternalAgencyForAreasOfWaterStress","IndicateIfAnyIndependentAssessmentOrEvaluationOrAssuranceHasBeenCarriedOutByAnExternalAgencyForAreasOfWaterStress"]
[null,null,null,"If yes, name of the external agency.",null,null,null,null,null,null,null,null,null,null,null,null,null,null,null,null,null,null,null,null,null,null,null,null,null,null,null,null,"NameOfTheExternalAgencyIfAnyIndependentAssessmentOrEvaluationOrAssuranceHasBeenCarriedOutByAnExternalAgencyForAreasOfWaterStressExplanatoryTextBlock","NameOfTheExternalAgencyIfAnyIndependentAssessmentOrEvaluationOrAssuranceHasBeenCarriedOutByAnExternalAgencyForAreasOfWaterStressExplanatoryTextBlock","NameOfTheExternalAgencyIfAnyIndependentAssessmentOrEvaluationOrAssuranceHasBeenCarriedOutByAnExternalAgencyForAreasOfWaterStressExplanatoryTextBlock"]
[null,null,null,"2. Please provide details of total Scope 3 emissions & its intensity, in the following format:"]
[null,null,null,"Whether total Scope 3 emissions & its intensity is applicable to the company?",null,null,null,null,null,null,null,null,null,null,null,null,null,null,null,null,null,null,null,null,null,null,null,null,null,null,null,null,"WhetherTotalScope3EmissionsAndItsIntensityIsApplicableToTheCompany","WhetherTotalScope3EmissionsAndItsIntensityIsApplicableToTheCompany","WhetherTotalScope3EmissionsAndItsIntensityIsApplicableToTheCompany"]
[null,null,null,"Parameter","Unit",{"$f":"\"FY (\"&RIGHT('General Disclosures'!F19,4)&\"-\"&RIGHT('General Disclosures'!H19,2)&\")\"","v":"FY (-)"},{"$f":"\"PY (\"&RIGHT('General Disclosures'!F20,4)&\"-\"&RIGHT('General Disclosures'!H20,2)&\")\"","v":"PY (-)"}]
[null,null,null,"Total Scope 3 emissions (Break-up of the GHG into CO2, CH4, N2O, HFCs, PFCs, SF6, NF3, if available)",null,null,null,null,null,null,null,null,null,null,null,null,null,null,null,null,null,null,null,null,null,null,"TotalScope3emissions(Break-upoftheGHGintoCO2,CH4,N2O,HFCs,PFCs,\r\nSF6,NF3,ifavailable)","Total Scope 3 emissions (Break-up of the GHG into CO2, CH4, N2O, HFCs, PFCs,\nSF6, NF3, if available)",null,null,"This is a mandatory field",null,"TotalScope3Emissions","TotalScope3Emissions","TotalScope3Emissions"]
[null,null,null,"Total Scope 3 emissions per rupee of turnover",{"$f":"IF(E139=\"\",\"\",E139&\" / Rs.\")","v":""},null,null,null,null,null,null,null,null,null,null,null,null,null,null,null,null,null,null,null,null,null,"TotalScope3emissions\r\nperrupeeofturnover","Total Scope 3 emissions\nper rupee of turnover",null,null,"This is a mandatory field",null,"TotalScope3EmissionsPerRupeeOfTurnover","TotalScope3EmissionsPerRupeeOfTurnover","TotalScope3EmissionsPerRupeeOfTurnover"]
[null,null,null,"Total Scope 3 emission intensity (optional) – the relevant metric may be selected by the entity",null,null,null,null,null,null,null,null,null,null,null,null,null,null,null,null,null,null,null,null,null,null,"TotalScope3emissionintensity(optional)–therelevantmetricmaybeselectedbytheentity","Total Scope 3 emission intensity (optional) – the relevant metric may be selected by the entity",null,null,"This is a mandatory field",null,"TotalScope3EmissionIntensityTheRelevantMetricMayBeSelectedByTheEntity","TotalScope3EmissionIntensityTheRelevantMetricMayBeSelectedByTheEntity","TotalScope3EmissionIntensityTheRelevantMetricMayBeSelectedByTheEntity"]
[null,null,null,"Note: Indicate if any independent assessment/ evaluation/assurance has been carried out by an external agency? (Y/N)",null,null,null,null,null,null,null,null,null,null,null,null,null,null,null,null,null,null,null,null,null,null,"Note:Indicateifanyindependentassessment/evaluation/assurancehasbeencarriedoutbyan\r\nexternalagency?(Y/N)","Note: Indicate if any independent assessment/ evaluation/assurance has been carried out by an\nexternal agency? (Y/N)",null,null,"This is a mandatory field",null,"WhetherAnyIndependentAssessmentOrEvaluationOrAssuranceHasBeenCarriedOutByAnExternalAgencyForTotalScope3Emissions","WhetherAnyIndependentAssessmentOrEvaluationOrAssuranceHasBeenCarriedOutByAnExternalAgencyForTotalScope3Emissions","WhetherAnyIndependentAssessmentOrEvaluationOrAssuranceHasBeenCarriedOutByAnExternalAgencyForTotalScope3Emissions"]
[null,null,null,"If yes, name of the external agency.",null,null,null,null,null,null,null,null,null,null,null,null,null,null,null,null,null,null,null,null,null,null,null,null,null,null,null,null,"NameOfTheExternalAgencyThatUndertookIndependentAssessmentOrEvaluationOrAssuranceForTotalScope3EmissionsExplanatoryTextBlock","NameOfTheExternalAgencyThatUndertookIndependentAssessmentOrEvaluationOrAssuranceForTotalScope3EmissionsExplanatoryTextBlock","NameOfTheExternalAgencyThatUndertookIndependentAssessmentOrEvaluationOrAssuranceForTotalScope3EmissionsExplanatoryTextBlock"]
[null,null,null,"3. With respect to the ecologically sensitive areas reported at Question 10 of Essential Indicators above, provide details of significant direct & indirect impact of the entity on biodiversity in such areas along-with prevention and remediation activities.",null,null,null,null,null,null,null,null,null,null,null,null,null,null,null,null,null,null,null,null,null,null,null,null,null,null,null,null,"DetailsOfSignificantDirectAndIndirectImpactOfTheEntityOnBiodiversityInSuchAreasAlongWithPreventionAndRemediationActivitiesExplanatoryTextBlock","DetailsOfSignificantDirectAndIndirectImpactOfTheEntityOnBiodiversityInSuchAreasAlongWithPreventionAndRemediationActivitiesExplanatoryTextBlock","DetailsOfSignificantDirectAndIndirectImpactOfTheEntityOnBiodiversityInSuchAreasAlongWithPreventionAndRemediationActivitiesExplanatoryTextBlock"]
[null,null,null,"4. If the entity has undertaken any specific initiatives or used innovative technology or solutions to improve resource efficiency, or reduce impact due to emissions / effluent discharge / waste generated, please provide details of the same as well as outcome of such initiatives, as per the following format:",null,null,"Add Details"]
[null,null,null,"5. Does the entity have a business continuity and disaster management plan?",null,null,null,null,null,null,null,null,null,null,null,null,null,null,null,null,null,null,null,null,null,null,null,"TheEntityHasNotApplicableABusinessContinuityAndDisasterManagementPlanExplanatoryTextBlock",null,null,null,null,"DoesTheEntityHaveABusinessContinuityAndDisasterManagementPlan","DoesTheEntityHaveABusinessContinuityAndDisasterManagementPlan","DoesTheEntityHaveABusinessContinuityAndDisasterManagementPlan"]
[null,null,null,"Details of entity at which business continuity and disaster management plan is placed or weblink.",null,null,null,null,null,null,null,null,null,null,null,null,null,null,null,null,null,null,null,null,null,null,null,null,null,null,null,null,"DisclosureWebLinkOfEntityAtWhichBusinessContinuityAndDisasterManagementPlanIsPlaced","DisclosureWebLinkOfEntityAtWhichBusinessContinuityAndDisasterManagementPlanIsPlaced","DisclosureWebLinkOfEntityAtWhichBusinessContinuityAndDisasterManagementPlanIsPlaced"]
[null,null,null,"6. Disclose any significant adverse impact to the environment, arising from the value chain of\nthe entity. What mitigation or adaptation measures have been taken by the entity in this regard.",null,null,null,null,null,null,null,null,null,null,null,null,null,null,null,null,null,null,null,null,null,null,"9.Percentageofvaluechainpartners(byvalueofbusinessdonewithsuchpartners)thatwereassessedforenvironmentalimpacts.","9. Percentage of value chain partners (by value of business done with such partners) that were assessed for environmental impacts.",null,null,"This is a mandatory field",null,"DiscloseAnySignificantAdverseImpactToTheEnvironmentArisingFromTheValueChainOfTheEntityWhatMitigationOrAdaptationMeasuresHaveBeenTakenByTheEntityInThisRegardExplanatoryTextBlock","DiscloseAnySignificantAdverseImpactToTheEnvironmentArisingFromTheValueChainOfTheEntityWhatMitigationOrAdaptationMeasuresHaveBeenTakenByTheEntityInThisRegardExplanatoryTextBlock","DiscloseAnySignificantAdverseImpactToTheEnvironmentArisingFromTheValueChainOfTheEntityWhatMitigationOrAdaptationMeasuresHaveBeenTakenByTheEntityInThisRegardExplanatoryTextBlock"]
[null,null,null,"7. Percentage of value chain partners (by value of business done with such partners) that were assessed for environmental impacts.",null,null,null,null,null,null,null,null,null,null,null,null,null,null,null,null,null,null,null,null,null,null,"9.Percentageofvaluechainpartners(byvalueofbusinessdonewithsuchpartners)thatwereassessedforenvironmentalimpacts.","9. Percentage of value chain partners (by value of business done with such partners) that were assessed for environmental impacts.",null,null,"This is a mandatory field",null,"PercentageOfValueChainPartnersByValueOfBusinessDoneWithSuchPartnersThatWereAssessedForEnvironmentalImpacts","PercentageOfValueChainPartnersByValueOfBusinessDoneWithSuchPartnersThatWereAssessedForEnvironmentalImpacts","PercentageOfValueChainPartnersByValueOfBusinessDoneWithSuchPartnersThatWereAssessedForEnvironmentalImpacts"]
[null,null,null,"8. How many Green Credits have been generated or procured:",null,null,null," "]
[null,null,null,"a. By the listed entity",null,null,null,null,null,null,null,null,null,null,null,null,null,null,null,null,null,null,null,null,null,null,"NumberOfGreenCreditsHaveBeenGeneratedOrProcuredByTheListedEntity","a. By the listed entity",null,null,null,null,"NumberOfGreenCreditsHaveBeenGeneratedOrProcuredByTheListedEntity"]
[null,null,null,"b. By the top ten (in terms of value of purchases and sales, respectively) value chain partners",null,null,null,null,null,null,null,null,null,null,null,null,null,null,null,null,null,null,null,null,null,null,"NumberOfGreenCreditsHaveBeenGeneratedOrProcuredByTheTopTenValueChainPartners","b. By the top ten (in terms of value of purchases and sales, respectively) value chain partners",null,null,null,null,"NumberOfGreenCreditsHaveBeenGeneratedOrProcuredByTheTopTenValueChainPartners"]
[null,null,null,"Notes",null,null,null,null,null,null,null,null,null,null,null,null,null,null,null,null,null,null,null,null,null,null,"NotesPrinciple6ExplanatoryTextBlock",null,null,null,null,null,"NotesPrinciple6ExplanatoryTextBlock","NotesPrinciple6ExplanatoryTextBlock","NotesPrinciple6ExplanatoryTextBlock"]

{"sheet":"Energy consumed from renewable","index":34,"n_rows":11,"n_cols":32,"rows_kept":11,"cut":false,"hidden":true,"merged":[[7,3,7,7],[10,3,10,7],[5,27,5,31]]}
[null,null,null,null,null,null,null,null,0,2,null,null,"Yes"]
[null,null,null,null,"NameOfOtherParameterOfEnergyConsumptionThroughOtherSourceFromRenewableSources",null,"EnergyConsumptionThroughOtherSourcesFromRenewableSources","EnergyConsumptionThroughOtherSourcesFromRenewableSources",null,null,null,null,"No"]
[]
[]
[]
[null,null,null,null,null,null,null,null,null,null,null,null,null,null,null,null,null,null,null,null,null,null,null,null,null,null,null,"Taxonomy"]
[null,null,null,null,null,null,null,"Back"]
[null,null,null,"Details of Energy consumed from renewable",null,null,null,null,null,null,null,null,null,null,null,null,null,null,null,null,null,null,null,null,null,null,null,"Element Name","Lable Name","Type","I/D","Validation"]
[null,null,null,"Sr. No.","Name of other parameter","Unit",{"$f":"\"FY (\"&RIGHT('General Disclosures'!F19,4)&\"-\"&RIGHT('General Disclosures'!H19,2)&\")\"","v":"FY (-)"},{"$f":"\"PY (\"&RIGHT('General Disclosures'!F20,4)&\"-\"&RIGHT('General Disclosures'!H20,2)&\")\"","v":"PY (-)"},null,null,null,null,null,null,null,null,null,null,null,null,null,null,null,null,null,null,null,"Nameofotherparameter","Name of other parameter",null,null,"This is a mandatory field"]
[null,null,null,null,null,{"$f":"IF('PRINCIPLE 6'!$E$14=\"\",\"\",'PRINCIPLE 6'!$E$14)","v":""},null,null,null,null,null,null,null,null,null,null,null,null,null,null,null,null,null,null,null,null,null,"FY(2020-21)","FY (2020-21)",null,null,"This is a mandatory field"]
[null,null,null,null,null,null,null,null,null,null,null,null,null,null,null,null,null,null,null,null,null,null,null,null,null,null,null,"PY(2019-20)","PY (2019-20)",null,null,"This is a mandatory field"]

{"sheet":"EnergyConsumed from NR","index":35,"n_rows":11,"n_cols":32,"rows_kept":11,"cut":false,"hidden":true,"merged":[[7,3,7,7],[10,3,10,7],[5,27,5,31]]}
[null,null,null,null,null,null,null,null,0,2,null,null,"Yes"]
[null,null,null,null,"NameOfOtherParameterOfEnergyConsumptionThroughOtherSourceFromNonRenewableSources",null,"EnergyConsumptionThroughOtherSourcesFromNonRenewableSources","EnergyConsumptionThroughOtherSourcesFromNonRenewableSources",null,null,null,null,"No"]
[]
[]
[]
[null,null,null,null,null,null,null,null,null,null,null,null,null,null,null,null,null,null,null,null,null,null,null,null,null,null,null,"Taxonomy"]
[null,null,null,null,null,null,null,"Back"]
[null,null,null,"Details of Energy consumed from non renewable",null,null,null,null,null," ",null,null,null,null,null,null,null,null,null,null,null,null,null,null,null,null,null,"Element Name","Lable Name","Type","I/D","Validation"]
[null,null,null,"Sr. No.","Name of other parameter","Unit",{"$f":"\"FY (\"&RIGHT('General Disclosures'!F19,4)&\"-\"&RIGHT('General Disclosures'!H19,2)&\")\"","v":"FY (-)"},{"$f":"\"PY (\"&RIGHT('General Disclosures'!F20,4)&\"-\"&RIGHT('General Disclosures'!H20,2)&\")\"","v":"PY (-)"},null,null,null,null,null,null,null,null,null,null,null,null,null,null,null,null,null,null,null,"Nameofotherparameter","Name of other parameter",null,null,"This is a mandatory field"]
[null,null,null,null,null,{"$f":"IF('PRINCIPLE 6'!$E$14=\"\",\"\",'PRINCIPLE 6'!$E$14)","v":""},null,null,null,null,null,null,null,null,null,null,null,null,null,null,null,null,null,null,null,null,null,"FY(2020-21)","FY (2020-21)",null,null,"This is a mandatory field"]
[null,null,null,null,null,null,null,null,null,null,null,null,null,null,null,null,null,null,null,null,null,null,null,null,null,null,null,"PY(2019-20)","PY (2019-20)",null,null,"This is a mandatory field"]

{"sheet":"Details of other air emissions","index":36,"n_rows":11,"n_cols":31,"rows_kept":11,"cut":false,"hidden":true,"merged":[[5,26,5,30],[7,3,7,7],[10,3,10,7]]}
[null,null,null,null,null,null,null,null,0,null,null,"Yes",null,"Tonne","Kilotonne","mg/m3","ug/m3","Kg/Day","Kg","mg/Nm3","kgSOxe","kgNOxe","Tonnes/Year","Parts Per Million (PPM)","tCO2e","Kg/Year"]
[null,null,null,null,"NameOfOtherEmissions","UnitOfOtherEmissions","OtherEmissions","OtherEmissions",null,null,null,"No"]
[]
[]
[]
[null,null,null,null,null,null,null,null,null,null,null,null,null,null,null,null,null,null,null,null,null,null,null,null,null,null,"Taxonomy"]
[null,null,null,null,null,null,null,"Back"]
[null,null,null,"Details of other air emissions",null,null,null,null,null,null,null,null,null,null,null,null,null,null,null,null,null,null,null,null,null,null,"Element Name","Lable Name","Type","I/D","Validation"]
[null,null,null,"Sr. No.","Name of other air emission","Please specify unit",{"$f":"\"FY (\"&RIGHT('General Disclosures'!F19,4)&\"-\"&RIGHT('General Disclosures'!H19,2)&\")\"","v":"FY (-)"},{"$f":"\"PY (\"&RIGHT('General Disclosures'!F20,4)&\"-\"&RIGHT('General Disclosures'!H20,2)&\")\"","v":"PY (-)"},null,null,null,null,null,null,null,null,null,null,null,null,null,null,null,null,null,null,"Pleasespecifyunit","Please specify unit",null,null,"This is a mandatory field"]
[null,null,null,null,null,null,null,null,null,null,null,null,null,null,null,null,null,null,null,null,null,null,null,null,null,null,"FY(2020-21)","FY (2020-21)",null,null,"This is a mandatory field"]
[null,null,null,null,null,null,null,null,null,null,null,null,null,null,null,null,null,null,null,null,null,null,null,null,null,null,"PY(2019-20)","PY (2019-20)",null,null,"This is a mandatory field"]

{"sheet":"Environment approval(clearance)","index":37,"n_rows":12,"n_cols":31,"rows_kept":12,"cut":false,"hidden":false,"merged":[[7,3,7,7],[10,3,10,7],[5,26,5,30]]}
[null,null,null,null,null,null,null,null,0,null,null,null,null,null,null,null,"Yes"]
[null,null,null,null,"LocationOfOperationsOrOffices","TypeOfOperations","WhetherTheConditionsOfEnvironmentalApprovalOrClearanceAreBeingCompliedWith","ReasonsAndCorrectiveActionTakenIfTheConditionsOfEnvironmentalApprovalOrClearanceAreNotBeingCompliedWith",null,null,null,null,null,null,null,null,"No"]
[]
[]
[]
[null,null,null,null,null,null,null,null,null,null,null,null,null,null,null,null,null,null,null,null,null,null,null,null,null,null,"Taxonomy"]
[null,null,null,null,null,null,null,"Back"]
[null,null,null,"If the entity has operations/offices in/around ecologically sensitive areas (such as national parks, wildlife sanctuaries, biosphere reserves, wetlands, biodiversity hotspots, forests, coastal regulation zones etc.) where environmental approvals / clearances are required, please specify details in the following format:",null,null,null,null,null,null,null,null,null,null,null,null,null,null,null,null,null,null,null,null,null,null,"Element Name","Lable Name","Type","I/D","Validation"]
[null,null,null,"Sr. No.","Location of operations/offices","Type of operations","Whether the conditions of environmental approval / clearance are being complied with?","If no, the reasons thereof and corrective action taken, if any.",null,null,null,null,null,null,null,null,null,null,null,null,null,null,null,null,null,null,"Locationofoperations/offices","Location of operations/offices",null,null,"This is a mandatory field"]
[null,null,null,null,null,null,null,null,null,null,null,null,null,null,null,null,null,null,null,null,null,null,null,null,null,null,"Typeofoperations","Type of operations",null,null,"This is a mandatory field"]
[null,null,null,null,null,null,null,null,null,null,null,null,null,null,null,null,null,null,null,null,null,null,null,null,null,null,"Whethertheconditionsofenvironmentalapproval/clearancearebeingcompliedwith?","Whether the conditions of environmental approval / clearance are being complied with?",null,null,"This is a mandatory field"]
[null,null,null,null,null,null,null,null,null,null,null,null,null,null,null,null,null,null,null,null,null,null,null,null,null,null,"Ifno,thereasonsthereofandcorrectiveactiontaken,ifany.","If no, the reasons thereof and corrective action taken, if any.",null,null,"This is a mandatory field"]

{"sheet":"Environmental impact","index":38,"n_rows":14,"n_cols":31,"rows_kept":14,"cut":false,"hidden":false,"merged":[[7,3,7,9],[10,3,10,9],[5,26,5,30]]}
[null,null,null,null,null,null,null,null,0,null,null,null,null,null,null,null,null,null,"Yes"]
[null,null,null,null,"NameAndBriefDetailsOfProject","EIANotificationNumber","DateOfEnvironmentalImpactAssessments","WhetherConductedByIndependentExternalAgencyP6","ResultsCommunicatedInPublicDomainP6","WebLinkOfResultsOfLifeCycleAssessmentsP6",null,null,null,null,null,null,null,null,"No"]
[]
[]
[]
[null,null,null,null,null,null,null,null,null,null,null,null,null,null,null,null,null,null,null,null,null,null,null,null,null,null,"Taxonomy"]
[null,null,null,null,null,null,null,null,null,"Back"]
[null,null,null,"Details of environmental impact assessments of projects undertaken by the entity based on applicable laws, in the current financial year:",null,null,null,null,null,null,null,null,null,null,null,null,null,null,null,null,null,null,null,null,null,null,"Element Name","Lable Name","Type","I/D","Validation"]
[null,null,null,"Sr. No.","Name and brief details of project","EIA Notification No.","Date","Whether conducted by independent external agency (Yes / No)","Results communicated in public domain (Yes / No)","Relevant Web link",null,null,null,null,null,null,null,null,null,null,null,null,null,null,null,null,"Nameandbriefdetailsofproject","Name and brief details of project",null,null,"This is a mandatory field"]
[null,null,null,null,null,null,null,null,null,null,null,null,null,null,null,null,null,null,null,null,null,null,null,null,null,null,"EIANotificationNo.","EIA Notification No.",null,null,"This is a mandatory field"]
[null,null,null,null,null,null,null,null,null,null,null,null,null,null,null,null,null,null,null,null,null,null,null,null,null,null,"Date","Date",null,null,"This is a mandatory field"]
[null,null,null,null,null,null,null,null,null,null,null,null,null,null,null,null,null,null,null,null,null,null,null,null,null,null,"Whetherconductedbyindependentexternalagency(Yes/No)","Whether conducted by independent external agency (Yes / No)",null,null,"This is a mandatory field"]
[null,null,null,null,null,null,null,null,null,null,null,null,null,null,null,null,null,null,null,null,null,null,null,null,null,null,"Resultscommunicatedinpublicdomain(Yes/No)","Results communicated in public domain (Yes / No)",null,null,"This is a mandatory field"]
[null,null,null,null,null,null,null,null,null,null,null,null,null,null,null,null,null,null,null,null,null,null,null,null,null,null,"RelevantWeblink","Relevant Web link",null,null,"This is a mandatory field"]

{"sheet":"Details of non compliance","index":39,"n_rows":12,"n_cols":31,"rows_kept":12,"cut":false,"hidden":true,"merged":[[7,3,7,7],[10,3,10,7],[5,26,5,30]]}
[null,null,null,null,null,null,null,null,0]
[null,null,null,null,"NameOrDetailsOfTheLawOrRegulationOrGuidelinesWhichWasNotCompliedWith",null,"AnyFinesOrPenaltiesOrActionTakenByRegulatoryAgenciesSuchAsPollutionControlBoardsOrByCourts","CorrectiveActionTakenForNonCompliance"]
[null,null,null,null,"NameOrDetailsOfTheLawOrRegulationOrGuidelinesWhichWasNotCompliedWith","ProvideDetailsOfTheNonCompliance","AnyFinesOrPenaltiesOrActionTakenByRegulatoryAgenciesSuchAsPollutionControlBoardsOrByCourts","CorrectiveActionTakenForNonCompliance"]
[]
[]
[null,null,null,null,null,null,null,null,null,null,null,null,null,null,null,null,null,null,null,null,null,null,null,null,null,null,"Taxonomy"]
[null,null,null,null,null,null,null,"Back"]
[null,null,null,"Provide details of all such non-compliances, in the following format",null,null,null,null,null,null,null,null,null,null,null,null,null,null,null,null,null,null,null,null,null,null,"Element Name","Lable Name","Type","I/D","Validation"]
[null,null,null,"Sr. No.","Specify the law/regulation/ guidelines which was not complied with","Provide details of the non- compliance","Any fines / penalties / action taken by regulatory agencies such as pollution control boards or by courts","Corrective action taken, if any",null,null,null,null,null,null,null,null,null,null,null,null,null,null,null,null,null,null,"Specifythelaw/regulation/guidelineswhichwasnotcompliedwith","Specify the law/regulation/ guidelines which was not complied with",null,null,"This is a mandatory field"]
[null,null,null,null,null,null,null,null,null,null,null,null,null,null,null,null,null,null,null,null,null,null,null,null,null,null,"Providedetailsofthenon-compliance","Provide details of the non- compliance",null,null,"This is a mandatory field"]
[null,null,null,null,null,null,null,null,null,null,null,null,null,null,null,null,null,null,null,null,null,null,null,null,null,null,"Anyfines/penalties/actiontakenbyregulatoryagenciessuchaspollutioncontrolboardsorbycourts","Any fines / penalties / action taken by regulatory agencies such as pollution control boards or by courts",null,null,"This is a mandatory field"]
[null,null,null,null,null,null,null,null,null,null,null,null,null,null,null,null,null,null,null,null,null,null,null,null,null,null,"Correctiveactiontaken,ifany","Corrective action taken, if any",null,null,"This is a mandatory field"]

{"sheet":"Plant in area of water stress","index":40,"n_rows":142,"n_cols":7,"rows_kept":142,"cut":false,"hidden":false,"merged":[[13,0,13,1],[15,0,15,1],[25,0,25,1],[7,3,7,6],[9,3,9,6],[10,0,10,1],[11,0,11,1],[12,0,12,1]]}
["YearCount","MultipleTotalCount","Position"]
[1,2,2]
[]
[0]
[]
[]
[null,null,null,null,null,null,"Back"]
[null,null,null,"Details For each facility / plant located in areas of water stress"]
[]
[]
["Delete",null,null,"Sr. No.","Particulars"]
[null,null,null,1,"Name of the area "]
[null,null,null,2,"Nature of operations "]
[null,null,null,3,"Water withdrawal, consumption and discharge in the following format:"]
[{"$f":"\"FY (\"&RIGHT('General Disclosures'!$F$19,4)&\"-\"&RIGHT('General Disclosures'!$H$19,2)&\")\"","v":"FY (-)"},{"$f":"\"PY (\"&RIGHT('General Disclosures'!$F$20,4)&\"-\"&RIGHT('General Disclosures'!$H$20,2)&\")\"","v":"PY (-)"},null,null,"Parameter"]
[null,null,null,null,"Water withdrawal by source (in kilolitres)"]
[null,null,null,null,"(i) Surface water"]
[null,null,null,null,"(ii) Groundwater"]
[null,null,null,null,"(iii) Third party water"]
[null,null,null,null,"(iv) Seawater / desalinated water"]
[null,null,null,null,"(v) Others"]
[{"$f":"IF(COUNT(A17:A21)>0,SUM(A17:A21),\"\")","v":""},{"$f":"IF(COUNT(B17:B21)>0,SUM(B17:B21),\"\")","v":""},null,null,"Total volume of water withdrawal\n(in kilolitres)"]
[null,null,null,null,"Total volume of water consumption (in kilolitres)"]
[null,null,null,null,"Water intensity per rupee of turnover (Water consumed / turnover)"]
[null,null,null,null,"Water intensity (optional) – the relevant metric may be selected by the entity"]
[null,null,null,null,"Water discharge by destination and level of treatment (in kilolitres)"]
[{"$f":"IF(COUNT(A28:A29)>0,SUM(A28:A29),\"\")","v":""},{"$f":"IF(COUNT(B28:B29)>0,SUM(B28:B29),\"\")","v":""},null,null,"(i) Into Surface water"]
[null,null,null,null,"No treatment"]
[null,null,null,null,"With treatment – please specify level of treatment"]
[{"$f":"IF(COUNT(A31:A32)>0,SUM(A31:A32),\"\")","v":""},{"$f":"IF(COUNT(B31:B32)>0,SUM(B31:B32),\"\")","v":""},null,null,"(ii) Into Groundwater"]
[null,null,null,null,"No treatment"]
[null,null,null,null,"With treatment – please specify level of treatment"]
[{"$f":"IF(COUNT(A34:A35)>0,SUM(A34:A35),\"\")","v":""},{"$f":"IF(COUNT(B34:B35)>0,SUM(B34:B35),\"\")","v":""},null,null,"(iii) Into Seawater"]
[null,null,null,null,"No treatment"]
[null,null,null,null,"With treatment – please specify level of treatment"]
[{"$f":"IF(COUNT(A37:A38)>0,SUM(A37:A38),\"\")","v":""},{"$f":"IF(COUNT(B37:B38)>0,SUM(B37:B38),\"\")","v":""},null,null,"(iv) Sent to third-parties"]
[null,null,null,null,"No treatment"]
[null,null,null,null,"With treatment – please specify level of treatment"]
[{"$f":"IF(COUNT(A40:A41)>0,SUM(A40:A41),\"\")","v":""},{"$f":"IF(COUNT(B40:B41)>0,SUM(B40:B41),\"\")","v":""},null,null,"(v) Others"]
[null,null,null,null,"No treatment"]
[null,null,null,null,"With treatment – please specify level of treatment"]
[{"$f":"+IF(COUNT(A27,A30,A33,A36,A39)>0,SUM(A27,A30,A33,A36,A39),\"\")","v":""},{"$f":"+IF(COUNT(B27,B30,B33,B36,B39)>0,SUM(B27,B30,B33,B36,B39),\"\")","v":""},null,null,"Total water discharged (in kilolitres)"]
[]
[]
[]
[]
[]
[]
[]
[]
[]
[]
[]
[]
[]
[]
[]
[]
[]
[]
[]
[]
[]
[]
[]
[]
[]
[]
[]
[]
[]
[]
[]
[]
[]
[]
[]
[]
[]
[]
[]
[]
[]
[]
[]
[]
[]
[]
[]
[]
[]
[]
[]
[]
[]
[]
[]
[]
[]
[]
[]
[]
[]
[]
[]
[]
[]
[]
[]
[]
[]
[null,null,null,null,"NameOfTheArea"]
[null,null,null,null,"NatureOfOperations"]
[]
[]
[]
[null,null,null,null,"WaterWithdrawalBySurfaceWaterPerArea"]
[null,null,null,null,"WaterWithdrawalByGroundwaterPerArea"]
[null,null,null,null,"WaterWithdrawalByThirdPartyWaterPerArea"]
[null,null,null,null,"WaterWithdrawalBySeawaterOrDesalinatedWaterPerArea"]
[null,null,null,null,"WaterWithdrawalByOthersPerArea"]
[null,null,null,null,"TotalVolumeOfWaterWithdrawalPerArea"]
[null,null,null,null,"TotalVolumeOfWaterConsumptionPerArea"]
[null,null,null,null,"WaterIntensityPerRupeeOfTurnoverPerArea"]
[null,null,null,null,"WasteIntensityTheRelevantMetricMayBeSelectedByTheEntityPerArea"]
[]
[null,null,null,null,"WaterDischargeToSurfaceWaterPerArea"]
[null,null,null,null,"WaterDischargeToSurfaceWaterWithOutTreatmentPerArea"]
[null,null,null,null,"WaterDischargeToSurfaceWaterWithTreatmentPerArea"]
[null,null,null,null,"WaterDischargeToGroundwaterPerArea"]
[null,null,null,null,"WaterDischargeToGroundwaterWithOutTreatmentPerArea"]
[null,null,null,null,"WaterDischargeToGroundwaterWithTreatmentPerArea"]
[null,null,null,null,"WaterDischargeToSeawaterPerArea"]
[null,null,null,null,"WaterDischargeToSeawaterWithOutTreatmentPerArea"]
[null,null,null,null,"WaterDischargeToSeawaterWithTreatmentPerArea"]
[null,null,null,null,"WaterDischargeBySentToThirdPartiesPerArea"]
[null,null,null,null,"WaterDischargeBySentToThirdPartiesWithoutTreatmentPerArea"]
[null,null,null,null,"WaterDischargeBySentToThirdPartiesWithTreatmentPerArea"]
[null,null,null,null,"WaterDischargeToOthersPerArea"]
[null,null,null,null,"WaterDischargeToOthersWithoutTreatmentPerArea"]
[null,null,null,null,"WaterDischargeToOthersWithTreatmentPerArea"]
[null,null,null,null,"TotalWaterDischargedInKilolitresPerArea"]

{"sheet":"Initiative to improve resource","index":41,"n_rows":12,"n_cols":31,"rows_kept":12,"cut":false,"hidden":false,"merged":[[7,3,7,7],[10,3,10,7],[5,26,5,30]]}
[null,null,null,null,null,null,null,null,0]
[null,null,null,null,"InitiativeUndertaken","WebLinkForDetailsOfInitiativeTakenByEntity","OutcomeOfTheInitiative","CorrectiveActionTakenForInitiative"]
[]
[]
[]
[null,null,null,null,null,null,null,null,null,null,null,null,null,null,null,null,null,null,null,null,null,null,null,null,null,null,"Taxonomy"]
[null,null,null,null,null,null,null,"Back"]
[null,null,null,"If the entity has undertaken any specific initiatives or used innovative technology or solutions to improve resource efficiency, or reduce impact due to emissions / effluent discharge / waste generated, please provide details of the same as well as outcome of such initiatives",null,null,null,null,null,null,null,null,null,null,null,null,null,null,null,null,null,null,null,null,null,null,"Element Name","Lable Name","Type","I/D","Validation"]
[null,null,null,"Sr. No.","Initiative undertaken","Details of the initiative (Web-link, if any, may be provided along-with summary)","Outcome of the initiative","Corrective action taken, if any",null,null,null,null,null,null,null,null,null,null,null,null,null,null,null,null,null,null,"Initiativeundertaken","Initiative undertaken",null,null,"This is a mandatory field"]
[null,null,null,null,null,null,null,null,null,null,null,null,null,null,null,null,null,null,null,null,null,null,null,null,null,null,"Detailsoftheinitiative(Web-link,if\r\nany,maybeprovidedalong-withsummary)","Details of the initiative (Web-link, if\nany, may be provided along-with summary)",null,null,"This is a mandatory field"]
[null,null,null,null,null,null,null,null,null,null,null,null,null,null,null,null,null,null,null,null,null,null,null,null,null,null,"Outcomeoftheinitiative","Outcome of the initiative",null,null,"This is a mandatory field"]
[null,null,null,null,null,null,null,null,null,null,null,null,null,null,null,null,null,null,null,null,null,null,null,null,null,null,"Correctiveactiontaken,ifany","Corrective action taken, if any",null,null,"This is a mandatory field"]

{"sheet":"PRINCIPLE 7","index":42,"n_rows":26,"n_cols":33,"rows_kept":26,"cut":false,"hidden":false,"merged":[[25,3,25,5],[24,3,24,5],[5,26,5,30],[7,3,7,6],[8,3,8,6],[22,3,22,5],[23,3,23,6],[9,3,9,5],[10,3,10,5]]}
[null,null,null,null,null,null,null,null,null,null,null,null,null,null,null,null,"State"]
[null,null,null,null,null,null,null,null,null,null,null,null,null,null,null,null,"National"]
[null,null,null,null,null,null,null,null,null,null,null,null,null,null,null,null,"International"]
[]
[]
[null,null,null,null,null,null,null,null,null,null,null,null,null,null,null,null,null,null,null,null,null,null,null,null,null,null,"Taxonomy"]
[]
[null,null,null,"PRINCIPLE 7 Businesses, when engaging in influencing public and regulatory policy, should do so in a manner that is responsible and transparent",null,null,null,null,null,null,null,null,null,null,null,null,null,null,null,null,null,null,null,null,null,null,"Element Name","Label name","type","I/D","validations"]
[null,null,null,"Essential Indicators"]
[null,null,null,"1. a. Number of affiliations with trade and industry chambers/ associations.",null,null,null,null,null,null,null,null,null,null,null,null,null,null,null,null,null,null,null,null,null,null,"1.a.Numberofaffiliationswithtradeandindustrychambers/associations.","1. a. Number of affiliations with trade and industry chambers/ associations.",null,null,"This is a mandatory field","NumberOfAffiliationsWithTradeAndIndustryChambersOrAssociations","ReachOfTradeAndIndustryChambersOrAssociations"]
[null,null,null,"b. List the top 10 trade and industry chambers/ associations (determined based on the total members of such body) the entity is a member of/ affiliated to"]
[null,null,null,"Sr. No.","Name of the trade and industry chambers/ associations","Reach of trade and industry chambers/ associations (State/National/International)",null,null,null,null,null,null,null,null,null,null,null,null,null,null,null,null,null,null,null,null,"Nameofthetradeandindustrychambers/associations","Name of the trade and industry chambers/ associations",null,null,"This is a mandatory field","NameOfTheTradeAndIndustryChambersOrAssociations","ReachOfTradeAndIndustryChambersOrAssociations"]
[null,null,null,1,null,null,null,null,null,null,null,null,null,null,null,null,null,null,null,null,null,null,null,null,null,null,"Reachoftradeandindustrychambers/associations\r\n(State/National)","Reach of trade and industry chambers/ associations\n(State/National)",null,null,"This is a mandatory field","IndustryChambersOrAssociations1Member","IndustryChambersOrAssociations1Member"]
[null,null,null,2,null,null,null,null,null,null,null,null,null,null,null,null,null,null,null,null,null,null,null,null,null,null,null,null,null,null,null,"IndustryChambersOrAssociations2Member","IndustryChambersOrAssociations2Member"]
[null,null,null,3,null,null,null,null,null,null,null,null,null,null,null,null,null,null,null,null,null,null,null,null,null,null,null,null,null,null,null,"IndustryChambersOrAssociations3Member","IndustryChambersOrAssociations3Member"]
[null,null,null,4,null,null,null,null,null,null,null,null,null,null,null,null,null,null,null,null,null,null,null,null,null,null,null,null,null,null,null,"IndustryChambersOrAssociations4Member","IndustryChambersOrAssociations4Member"]
[null,null,null,5,null,null,null,null,null,null,null,null,null,null,null,null,null,null,null,null,null,null,null,null,null,null,null,null,null,null,null,"IndustryChambersOrAssociations5Member","IndustryChambersOrAssociations5Member"]
[null,null,null,6,null,null,null,null,null,null,null,null,null,null,null,null,null,null,null,null,null,null,null,null,null,null,null,null,null,null,null,"IndustryChambersOrAssociations6Member","IndustryChambersOrAssociations6Member"]
[null,null,null,7,null,null,null,null,null,null,null,null,null,null,null,null,null,null,null,null,null,null,null,null,null,null,null,null,null,null,null,"IndustryChambersOrAssociations7Member","IndustryChambersOrAssociations7Member"]
[null,null,null,8,null,null,null,null,null,null,null,null,null,null,null,null,null,null,null,null,null,null,null,null,null,null,null,null,null,null,null,"IndustryChambersOrAssociations8Member","IndustryChambersOrAssociations8Member"]
[null,null,null,9,null,null,null,null,null,null,null,null,null,null,null,null,null,null,null,null,null,null,null,null,null,null,null,null,null,null,null,"IndustryChambersOrAssociations9Member","IndustryChambersOrAssociations9Member"]
[null,null,null,10,null,null,null,null,null,null,null,null,null,null,null,null,null,null,null,null,null,null,null,null,null,null,null,null,null,null,null,"IndustryChambersOrAssociations10Member","IndustryChambersOrAssociations10Member"]
[null,null,null,"2. Provide details of corrective action taken or underway on any issues related to anti- competitive conduct by the entity, based on adverse orders from regulatory authorities.",null,null,"Add details"]
[null,null,null,"Leadership Indicators"]
[null,null,null,"1. Details of public policy positions advocated by the entity:",null,null,"Add details"]
[null,null,null,"Notes",null,null,null,null,null,null,null,null,null,null,null,null,null,null,null,null,null,null,null,null,null,null,"NotesPrinciple7ExplanatoryTextBlock"]

{"sheet":"Action taken on issue","index":43,"n_rows":11,"n_cols":34,"rows_kept":11,"cut":false,"hidden":false,"merged":[[7,3,7,6],[10,3,10,6],[5,26,5,30]]}
[null,null,null,null,null,null,null,null,0]
[]
[]
[]
[]
[null,null,null,null,null,null,null,null,null,null,null,null,null,null,null,null,null,null,null,null,null,null,null,null,null,null,"Taxonomy"]
[null,null,null,null,null,null,"Back"]
[null,null,null,"Provide details of corrective action taken or underway on any issues related to anti- competitive conduct by the entity, based on adverse orders from regulatory authorities.",null,null,null,null,null,null,null,null,null,null,null,null,null,null,null,null,null,null,null,null,null,null,"Element Name","Lable Name","Type","I/D","Validation"]
[null,null,null,"Sr. No.","Name of authority","Brief of the case","Corrective action taken",null,null,null,null,null,null,null,null,null,null,null,null,null,null,null,null,null,null,null,"Nameofauthority","Name of authority",null,null,"This is a mandatory field","NameOfAuthority","BriefOfAnyIssuesRelatedToAntiCompetitiveConductByTheEntity","CorrectiveActionTakenForAnyIssuesRelatedToAntiCompetitiveConductByTheEntity"]
[null,null,null,null,null,null,null,null,null,null,null,null,null,null,null,null,null,null,null,null,null,null,null,null,null,null,"Briefofthecase","Brief of the case",null,null,"This is a mandatory field"]
[null,null,null,null,null,null,null,null,null,null,null,null,null,null,null,null,null,null,null,null,null,null,null,null,null,null,"Correctiveactiontaken","Corrective action taken",null,null,"This is a mandatory field"]

{"sheet":"Public policy advocates","index":44,"n_rows":12,"n_cols":36,"rows_kept":12,"cut":false,"hidden":false,"merged":[[6,3,6,8],[9,3,9,8],[4,26,4,30]]}
[null,null,null,null,null,null,null,null,0,null,null,null,null,null,null,null,"Yes","E mail","Annually"]
[null,null,null,null,null,null,null,null,null,null,null,null,null,null,null,null,"No","SMS","Half yearly"]
[null,null,null,null,null,null,null,null,null,null,null,null,null,null,null,null,null,"Newspaper","Quarterly"]
[null,null,null,null,null,null,null,null,null,null,null,null,null,null,null,null,null,"Pamphlets","Others – please specify"]
[null,null,null,null,null,null,null,null,null,null,null,null,null,null,null,null,null,"Advertisement",null,null,null,null,null,null,null,null,"Taxonomy"]
[null,null,null,null,null,null,null,null,"Back",null,null,null,null,null,null,null,null,"Community Meetings"]
[null,null,null,"Details of public policy positions advocated by the entity",null,null,null,null,null,null,null,null,null,null,null,null,null,"Notice Board",null,null,null,null,null,null,null,null,"Element Name","Lable Name","Type","I/D","Validation"]
[null,null,null,"Sr. no.","Public policy advocated","Method resorted for such advocacy","Whether information available in public domain? (Yes/No)","Frequency of Review by Board","Web Link,if available",null,null,null,null,null,null,null,null,"Website",null,null,null,null,null,null,null,null,"Publicpolicyadvocated","Public policy advocated",null,null,"This is a mandatory field","PublicPolicyAdvocated","MethodResortedForSuchAdvocacy","WhetherInformationAvailableInPublicDomain","FrequencyOfReviewByBoard","WebLinkPublicPolicyPositionAdvocated"]
[null,null,null,null,null,null,null,null,null,null,null,null,null,null,null,null,null,"Other",null,null,null,null,null,null,null,null,"Methodresortedforsuchadvocacy","Method resorted for such advocacy",null,null,"This is a mandatory field"]
[null,null,null,null,null,null,null,null,null,null,null,null,null,null,null,null,null,null,null,null,null,null,null,null,null,null,"Whetherinformationavailableinpublicdomain?(Yes/No)","Whether information available in public domain? (Yes/No)",null,null,"This is a mandatory field"]
[null,null,null,null,null,null,null,null,null,null,null,null,null,null,null,null,null,null,null,null,null,null,null,null,null,null,"FrequencyofReviewbyBoard","Frequency of Review by Board",null,null,"This is a mandatory field"]
[null,null,null,null,null,null,null,null,null,null,null,null,null,null,null,null,null,null,null,null,null,null,null,null,null,null,"WebLink,ifavailable","Web Link,if available",null,null,"This is a mandatory field"]

{"sheet":"PRINCIPLE 8","index":45,"n_rows":43,"n_cols":33,"rows_kept":43,"cut":false,"hidden":false,"merged":[[7,3,7,5],[8,3,8,5],[33,3,33,5],[5,26,5,30],[15,3,15,5],[17,4,17,5],[21,4,21,5],[25,4,25,5],[29,4,29,5]]}
[null,null,null,null,null,null,null,null,null,null,null,null,null,"Yes","No","NA"]
[]
[]
[]
[]
[null,null,null,null,null,null,null,null,null,null,null,null,null,null,null,null,null,null,null,null,null,null,null,null,null,null,"Taxonomy"]
[]
[null,null,null,"PRINCIPLE 8 Businesses should promote inclusive growth and equitable development",null,null,null,null,null,null,null,null,null,null,null,null,null,null,null,null,null,null,null,null,null,null,"Element Name","Label name","type","I/D","validations"]
[null,null,null,"Essential Indicators"]
[null,null,null,"1. Details of Social Impact Assessments (SIA) of projects undertaken by the entity based on applicable laws, in the current financial year.","Add Details"]
[null,null,null,"2. Provide information on project(s) for which ongoing Rehabilitation and Resettlement (R&R) is being undertaken by your entity, in the following format:","Add Details"]
[null,null,null,"3. Describe the mechanisms to receive and redress grievances of the community.",null,null,null,null,null,null,null,null,null,null,null,null,null,null,null,null,null,null,null,null,null,null,"3.Describethemechanismstoreceiveandredressgrievancesofthecommunity.","3. Describe the mechanisms to receive and redress grievances of the community.",null,null,"This is a mandatory field","DescribeTheMechanismsToReceiveAndRedressGrievancesOfTheCommunityExplanatoryTextBlock"]
[null,null,null,"4. Percentage of input material (inputs to total inputs by value) sourced from suppliers:",{"$f":"\"FY (\"&RIGHT('General Disclosures'!F19,4)&\"-\"&RIGHT('General Disclosures'!H19,2)&\")\"","v":"FY (-)"},{"$f":"\"PY (\"&RIGHT('General Disclosures'!F20,4)&\"-\"&RIGHT('General Disclosures'!H20,2)&\")\"","v":"PY (-)"}]
[null,null,null,"Directly sourced from MSMEs/ small producers",null,null,null,null,null,null,null,null,null,null,null,null,null,null,null,null,null,null,null,null,null,null,"DirectlysourcedfromMSMEs/smallproducers","Directly sourced from MSMEs/ small producers",null,null,"This is a mandatory field","PercentageOfDirectlySourcedFromMSMEsOrSmallProducers","PercentageOfDirectlySourcedFromMSMEsOrSmallProducers"]
[null,null,null,"Sourced directly from within the district and neighbouring districts",null,null,null,null,null,null,null,null,null,null,null,null,null,null,null,null,null,null,null,null,null,null,"Sourceddirectlyfromwithinthedistrictandneighbouringdistricts","Sourced directly from within the district and neighbouring districts",null,null,"This is a mandatory field","PercentageOfSourcedDirectlyFromWithinTheDistrictAndNeighbouringDistricts","PercentageOfSourcedDirectlyFromWithinTheDistrictAndNeighbouringDistricts"]
[null,null,null,"5. Job creation in smaller towns - Disclose wages paid to persons employed (including employees or workers employed on a permanent or non-permanent / on contract basis) in the following locations, as % of total wage cost:"]
[null,null,null,null,{"$f":"\"FY (\"&RIGHT('General Disclosures'!F19,4)&\"-\"&RIGHT('General Disclosures'!H19,2)&\")\"","v":"FY (-)"},{"$f":"\"PY (\"&RIGHT('General Disclosures'!F20,4)&\"-\"&RIGHT('General Disclosures'!H20,2)&\")\"","v":"PY (-)"}]
[null,null,null,"1. Rural"]
[null,null,null,"i) Disclose wages paid to persons employed (including employees or workers employed on a permanent or non-permanent / on contract basis)",null,null,null,null,null,null,null,null,null,null,null,null,null,null,null,null,null,null,null,null,null,null,null,null,null,"RuralMember",null,"DiscloseWagesPaidToPersonsEmployed"]
[null,null,null,"ii) Total Wage Cost",null,null,null,null,null,null,null,null,null,null,null,null,null,null,null,null,null,null,null,null,null,null,null,null,null,"RuralMember",null,"TotalWageCost"]
[null,null,null,"iii) % of Job creation in Rural areas",{"$f":"IFERROR(ROUND(E19/E20,4),\"\")","v":""},{"$f":"IFERROR(ROUND(F19/F20,4),\"\")","v":""},null,null,null,null,null,null,null,null,null,null,null,null,null,null,null,null,null,null,null,null,null,null,null,"RuralMember",null,"PercentageOfJobCreation"]
[null,null,null,"2. Semi-urban"]
[null,null,null,"i) Disclose wages paid to persons employed (including employees or workers employed on a permanent or non-permanent / on contract basis)",null,null,null,null,null,null,null,null,null,null,null,null,null,null,null,null,null,null,null,null,null,null,null,null,null,"SemiUrbanMember",null,"DiscloseWagesPaidToPersonsEmployed"]
[null,null,null,"ii) Total Wage Cost",null,null,null,null,null,null,null,null,null,null,null,null,null,null,null,null,null,null,null,null,null,null,null,null,null,"SemiUrbanMember",null,"TotalWageCost"]
[null,null,null,"iii) % of Job creation in Semi-Urban areas",{"$f":"IFERROR(ROUND(E23/E24,4),\"\")","v":""},{"$f":"IFERROR(ROUND(F23/F24,4),\"\")","v":""},null,null,null,null,null,null,null,null,null,null,null,null,null,null,null,null,null,null,null,null,null,null,null,"SemiUrbanMember",null,"PercentageOfJobCreation"]
[null,null,null,"3. Urban"]
[null,null,null,"i) Disclose wages paid to persons employed (including employees or workers employed on a permanent or non-permanent / on contract basis)",null,null,null,null,null,null,null,null,null,null,null,null,null,null,null,null,null,null,null,null,null,null,null,null,null,"UrbanMember",null,"DiscloseWagesPaidToPersonsEmployed"]
[null,null,null,"ii) Total Wage Cost",null,null,null,null,null,null,null,null,null,null,null,null,null,null,null,null,null,null,null,null,null,null,null,null,null,"UrbanMember",null,"TotalWageCost"]
[null,null,null,"iii) % of Job creation in Urban areas",{"$f":"IFERROR(ROUND(E27/E28,4),\"\")","v":""},{"$f":"IFERROR(ROUND(F27/F28,4),\"\")","v":""},null,null,null,null,null,null,null,null,null,null,null,null,null,null,null,null,null,null,null,null,null,null,null,"UrbanMember",null,"PercentageOfJobCreation"]
[null,null,null,"4. Metropolitan"]
[null,null,null,"i) Disclose wages paid to persons employed (including employees or workers employed on a permanent or non-permanent / on contract basis)",null,null,null,null,null,null,null,null,null,null,null,null,null,null,null,null,null,null,null,null,null,null,null,null,null,"MetropolitanMember",null,"DiscloseWagesPaidToPersonsEmployed"]
[null,null,null,"ii) Total Wage Cost",null,null,null,null,null,null,null,null,null,null,null,null,null,null,null,null,null,null,null,null,null,null,null,null,null,"MetropolitanMember",null,"TotalWageCost"]
[null,null,null,"iii) % of of Job creation in Metropolitan area",{"$f":"IFERROR(ROUND(E31/E32,4),\"\")","v":""},{"$f":"IFERROR(ROUND(F31/F32,4),\"\")","v":""},null,null,null,null,null,null,null,null,null,null,null,null,null,null,null,null,null,null,null,null,null,null,null,"MetropolitanMember",null,"PercentageOfJobCreation"]
[null,null,null,"Leadership Indicators"]
[null,null,null,"1. Provide details of actions taken to mitigate any negative social impacts identified in the Social Impact Assessments (Reference: Question 1 of Essential Indicators above):","Add Details"]
[null,null,null,"2. Provide the following information on CSR projects undertaken by your entity in designated aspirational districts as identified by government bodies:","Add Details"]
[null,null,null,"3. (a) Do you have a preferential procurement policy where you give preference to purchase from suppliers comprising marginalized /vulnerable groups? (Yes/No/NA)",null,null,null,null,null,null,null,null,null,null,null,null,null,null,null,null,null,null,null,null,null,null,"3.(a)Doyouhaveapreferentialprocurementpolicywhereyougivepreferencetopurchasefromsupplierscomprisingmarginalized/vulnerablegroups?(Yes/No)","TheEntityHasNotApplicableAPreferentialProcurementPolicyExplanatoryTextBlock",null,null,"This is a mandatory field","DoYouHaveAPreferentialProcurementPolicyWhereYouGivePreferenceToPurchaseFromSuppliersComprisingMarginalizedOrVulnerableGroups"]
[null,null,null,"(b) From which marginalized /vulnerable groups do you procure?",null,null,null,null,null,null,null,null,null,null,null,null,null,null,null,null,null,null,null,null,null,null,"(b)Fromwhichmarginalized/vulnerablegroupsdoyouprocure?","(b) From which marginalized /vulnerable groups do you procure?",null,null,"This is a mandatory field","FromWhichMarginalizedOrVulnerableGroupsDoYouProcure"]
[null,null,null,"(c) What percentage of total procurement (by value) does it constitute?",null,null,null,null,null,null,null,null,null,null,null,null,null,null,null,null,null,null,null,null,null,null,"(c)Whatpercentageoftotalprocurement(byvalue)doesitconstitute?","(c) What percentage of total procurement (by value) does it constitute?",null,null,"This is a mandatory field","WhatPercentageOfTotalProcurementByValueDoesItConstitute"]
[null,null,null,"4. Details of the benefits derived and shared from the intellectual properties owned or acquired by your entity (in the current financial year), based on traditional knowledge:","Add Details"]
[null,null,null,"5. Details of corrective actions taken or underway, based on any adverse order in intellectual property related disputes wherein usage of traditional knowledge is involved.","Add Details"]
[null,null,null,"6. Details of beneficiaries of CSR Projects:","Add Details"]
[null,null,null,"Notes",null,null,null,null,null,null,null,null,null,null,null,null,null,null,null,null,null,null,null,null,null,null,"NotesPrinciple8ExplanatoryTextBlock"]

{"sheet":"Details of SIA","index":46,"n_rows":14,"n_cols":37,"rows_kept":14,"cut":false,"hidden":false,"merged":[[7,3,7,9],[10,3,10,9],[5,26,5,30]]}
[null,null,null,null,null,null,null,null,0,null,null,null,null,"Yes"]
[null,null,null,null,null,null,null,null,null,null,null,null,null,"No"]
[]
[]
[]
[null,null,null,null,null,null,null,null,null,null,null,null,null,null,null,null,null,null,null,null,null,null,null,null,null,null,"Taxonomy"]
[null,null,null,null,null,null,null,null,null,"Back"]
[null,null,null,"Details of Social Impact Assessments (SIA) of projects undertaken by the entity based on applicable laws, in the current financial year.",null,null,null,null,null,null,null,null,null,null,null,null,null,null,null,null,null,null,null,null,null,null,"Element Name","Lable Name","Type","I/D","Validation"]
[null,null,null,"Sr. No.","Name and brief details of project","SIA Notification No.","Date of notification","Whether conducted by independent external agency","Results communicated in public domain","Relevant Web link",null,null,null,null,null,null,null,null,null,null,null,null,null,null,null,null,"Nameandbriefdetailsofproject","Name and brief details of project",null,null,"This is a mandatory field","NameAndBriefDetailsOfProjectSIA","SIANotificationNumber","DateOfNotification","WhetherConductedByIndependentExternalAgencyForSIA","ResultsCommunicatedInPublicDomainOfSIA","WebLinkOfSIAOfProjects"]
[null,null,null,null,null,null,null,null,null,null,null,null,null,null,null,null,null,null,null,null,null,null,null,null,null,null,"SIANotificationNo.","SIA Notification No.",null,null,"This is a mandatory field"]
[null,null,null,null,null,null,null,null,null,null,null,null,null,null,null,null,null,null,null,null,null,null,null,null,null,null,"Dateofnotification","Date of notification",null,null,"This is a mandatory field"]
[null,null,null,null,null,null,null,null,null,null,null,null,null,null,null,null,null,null,null,null,null,null,null,null,null,null,"Whetherconductedbyindependentexternalagency","Whether conducted by independent external agency",null,null,"This is a mandatory field"]
[null,null,null,null,null,null,null,null,null,null,null,null,null,null,null,null,null,null,null,null,null,null,null,null,null,null,"Resultscommunicatedinpublicdomain","Results communicated in public domain",null,null,"This is a mandatory field"]
[null,null,null,null,null,null,null,null,null,null,null,null,null,null,null,null,null,null,null,null,null,null,null,null,null,null,"RelevantWeblink","Relevant Web link",null,null,"This is a mandatory field"]

{"sheet":"Project for rehabilitation","index":47,"n_rows":14,"n_cols":37,"rows_kept":14,"cut":false,"hidden":false,"merged":[[7,3,7,9],[10,3,10,9],[5,26,5,30]]}
[null,null,null,null,null,null,null,null,0,null,null,null,null,"Yes"]
[null,null,null,null,null,null,null,null,null,null,null,null,null,"No"]
[]
[]
[]
[null,null,null,null,null,null,null,null,null,null,null,null,null,null,null,null,null,null,null,null,null,null,null,null,null,null,"Taxonomy"]
[null,null,null,null,null,null,null,null,null,"Back"]
[null,null,null,"Provide information on project(s) for which ongoing Rehabilitation and Resettlement (R&R) is being undertaken by your entity, in the following format",null,null,null,null,null,null,null,null,null,null,null,null,null,null,null,null,null,null,null,null,null,null,"Element Name","Lable Name","Type","I/D","Validation"]
[null,null,null,"Sr.\nNo.","Name of Project for which R&R is ongoing","State","District","No. of Project Affected Families (PAFs)","% of PAFs covered by R&R","Amounts paid to PAFs in the FY (In INR)",null,null,null,null,null,null,null,null,null,null,null,null,null,null,null,null,"NameofProjectforwhichR&Risongoing","Name of Project for which R&R is ongoing",null,null,"This is a mandatory field","NameOfProjectForWhichRehabilitationAndResettlementIsOnGoing","StateOfProject","DistrictOfProject","NumberOfProjectAffectedFamilies","PercentageOfPAFsCoveredByRehabilitationAndResettlement","AmountsPaidToPAFs"]
[null,null,null,null,null,null,null,null,null,null,null,null,null,null,null,null,null,null,null,null,null,null,null,null,null,null,"State","State",null,null,"This is a mandatory field"]
[null,null,null,null,null,null,null,null,null,null,null,null,null,null,null,null,null,null,null,null,null,null,null,null,null,null,"District","District",null,null,"This is a mandatory field"]
[null,null,null,null,null,null,null,null,null,null,null,null,null,null,null,null,null,null,null,null,null,null,null,null,null,null,"No.ofProjectAffectedFamilies(PAFs)","No. of Project Affected Families (PAFs)",null,null,"This is a mandatory field"]
[null,null,null,null,null,null,null,null,null,null,null,null,null,null,null,null,null,null,null,null,null,null,null,null,null,null,"%ofPAFscoveredbyR&R","% of PAFs covered by R&R",null,null,"This is a mandatory field"]
[null,null,null,null,null,null,null,null,null,null,null,null,null,null,null,null,null,null,null,null,null,null,null,null,null,null,"AmountspaidtoPAFsintheFY(InINR)","Amounts paid to PAFs in the FY (In INR)",null,null,"This is a mandatory field"]

{"sheet":"Action to mitigate negative SIA","index":48,"n_rows":10,"n_cols":33,"rows_kept":10,"cut":false,"hidden":false,"merged":[[7,3,7,5],[10,3,10,5],[5,26,5,30]]}
[null,null,null,null,null,null,null,null,0]
[]
[]
[]
[]
[null,null,null,null,null,null,null,null,null,null,null,null,null,null,null,null,null,null,null,null,null,null,null,null,null,null,"Taxonomy"]
[null,null,null,null,null,"Back"]
[null,null,null,"Provide details of actions taken to mitigate any negative social impacts identified in the Social Impact Assessments",null,null,null,null,null,null,null,null,null,null,null,null,null,null,null,null,null,null,null,null,null,null,"Element Name","Lable Name","Type","I/D","Validation"]
[null,null,null,"Sr. No.","Details of negative social impact identified","Corrective action taken",null,null,null,null,null,null,null,null,null,null,null,null,null,null,null,null,null,null,null,null,"Detailsofnegativesocialimpactidentified","Details of negative social impact identified",null,null,"This is a mandatory field","DetailsOfNegativeSocialImpactIdentified","CorrectiveActionTakenForNegativeSocialImpactIdentified"]
[null,null,null,null,null,null,null,null,null,null,null,null,null,null,null,null,null,null,null,null,null,null,null,null,null,null,"Correctiveactiontaken","Corrective action taken",null,null,"This is a mandatory field"]

{"sheet":"CSR in aspirational districts","index":49,"n_rows":11,"n_cols":34,"rows_kept":11,"cut":false,"hidden":false,"merged":[[7,3,7,6],[10,3,10,6],[5,26,5,30]]}
[null,null,null,null,null,null,null,null,0,null,"Yes"]
[null,null,null,null,null,null,null,null,null,null,"No"]
[]
[]
[]
[null,null,null,null,null,null,null,null,null,null,null,null,null,null,null,null,null,null,null,null,null,null,null,null,null,null,"Taxonomy"]
[null,null,null,null,null,null,"Back"]
[null,null,null,"Provide the following information on CSR projects undertaken by your entity in designated aspirational districts as identified by government bodies",null,null,null,null,null,null,null,null,null,null,null,null,null,null,null,null,null,null,null,null,null,null,"Element Name","Lable Name","Type","I/D","Validation"]
[null,null,null,"Sr.No.","State","Aspirational District","Amount spent (In INR)",null,null,null,null,null,null,null,null,null,null,null,null,null,null,null,null,null,null,null,"State","State",null,null,"This is a mandatory field","StateOfCSRProjectsUndertaken","AspirationalDistrictOfCSRProjectsUndertaken","AmountSpentForCSRProjectsUndertaken"]
[null,null,null,null,null,null,null,null,null,null,null,null,null,null,null,null,null,null,null,null,null,null,null,null,null,null,"AspirationalDistrict","Aspirational District",null,null,"This is a mandatory field"]
[null,null,null,null,null,null,null,null,null,null,null,null,null,null,null,null,null,null,null,null,null,null,null,null,null,null,"Amountspent(InINR)","Amount spent (In INR)",null,null,"This is a mandatory field"]

{"sheet":"Details of the benefits from IP","index":50,"n_rows":12,"n_cols":35,"rows_kept":12,"cut":false,"hidden":false,"merged":[[7,3,7,7],[10,3,10,7],[5,26,5,30]]}
[null,null,null,null,null,null,null,null,0,null,null,"Yes"]
[null,null,null,null,null,null,null,null,null,null,null,"No"]
[]
[]
[]
[null,null,null,null,null,null,null,null,null,null,null,null,null,null,null,null,null,null,null,null,null,null,null,null,null,null,"Taxonomy"]
[null,null,null,null,null,null,null,"Back"]
[null,null,null,"Details of the benefits derived and shared from the intellectual properties owned or acquired by your entity (in the current financial year), based on traditional knowledge",null,null,null,null,null,null,null,null,null,null,null,null,null,null,null,null,null,null,null,null,null,null,"Element Name","Lable Name","Type","I/D","Validation"]
[null,null,null,"Sr.No.","Intellectual Property based on traditional knowledge","Owned/ Acquired (Yes/No)","Benefit shared (Yes / No)","Basis of calculating benefit share",null,null,null,null,null,null,null,null,null,null,null,null,null,null,null,null,null,null,"IntellectualPropertybasedontraditionalknowledge","Intellectual Property based on traditional knowledge",null,null,"This is a mandatory field","IntellectualPropertyBasedOnTraditionalKnowledge","OwnedOrAcquired","BenefitShared","BasisOfCalculatingBenefitShare"]
[null,null,null,null,null,null,null,null,null,null,null,null,null,null,null,null,null,null,null,null,null,null,null,null,null,null,"Owned/Acquired(Yes/No)","Owned/ Acquired (Yes/No)",null,null,"This is a mandatory field"]
[null,null,null,null,null,null,null,null,null,null,null,null,null,null,null,null,null,null,null,null,null,null,null,null,null,null,"Benefitshared(Yes/No)","Benefit shared (Yes / No)",null,null,"This is a mandatory field"]
[null,null,null,null,null,null,null,null,null,null,null,null,null,null,null,null,null,null,null,null,null,null,null,null,null,null,"Basisofcalculatingbenefitshare","Basis of calculating benefit\nshare",null,null,"This is a mandatory field"]

{"sheet":"Details of Corrective Action IP","index":51,"n_rows":12,"n_cols":34,"rows_kept":12,"cut":false,"hidden":false,"merged":[[7,3,7,6],[10,3,10,6],[5,25,5,29]]}
[null,null,null,null,null,null,null,0,0,null,"Yes"]
[null,null,null,null,null,null,null,null,null,null,"No"]
[]
[]
[]
[null,null,null,null,null,null,null,null,null,null,null,null,null,null,null,null,null,null,null,null,null,null,null,null,null,"Taxonomy"]
[null,null,null,null,null,null,"Back"]
[null,null,null,"Details of corrective actions taken or underway, based on any adverse order in intellectual property related disputes wherein usage of traditional knowledge is involved.",null,null,null,null,null,null,null,null,null,null,null,null,null,null,null,null,null,null,null,null,null,"Element Name","Lable Name","Type","I/D","Validation"]
[null,null,null,"Sr.No.","Name of authority","Brief of the Case","Corrective action taken",null,null,null,null,null,null,null,null,null,null,null,null,null,null,null,null,null,null,"IntellectualPropertybasedontraditionalknowledge","Intellectual Property based on traditional knowledge",null,null,"This is a mandatory field",null,"NameOfAuthorityForIntellectualPropertyRelatedDisputes","BriefOfTheCaseForIntellectualPropertyRelatedDisputes","CorrectiveActionTakenForIntellectualPropertyRelatedDisputes"]
[null,null,null,null,null,null,null,null,null,null,null,null,null,null,null,null,null,null,null,null,null,null,null,null,null,"Owned/Acquired(Yes/No)","Owned/ Acquired (Yes/No)",null,null,"This is a mandatory field"]
[null,null,null,null,null,null,null,null,null,null,null,null,null,null,null,null,null,null,null,null,null,null,null,null,null,"Benefitshared(Yes/No)","Benefit shared (Yes / No)",null,null,"This is a mandatory field"]
[null,null,null,null,null,null,null,null,null,null,null,null,null,null,null,null,null,null,null,null,null,null,null,null,null,"Basisofcalculatingbenefit\r\nshare","Basis of calculating benefit\nshare",null,null,"This is a mandatory field"]

{"sheet":"Details of CSR Project","index":52,"n_rows":11,"n_cols":34,"rows_kept":11,"cut":false,"hidden":false,"merged":[[7,3,7,6],[10,3,10,6],[5,26,5,30]]}
[null,null,null,null,null,null,null,null,0,null,"Yes"]
[null,null,null,null,null,null,null,null,null,null,"No"]
[]
[]
[]
[null,null,null,null,null,null,null,null,null,null,null,null,null,null,null,null,null,null,null,null,null,null,null,null,null,null,"Taxonomy"]
[null,null,null,null,null,null,"Back"]
[null,null,null,"Details of beneficiaries of CSR Projects",null,null,null,null,null,null,null,null,null,null,null,null,null,null,null,null,null,null,null,null,null,null,"Element Name","Lable Name","Type","I/D","Validation"]
[null,null,null,"Sr.No.","CSR Project","No. of persons benefitted from CSR Projects","% of beneficiaries from vulnerable and marginalized groups",null,null,null,null,null,null,null,null,null,null,null,null,null,null,null,null,null,null,null,"CSRProject","CSR Project",null,null,"This is a mandatory field","CSRProject","NumberOfPersonsBenefittedFromCSRProjects","PercentageOfBeneficiariesFromVulnerableAndMarginalizedGroups"]
[null,null,null,null,null,null,null,null,null,null,null,null,null,null,null,null,null,null,null,null,null,null,null,null,null,null,"No.ofpersonsbenefittedfromCSRProjects","No. of persons benefitted from CSR Projects",null,null,"This is a mandatory field"]
[null,null,null,null,null,null,null,null,null,null,null,null,null,null,null,null,null,null,null,null,null,null,null,null,null,null,"%ofbeneficiariesfromvulnerableandmarginalizedgroups","% of beneficiaries from vulnerable and marginalized groups",null,null,"This is a mandatory field"]

{"sheet":"PRINCIPLE  9 ","index":53,"n_rows":41,"n_cols":37,"rows_kept":41,"cut":false,"hidden":false,"merged":[[30,3,30,4],[32,3,32,4],[29,3,29,5],[40,3,40,4],[5,26,5,30],[7,3,7,9],[8,3,8,9],[14,4,14,5],[14,6,15,6],[14,7,14,8],[14,9,15,9],[33,3,33,9],[34,3,34,4],[35,3,35,4],[36,3,36,4],[31,3,31,4]]}
[null,null,null,null,null,null,null,null,null,null,"Yes","No","NA"]
[]
[]
[]
[]
[null,null,null,null,null,null,null,null,null,null,null,null,null,null,null,null,null,null,null,null,null,null,null,null,null,null,"Taxonomy"]
[]
[null,null,null,"PRINCIPLE 9 Businesses should engage with and provide value to their consumers in a responsible manner",null,null,null,null,null,null,null,null,null,null,null,null,null,null,null,null,null,null,null,null,null,null,"Element Name","Label name","type","I/D","validations"]
[null,null,null,"Essential Indicators"]
[null,null,null,"1. Describe the mechanisms in place to receive and respond to consumer complaints and feedback.",null,null,null,null,null,null,null,null,null,null,null,null,null,null,null,null,null,null,null,null,null,null,"DescribeTheMechanismsInPlaceToReceiveAndRespondToConsumerComplaintsAndFeedbackExplanatoryTextBlock","1. Describe the mechanisms in place to receive and respond to consumer complaints and feedback.",null,null,"This is a mandatory field"]
[null,null,null,"2. Turnover of products and/ services as a percentage of turnover from all products/service that carry information about","As a percentage to total turnover"]
[null,null,null,"Environmental and social parameters relevant to the product",null,null,null,null,null,null,null,null,null,null,null,null,null,null,null,null,null,null,null,null,null,null,"EnvironmentalAndSocialParametersRelevantToTheProductAsAPercentageToTotalTurnover","Environmental and social parameters relevant to the product",null,null,"This is a mandatory field"]
[null,null,null,"Safe and responsible usage",null,null,null,null,null,null,null,null,null,null,null,null,null,null,null,null,null,null,null,null,null,null,"SafeAndResponsibleUsageAsAPercentageToTotalTurnover","Safe and responsible usage",null,null,"This is a mandatory field"]
[null,null,null,"Recycling and/or safe disposal",null,null,null,null,null,null,null,null,null,null,null,null,null,null,null,null,null,null,null,null,null,null,"RecyclingAndOrSafeDisposalAsAPercentageToTotalTurnover","Recycling and/or safe disposal",null,null,"This is a mandatory field"]
[null,null,null,"3. Number of consumer complaints in respect of the following",{"$f":"\"FY (\"&RIGHT('General Disclosures'!F19,4)&\"-\"&RIGHT('General Disclosures'!H19,2)&\")\"","v":"FY (-)"},null,"Remark",{"$f":"\"PY (\"&RIGHT('General Disclosures'!F20,4)&\"-\"&RIGHT('General Disclosures'!H20,2)&\")\"","v":"PY (-)"},null,"Remark"]
[null,null,null,null,"Received during the year","Pending resolution at end of year",null,"Received during the year","Pending resolution at end of year",null,null,null,null,null,null,null,null,null,null,null,null,null,null,null,null,null,"ConsumerComplaintsReceivedDuringTheYear","ConsumerComplaintsPendingResolutionAtEndOfYear","RemarkForConsumerComplaints","ConsumerComplaintsReceivedDuringTheYear","ConsumerComplaintsPendingResolutionAtEndOfYear","RemarkForConsumerComplaints"]
[null,null,null,"Data privacy",null,null,null,null,null,null,null,null,null,null,null,null,null,null,null,null,null,null,null,null,null,null,"Dataprivacy","Data privacy",null,null,"This is a mandatory field","DataPrivacyMember","DataPrivacyMember","DataPrivacyMember","DataPrivacyMember","DataPrivacyMember","DataPrivacyMember"]
[null,null,null,"Advertising",null,null,null,null,null,null,null,null,null,null,null,null,null,null,null,null,null,null,null,null,null,null,"Advertising","Advertising",null,null,"This is a mandatory field","AdvertisingMember","AdvertisingMember","AdvertisingMember","AdvertisingMember","AdvertisingMember","AdvertisingMember"]
[null,null,null,"Cyber-security",null,null,null,null,null,null,null,null,null,null,null,null,null,null,null,null,null,null,null,null,null,null,"Cyber-security","Cyber-security",null,null,"This is a mandatory field","CyberSecurityMember","CyberSecurityMember","CyberSecurityMember","CyberSecurityMember","CyberSecurityMember","CyberSecurityMember"]
[null,null,null,"Delivery of essential services",null,null,null,null,null,null,null,null,null,null,null,null,null,null,null,null,null,null,null,null,null,null,"Deliveryofessentialservices","Delivery of essential services",null,null,"This is a mandatory field","DeliveryOfEssentialServicesMember","DeliveryOfEssentialServicesMember","DeliveryOfEssentialServicesMember","DeliveryOfEssentialServicesMember","DeliveryOfEssentialServicesMember","DeliveryOfEssentialServicesMember"]
[null,null,null,"Restrictive Trade Practices",null,null,null,null,null,null,null,null,null,null,null,null,null,null,null,null,null,null,null,null,null,null,"RestrictiveTradePractices","Restrictive Trade Practices",null,null,"This is a mandatory field","RestrictiveTradePracticesMember","RestrictiveTradePracticesMember","RestrictiveTradePracticesMember","RestrictiveTradePracticesMember","RestrictiveTradePracticesMember","RestrictiveTradePracticesMember"]
[null,null,null,"Unfair Trade Practices",null,null,null,null,null,null,null,null,null,null,null,null,null,null,null,null,null,null,null,null,null,null,"UnfairTradePractices","Unfair Trade Practices",null,null,"This is a mandatory field","UnfairTradePracticesMember","UnfairTradePracticesMember","UnfairTradePracticesMember","UnfairTradePracticesMember","UnfairTradePracticesMember","UnfairTradePracticesMember"]
[null,null,null,"Other",null,null,null,null,null,null,null,null,null,null,null,null,null,null,null,null,null,null,null,null,null,null,"Other","Other",null,null,"This is a mandatory field","OtherMember","OtherMember","OtherMember","OtherMember","OtherMember","OtherMember"]
[null,null,null,"4. Details of instances of product recalls on account of safety issues","Number","Reasons for recall"]
[null,null,null,"Voluntary recalls",null,null,null,null,null,null,null,null,null,null,null,null,null,null,null,null,null,null,null,null,null,null,"Voluntaryrecalls","Voluntary recalls",null,null,"This is a mandatory field","NumberOfVoluntaryRecalls","ReasonsForVoluntaryRecall"]
[null,null,null,"Forced recalls",null,null,null,null,null,null,null,null,null,null,null,null,null,null,null,null,null,null,null,null,null,null,"Forcedrecalls","Forced recalls",null,null,"This is a mandatory field","NumberOfForcedRecalls","ReasonsForForcedRecall"]
[null,null,null,"5. Does the entity have a framework/ policy on cyber security and risks related to data privacy?",null,null,null,null,null,null,null,null,null,null,null,null,null,null,null,null,null,null,null,null,null,null,"5.Doestheentityhaveaframework/policyoncybersecurityandrisksrelatedtodataprivacy?","TheEntityHasNotApplicableAFrameworkOrPolicyOnCyberSecurityAndRisksRelatedToDataPrivacyExplanatoryTextBlock",null,null,"This is a mandatory field","DoesTheEntityHaveAFrameworkOrPolicyOnCyberSecurityAndRisksRelatedToDataPrivacy"]
[null,null,null,"If available, provide a web-link of the policy",null,null,null,null,null,null,null,null,null,null,null,null,null,null,null,null,null,null,null,null,null,null,"Ifavailable,provideaweb-linkofthepolicy","If available, provide a web-link of the policy",null,null,"This is a mandatory field","WebLinkOfThePolicyOnCyberSecurityAndRisksRelatedToDataPrivacy"]
[null,null,null,"6. Provide details of any corrective actions taken or underway on issues relating to advertising, and delivery of essential services; cyber security and data privacy of customers; re-occurrence of instances of product recalls; penalty / action taken by regulatory authorities on safety of products / services.",null,null,null,null,null,null,null,null,null,null,null,null,null,null,null,null,null,null,null,null,null,null,"6.Providedetailsofanycorrectiveactionstakenorunderwayonissuesrelatingtoadvertising,anddeliveryofessentialservices;cybersecurityanddataprivacyofcustomers;re-occurrenceofinstancesofproductrecalls;penalty/actiontakenbyregulatoryauthoritiesonsafetyofproducts/services.","6. Provide details of any corrective actions taken or underway on issues relating to advertising, and delivery of essential services; cyber security and data privacy of customers; re-occurrence of instances of product recalls; penalty / action taken by regulatory authorities on safety of products / services.",null,null,"This is a mandatory field","DetailsOfAnyCorrectiveActionsTakenOrUnderwayOnIssuesRelatingToAdvertisingAndDeliveryOfEssentialServicesOrCyberSecurityAndDataPrivacyOrRecallsOrPenaltyOrActionTakenByRegulatoryAuthoritiesOnSafetyOfProductsOrServicesExplanatoryTextBlock"]
[null,null,null,"7. Provide the following information relating to data breaches:",null,null,null,null,null,null,null,null,null,null,null,null,null,null,null,null,null,null,null,null,null,null,"ProvideInformationRelatingToDataBreachesAbstract"]
[null,null,null,"a. Number of instances of data breaches along-with impact",null,null,null,null,null,null,null,null,null,null,null,null,null,null,null,null,null,null,null,null,null,null,"NumberOfInstancesOfDataBreachesAlongWithImpact","a. Number of instances of data breaches along-with impact",null,null,"This is a mandatory field"]
[null,null,null,"b. Percentage of data breaches involving personally identifiable information of customers",null,null,null,null,null,null,null,null,null,null,null,null,null,null,null,null,null,null,null,null,null,null,"PercentageOfDataBreachesInvolvingPersonallyIdentifiableInformationOfCustomers","b. Percentage of data breaches involving personally identifiable information of customers",null,null,"This is a mandatory field"]
[null,null,null,"c. Impact, if any, of the data breaches",null,null,null,null,null,null,null,null,null,null,null,null,null,null,null,null,null,null,null,null,null,null,"DetailsOfImpactOfDataBreachesExplanatoryTextBlock"]
[null,null,null,"Leadership Indicators"]
[null,null,null,"1. Channels / platforms where information on products and services of the entity can be accessed (provide web link, if available).",null,null,null,null,null,null,null,null,null,null,null,null,null,null,null,null,null,null,null,null,null,null,"WeblinkWhereInformationOnProductsAndServicesOfTheEntityCanBeAccessedExplanatoryTextBlock","1. Channels / platforms where information on products and services of the entity can be accessed (provide web link, if available).",null,null,"This is a mandatory field"]
[null,null,null,"2. Steps taken to inform and educate consumers about safe and responsible usage of products and/or services",null,null,null,null,null,null,null,null,null,null,null,null,null,null,null,null,null,null,null,null,null,null,"StepsTakenToInformAndEducateConsumersAboutSafeAndResponsibleUsageOfProductsAndOrServicesExplanatoryTextBlock","2. Steps taken to inform and educate consumers about safe and responsible usage of products and/or services",null,null,"This is a mandatory field"]
[null,null,null,"3. Mechanisms in place to inform consumers of any risk of disruption/discontinuation of essential services.",null,null,null,null,null,null,null,null,null,null,null,null,null,null,null,null,null,null,null,null,null,null,"MechanismsInPlaceToInformConsumersOfAnyRiskOfDisruptionOrDiscontinuationOfEssentialServicesExplanatoryTextBlock","3. Mechanisms in place to inform consumers of any risk of disruption/discontinuation of essential services.",null,null,"This is a mandatory field"]
[null,null,null,"4. Does the entity display product information on the product over and above what is mandated as per local laws?",null,null,null,null,null,null,null,null,null,null,null,null,null,null,null,null,null,null,null,null,null,null,"DoesTheEntityDisplayProductInformationOnTheProductOverAndAboveWhatIsMandatedAsPerLocalLaws","TheEntityHasNotApplicableProductInformationOnTheProductOverAndAboveWhatIsMandatedAsPerLocalLawsExplanatoryTextBlock",null,null,"This is a mandatory field"]
[null,null,null,"If yes, provide details in brief.",null,null,null,null,null,null,null,null,null,null,null,null,null,null,null,null,null,null,null,null,null,null,"DetailsOfProductInformationOnTheProductOverAndAboveWhatIsMandatedAsPerLocalLawsExplanatoryTextBlock","If yes, provide details in brief.",null,null,"This is a mandatory field"]
[null,null,null,"Did your entity carry out any survey with regard to consumer satisfaction relating to the major products / services of the entity, significant locations of operation of the entity or the entity as a whole?",null,null,null,null,null,null,null,null,null,null,null,null,null,null,null,null,null,null,null,null,null,null,"DidYourEntityCarryOutAnySurveyWithRegardToConsumerSatisfactionRelatingToTheMajorProductsOrServicesOfTheEntitySignificantLocationsOfOperationOfTheEntityOrTheEntityAsAWhole","TheEntityHasNotApplicableCarryOutAnySurveyWithRegardToConsumerSatisfactionRelatingToTheMajorProductsOrServicesExplanatoryTextBlock",null,null,"This is a mandatory field"]
[null,null,null,"Notes",null,null,null,null,null,null,null,null,null,null,null,null,null,null,null,null,null,null,null,null,null,null,"NotesPrinciple9ExplanatoryTextBlock"]

{"sheet":"TextBlock","index":54,"n_rows":0,"n_cols":0,"rows_kept":0,"cut":false,"hidden":true,"merged":[]}